{"id":11963,"date":"2015-02-16T07:58:16","date_gmt":"2015-02-16T06:58:16","guid":{"rendered":"http:\/\/klubmamgdynia.pl\/index.php\/produkt\/kosz-tekstylny-na-zabawki-z-chwostami\/"},"modified":"2026-04-23T23:55:33","modified_gmt":"2026-04-23T21:55:33","slug":"kosz-tekstylny-na-zabawki-z-chwostami","status":"publish","type":"product","link":"http:\/\/klubmamgdynia.pl\/index.php\/produkt\/kosz-tekstylny-na-zabawki-z-chwostami\/","title":{"rendered":"Kosz Tekstylny Na Zabawki Z Chwostami"},"content":{"rendered":"<p>Uroczy kosz z chwostami. Wykonany w 95% z bawe\u0142ny oraz poliestru. Idealny na zabawki.<\/p>\n<h2>Kosz Tekstylny Na Zabawki Z Chwostami <\/h2>\n<p>wzory dyplom\u00f3w do pobrania, zabawy ruchowe dla dzieci, wiosenne zagadki, \u015bwi\u0105teczny film dla dzieci<\/p>\n<p>yyyyy<\/p>\n<p>&nbsp;<\/p>\n","protected":false},"excerpt":{"rendered":"<p>Uroczy kosz z chwostami. Wykonany w 95% z bawe\u0142ny oraz poliestru. Idealny na zabawki. Kosz Tekstylny Na Zabawki Z Chwostami wzory dyplom\u00f3w do pobrania, zabawy ruchowe dla dzieci, wiosenne zagadki, \u015bwi\u0105teczny film dla dzieci yyyyy &nbsp;<\/p>\n","protected":false},"featured_media":11964,"comment_status":"closed","ping_status":"open","template":"","meta":[],"product_cat":[990],"product_tag":[836,819,619,842,653],"class_list":["post-11963","product","type-product","status-publish","has-post-thumbnail","hentry","product_cat-skrzynie-i-pojemniki-na-zabawki","product_tag-co-kupic-dziecku-na-roczek","product_tag-co-kupic-nastolatce-na-swieta","product_tag-iwo-imie","product_tag-plac-zabaw-poznan","product_tag-warszawa-dla-dzieci"],"_links":{"self":[{"href":"http:\/\/klubmamgdynia.pl\/index.php\/wp-json\/wp\/v2\/product\/11963","targetHints":{"allow":["GET"]}}],"collection":[{"href":"http:\/\/klubmamgdynia.pl\/index.php\/wp-json\/wp\/v2\/product"}],"about":[{"href":"http:\/\/klubmamgdynia.pl\/index.php\/wp-json\/wp\/v2\/types\/product"}],"replies":[{"embeddable":true,"href":"http:\/\/klubmamgdynia.pl\/index.php\/wp-json\/wp\/v2\/comments?post=11963"}],"wp:featuredmedia":[{"embeddable":true,"href":"http:\/\/klubmamgdynia.pl\/index.php\/wp-json\/wp\/v2\/media\/11964"}],"wp:attachment":[{"href":"http:\/\/klubmamgdynia.pl\/index.php\/wp-json\/wp\/v2\/media?parent=11963"}],"wp:term":[{"taxonomy":"product_cat","embeddable":true,"href":"http:\/\/klubmamgdynia.pl\/index.php\/wp-json\/wp\/v2\/product_cat?post=11963"},{"taxonomy":"product_tag","embeddable":true,"href":"http:\/\/klubmamgdynia.pl\/index.php\/wp-json\/wp\/v2\/product_tag?post=11963"}],"curies":[{"name":"wp","href":"https:\/\/api.w.org\/{rel}","templated":true}]}}