{"id":11969,"date":"2020-10-12T06:43:20","date_gmt":"2020-10-12T04:43:20","guid":{"rendered":"http:\/\/klubmamgdynia.pl\/index.php\/produkt\/imc-toys-swinka-peppa-plusz-61cm\/"},"modified":"2026-04-23T07:46:34","modified_gmt":"2026-04-23T05:46:34","slug":"imc-toys-swinka-peppa-plusz-61cm","status":"publish","type":"product","link":"http:\/\/klubmamgdynia.pl\/index.php\/produkt\/imc-toys-swinka-peppa-plusz-61cm\/","title":{"rendered":"Imc Toys \u015awinka Peppa Plusz 61Cm"},"content":{"rendered":"<p>\u015awinka Peppa to bohaterka kultowego ju\u017c w\u015br\u00f3d maluch\u00f3w serialu \u015awinka Peppa i przyjaciele. Swoim zwolennik\u00f3w zyska\u0142a sobie dzi\u0119ki przygodom jakie prze\u017cywa razem ze swoimi przyjaci\u00f3\u0142mi i m\u0142odszym bratem Georgem. Maskotki wyprodukowane przez firm\u0119 TM TOYS to wierne odzwierciedlenie bohater\u00f3w tej bajki. Wykonane zosta\u0142y z najwy\u017cszej jako\u015bci materia\u0142u pluszowego, a w \u015brodku uzupe\u0142nione mi\u0119kkim wype\u0142niaczem.<\/p>\n<h2>Imc Toys \u015awinka Peppa Plusz 61Cm IMC Toys<\/h2>\n<p>dzie\u0144 pluszowego misia 2021, postacie z bajek, li\u015bcie jesienne szablon, gad\u017cety dla nastolatka<\/p>\n<p>yyyyy<\/p>\n<p>&nbsp;<\/p>\n","protected":false},"excerpt":{"rendered":"<p>\u015awinka Peppa to bohaterka kultowego ju\u017c w\u015br\u00f3d maluch\u00f3w serialu \u015awinka Peppa i przyjaciele. Swoim zwolennik\u00f3w zyska\u0142a sobie dzi\u0119ki przygodom jakie prze\u017cywa razem ze swoimi przyjaci\u00f3\u0142mi i m\u0142odszym bratem Georgem. Maskotki wyprodukowane przez firm\u0119 TM TOYS to wierne odzwierciedlenie bohater\u00f3w tej bajki. Wykonane zosta\u0142y z najwy\u017cszej jako\u015bci materia\u0142u pluszowego, a w \u015brodku uzupe\u0142nione mi\u0119kkim wype\u0142niaczem. Imc [&hellip;]<\/p>\n","protected":false},"featured_media":11970,"comment_status":"closed","ping_status":"open","template":"","meta":[],"product_cat":[316,42],"product_tag":[702,722,582,589,849,820,805],"class_list":["post-11969","product","type-product","status-publish","has-post-thumbnail","hentry","product_cat-imc-toys","product_cat-maskotki","product_tag-co-kupic-na-roczek-dla-dziewczynki","product_tag-cytaty-o-przyjazni","product_tag-nauka-pisania-literek-do-wydruku-pdf","product_tag-prezent-dla-rocznego-dziecka","product_tag-zagadki-matematyczne-dla-dzieci","product_tag-ziemia-wyspa-zielona-tekst","product_tag-znaczenie-imienia-alan"],"_links":{"self":[{"href":"http:\/\/klubmamgdynia.pl\/index.php\/wp-json\/wp\/v2\/product\/11969","targetHints":{"allow":["GET"]}}],"collection":[{"href":"http:\/\/klubmamgdynia.pl\/index.php\/wp-json\/wp\/v2\/product"}],"about":[{"href":"http:\/\/klubmamgdynia.pl\/index.php\/wp-json\/wp\/v2\/types\/product"}],"replies":[{"embeddable":true,"href":"http:\/\/klubmamgdynia.pl\/index.php\/wp-json\/wp\/v2\/comments?post=11969"}],"wp:featuredmedia":[{"embeddable":true,"href":"http:\/\/klubmamgdynia.pl\/index.php\/wp-json\/wp\/v2\/media\/11970"}],"wp:attachment":[{"href":"http:\/\/klubmamgdynia.pl\/index.php\/wp-json\/wp\/v2\/media?parent=11969"}],"wp:term":[{"taxonomy":"product_cat","embeddable":true,"href":"http:\/\/klubmamgdynia.pl\/index.php\/wp-json\/wp\/v2\/product_cat?post=11969"},{"taxonomy":"product_tag","embeddable":true,"href":"http:\/\/klubmamgdynia.pl\/index.php\/wp-json\/wp\/v2\/product_tag?post=11969"}],"curies":[{"name":"wp","href":"https:\/\/api.w.org\/{rel}","templated":true}]}}