{"id":1198,"date":"2013-10-16T04:46:02","date_gmt":"2013-10-16T02:46:02","guid":{"rendered":"http:\/\/klubmamgdynia.pl\/index.php\/produkt\/zuru-metal-machines-gorilla-rampage-garaz-tor-2-samochody-66257\/"},"modified":"2026-05-02T12:55:54","modified_gmt":"2026-05-02T10:55:54","slug":"zuru-metal-machines-gorilla-rampage-garaz-tor-2-samochody-66257","status":"publish","type":"product","link":"http:\/\/klubmamgdynia.pl\/index.php\/produkt\/zuru-metal-machines-gorilla-rampage-garaz-tor-2-samochody-66257\/","title":{"rendered":"Zuru Metal Machines Gorilla Rampage Gara\u017c Tor + 2 Samochody 66257"},"content":{"rendered":"<p>ZURU Metal Machines TOR GORILLA RAMPAGE 2 AUTKAProducent: ZURUMaraka: METAL MACHINESPrzedzia\u0142 wiekowy: + 4LatP\u0142e\u0107: Ch\u0142opiecWymiary opakowania: 60 x 90 x 13.5 cmDodatkowe informacje: Zmierz si\u0119 z potwornym atakuj\u0105cym gorylemZABAWA: 2-osobowa winda obs\u0142ugiwana r\u0119cznieNIESAMOWITA D\u0141UGO\u015a\u0106 i ILO\u015a\u0106 MIEJSC: d\u0142ugo\u015b\u0107 toru 3m i 20 miejsc parkingowychZABAWA ROLE-PLAY: stacje naprawcze i helikopter ratunkowy do samochod\u00f3wNIEOGRANICZONA KOMBINACJA: wymienne elementy tor\u00f3w i zwrotnice tras<\/p>\n<h2>Zuru Metal Machines Gorilla Rampage Gara\u017c Tor + 2 Samochody 66257 Zuru<\/h2>\n<p>otto, co kupi\u0107 nastolatce na urodziny, zagadki na inteligencj\u0119, zgadywanki dla dzieci, prezent dla 7 latka na urodziny, tupu tup po \u015bniegu tekst, zagadki o zwierz\u0119tach, wielkanocne zagadki, zagadki dla nastolatk\u00f3w, zagadki o zawodach, kwiecien plecien, kwiecie\u0144 plecie\u0144 wiersz, pierwsze urodziny prezent na roczek dla ch\u0142opca, zagadki na dzie\u0144 przedszkolaka, kr\u00f3tkie zagadki, imi\u0119 mira, po\u0142\u0105cz kropki do druku, oryginalny prezent na roczek dla ch\u0142opca<\/p>\n<p>yyyyy<\/p>\n<p>&nbsp;<\/p>\n","protected":false},"excerpt":{"rendered":"<p>ZURU Metal Machines TOR GORILLA RAMPAGE 2 AUTKAProducent: ZURUMaraka: METAL MACHINESPrzedzia\u0142 wiekowy: + 4LatP\u0142e\u0107: Ch\u0142opiecWymiary opakowania: 60 x 90 x 13.5 cmDodatkowe informacje: Zmierz si\u0119 z potwornym atakuj\u0105cym gorylemZABAWA: 2-osobowa winda obs\u0142ugiwana r\u0119cznieNIESAMOWITA D\u0141UGO\u015a\u0106 i ILO\u015a\u0106 MIEJSC: d\u0142ugo\u015b\u0107 toru 3m i 20 miejsc parkingowychZABAWA ROLE-PLAY: stacje naprawcze i helikopter ratunkowy do samochod\u00f3wNIEOGRANICZONA KOMBINACJA: wymienne elementy [&hellip;]<\/p>\n","protected":false},"featured_media":1199,"comment_status":"closed","ping_status":"open","template":"","meta":[],"product_cat":[83,324],"product_tag":[765,753,595,597],"class_list":["post-1198","product","type-product","status-publish","has-post-thumbnail","hentry","product_cat-auta-i-inne-pojazdy-do-zabawy","product_cat-zuru","product_tag-atrakcje-dla-dzieci-warszawa","product_tag-kamila","product_tag-zagadki-dla-6-latka","product_tag-zagadki-o-zimie"],"_links":{"self":[{"href":"http:\/\/klubmamgdynia.pl\/index.php\/wp-json\/wp\/v2\/product\/1198","targetHints":{"allow":["GET"]}}],"collection":[{"href":"http:\/\/klubmamgdynia.pl\/index.php\/wp-json\/wp\/v2\/product"}],"about":[{"href":"http:\/\/klubmamgdynia.pl\/index.php\/wp-json\/wp\/v2\/types\/product"}],"replies":[{"embeddable":true,"href":"http:\/\/klubmamgdynia.pl\/index.php\/wp-json\/wp\/v2\/comments?post=1198"}],"wp:featuredmedia":[{"embeddable":true,"href":"http:\/\/klubmamgdynia.pl\/index.php\/wp-json\/wp\/v2\/media\/1199"}],"wp:attachment":[{"href":"http:\/\/klubmamgdynia.pl\/index.php\/wp-json\/wp\/v2\/media?parent=1198"}],"wp:term":[{"taxonomy":"product_cat","embeddable":true,"href":"http:\/\/klubmamgdynia.pl\/index.php\/wp-json\/wp\/v2\/product_cat?post=1198"},{"taxonomy":"product_tag","embeddable":true,"href":"http:\/\/klubmamgdynia.pl\/index.php\/wp-json\/wp\/v2\/product_tag?post=1198"}],"curies":[{"name":"wp","href":"https:\/\/api.w.org\/{rel}","templated":true}]}}