{"id":11991,"date":"2018-02-07T18:48:09","date_gmt":"2018-02-07T17:48:09","guid":{"rendered":"http:\/\/klubmamgdynia.pl\/index.php\/produkt\/brio-world-33972-smart-tech-sound-zestaw-podrozny-z-tunelami\/"},"modified":"2026-04-27T06:20:42","modified_gmt":"2026-04-27T04:20:42","slug":"brio-world-33972-smart-tech-sound-zestaw-podrozny-z-tunelami","status":"publish","type":"product","link":"http:\/\/klubmamgdynia.pl\/index.php\/produkt\/brio-world-33972-smart-tech-sound-zestaw-podrozny-z-tunelami\/","title":{"rendered":"Brio World 33972 Smart Tech Sound Zestaw podr\u00f3\u017cny z tunelami"},"content":{"rendered":"<p>F\u00e5 kontrol over legen med dette interaktive togbanes\u00e6t med 37 dele &#8211; action tunnel rejses\u00e6t 33972.Smart Tech lydteknologi g\u00f8r det muligt for det batteridrevne tog med optagefunktion at kommunikere med omgivelserne, automatisk at reagere p\u00e5 Smart Tech-tilbeh\u00f8r med forskellige handlinger som f.eks. lys i flere farver, bev\u00e6gelse og lyde der fremmer fantasilegen. Alle action tunneller skaber unikke reaktioner fra toget, og ved aktivt at flytte dem rundt p\u00e5 togbanen, kan du \u00e6ndre togets rejse. Styr p\u00e5 togets retning med &#8222;Skift retning- og stop&#8221; action tunneller. Se toget s\u00e6tte farten ned og stoppe, efter det er k\u00f8rt gennem &#8222;Afbryd action tunnel&#8221; og se det starte op igen, n\u00e5r det forlader &#8222;Fiks action tunnel&#8221;. Og h\u00f8r de lyde du har optaget blive afspillet, n\u00e5r toget k\u00f8rer under &#8222;Lyd action tunnel&#8221;.Programm\u00e9r din togbane som du har lyst, og start dit BRIO World eventyr.Lokomotivet bruger 2 stk. AAA batterier (ikke incl. Til b\u00f8rn i alderen 3+<\/p>\n<h2>Brio World 33972 Smart Tech Sound Zestaw podr\u00f3\u017cny z tunelami Brio<\/h2>\n<p>bajka o biedronce, sybilla, nela w krainie wombat\u00f3w, najtrudniejsze zagadki, bajka o emocjach, akademia pana kleksa &#8211; test z odpowiedziami do druku, cytaty przyja\u017a\u0144, zabawka na roczek dla ch\u0142opca, film o \u015bwi\u0119tach dla dzieci, najrzadsze imiona<\/p>\n<p>yyyyy<\/p>\n<p>&nbsp;<\/p>\n","protected":false},"excerpt":{"rendered":"<p>F\u00e5 kontrol over legen med dette interaktive togbanes\u00e6t med 37 dele &#8211; action tunnel rejses\u00e6t 33972.Smart Tech lydteknologi g\u00f8r det muligt for det batteridrevne tog med optagefunktion at kommunikere med omgivelserne, automatisk at reagere p\u00e5 Smart Tech-tilbeh\u00f8r med forskellige handlinger som f.eks. lys i flere farver, bev\u00e6gelse og lyde der fremmer fantasilegen. Alle action tunneller [&hellip;]<\/p>\n","protected":false},"featured_media":11992,"comment_status":"closed","ping_status":"open","template":"","meta":[],"product_cat":[78,56],"product_tag":[784,750,734,631,625,672],"class_list":["post-11991","product","type-product","status-publish","has-post-thumbnail","hentry","product_cat-brio","product_cat-kolejki","product_tag-hymn-gorniczy","product_tag-imie-kostek","product_tag-milan-imie","product_tag-prezent-na-roczek","product_tag-trojmiasto-atrakcje-dla-dzieci","product_tag-trudne-zagadki-z-odpowiedziami"],"_links":{"self":[{"href":"http:\/\/klubmamgdynia.pl\/index.php\/wp-json\/wp\/v2\/product\/11991","targetHints":{"allow":["GET"]}}],"collection":[{"href":"http:\/\/klubmamgdynia.pl\/index.php\/wp-json\/wp\/v2\/product"}],"about":[{"href":"http:\/\/klubmamgdynia.pl\/index.php\/wp-json\/wp\/v2\/types\/product"}],"replies":[{"embeddable":true,"href":"http:\/\/klubmamgdynia.pl\/index.php\/wp-json\/wp\/v2\/comments?post=11991"}],"wp:featuredmedia":[{"embeddable":true,"href":"http:\/\/klubmamgdynia.pl\/index.php\/wp-json\/wp\/v2\/media\/11992"}],"wp:attachment":[{"href":"http:\/\/klubmamgdynia.pl\/index.php\/wp-json\/wp\/v2\/media?parent=11991"}],"wp:term":[{"taxonomy":"product_cat","embeddable":true,"href":"http:\/\/klubmamgdynia.pl\/index.php\/wp-json\/wp\/v2\/product_cat?post=11991"},{"taxonomy":"product_tag","embeddable":true,"href":"http:\/\/klubmamgdynia.pl\/index.php\/wp-json\/wp\/v2\/product_tag?post=11991"}],"curies":[{"name":"wp","href":"https:\/\/api.w.org\/{rel}","templated":true}]}}