{"id":11995,"date":"2023-06-28T15:29:35","date_gmt":"2023-06-28T13:29:35","guid":{"rendered":"http:\/\/klubmamgdynia.pl\/?post_type=product&#038;p=11995"},"modified":"2026-04-23T09:55:38","modified_gmt":"2026-04-23T07:55:38","slug":"filibabba-przytulanka-wieloryb-willie-30cm","status":"publish","type":"product","link":"http:\/\/klubmamgdynia.pl\/index.php\/produkt\/filibabba-przytulanka-wieloryb-willie-30cm\/","title":{"rendered":"Filibabba Przytulanka Wieloryb Willie 30cm"},"content":{"rendered":"<p>Przytulanka dla dzieci i niemowl\u0105t Wieloryb Willie 30 cm marki FilibabbaUrocza przytulanka wieloryb Willie powsta\u0142a z inspiracji nordyck\u0105 przyrod\u0105, uszyty z delikatnej dzianiny z przyjaznymi, haftowanymi oczami. Willie to uroczy, r\u0119cznie robiony wieloryb. Dzi\u0119ki wszytemu dzwoneczkowi, wydaje przyjemny d\u017awi\u0119k przy potrz\u0105\u015bni\u0119ciu, a urocze niebieskie wst\u0105\u017cki imituj\u0105 rozprysk wody.Przytulanka dla dzieci FilibabbaPrzytulanka ma idealny rozmiar dla dzieci w ka\u017cdym wieku, i jest wspania\u0142ym przyjacielem do przytulania, wiernym towarzyszem podczas zabaw i spacer\u00f3w.Wieloryb wykonany jest z mi\u0119kkiej bawe\u0142ny w 100% organicznej, o delikatnej strukturze, wype\u0142niony 100% poliestrem, pochodz\u0105cym z recyklingu.Dzi\u0119ki swojej uroczej bu\u017ace, wieloryb b\u0142yskawicznie nawi\u0105zuje relacj\u0119 z dzieckiem.Poniewa\u017c zabawka jest r\u0119cznie wykonana, jej wygl\u0105d mo\u017ce si\u0119 nieznacznie r\u00f3\u017cni\u0107 od tego na zdj\u0119ciu.Specyfikacja maskotki dla dzieci wieloryb Willie:Sk\u0142ad: 100% organiczna bawe\u0142na, wype\u0142nienie recyklingowy poliesterCzyszczenie: Nie pra\u0107 w pralce, nie wybiela\u0107, nie prasowa\u0107, nie suszy\u0107 b\u0119bnowo, czy\u015bci\u0107 za pomoc\u0105 wilgotnej szmatkiWymiary: 15x21x33 cm<\/p>\n<h2>Filibabba Przytulanka Wieloryb Willie 30cm Filibabba<\/h2>\n<p>zagadki logiczne, kolorowanka kotki do druku, oryginalny prezent na roczek dla ch\u0142opca, wiersz o marzannie, co\u015b dla nastolatk\u00f3w, prezenty na roczek dla dziewczynki, dzieci pl, krok jak narysowa\u0107 konia, zagadki liczbowe, opis rodzina, pierniki na bo\u017ce narodzenie, prezent na roczek dla dziecka<\/p>\n<p>yyyyy<\/p>\n<p>&nbsp;<\/p>\n","protected":false},"excerpt":{"rendered":"<p>Przytulanka dla dzieci i niemowl\u0105t Wieloryb Willie 30 cm marki FilibabbaUrocza przytulanka wieloryb Willie powsta\u0142a z inspiracji nordyck\u0105 przyrod\u0105, uszyty z delikatnej dzianiny z przyjaznymi, haftowanymi oczami. Willie to uroczy, r\u0119cznie robiony wieloryb. Dzi\u0119ki wszytemu dzwoneczkowi, wydaje przyjemny d\u017awi\u0119k przy potrz\u0105\u015bni\u0119ciu, a urocze niebieskie wst\u0105\u017cki imituj\u0105 rozprysk wody.Przytulanka dla dzieci FilibabbaPrzytulanka ma idealny rozmiar dla [&hellip;]<\/p>\n","protected":false},"featured_media":11996,"comment_status":"closed","ping_status":"open","template":"","meta":[],"product_cat":[1228,26],"product_tag":[772,833,598,617],"class_list":["post-11995","product","type-product","status-publish","has-post-thumbnail","hentry","product_cat-filibabba","product_cat-zabawki-do-wozka-lozeczka-i-fotelika","product_tag-45-panstw-europy-i-ich-stolice-quiz","product_tag-bajki-dla-dzieci-do-czytania","product_tag-co-na-roczek-dla-dziewczynki","product_tag-keyword"],"_links":{"self":[{"href":"http:\/\/klubmamgdynia.pl\/index.php\/wp-json\/wp\/v2\/product\/11995","targetHints":{"allow":["GET"]}}],"collection":[{"href":"http:\/\/klubmamgdynia.pl\/index.php\/wp-json\/wp\/v2\/product"}],"about":[{"href":"http:\/\/klubmamgdynia.pl\/index.php\/wp-json\/wp\/v2\/types\/product"}],"replies":[{"embeddable":true,"href":"http:\/\/klubmamgdynia.pl\/index.php\/wp-json\/wp\/v2\/comments?post=11995"}],"wp:featuredmedia":[{"embeddable":true,"href":"http:\/\/klubmamgdynia.pl\/index.php\/wp-json\/wp\/v2\/media\/11996"}],"wp:attachment":[{"href":"http:\/\/klubmamgdynia.pl\/index.php\/wp-json\/wp\/v2\/media?parent=11995"}],"wp:term":[{"taxonomy":"product_cat","embeddable":true,"href":"http:\/\/klubmamgdynia.pl\/index.php\/wp-json\/wp\/v2\/product_cat?post=11995"},{"taxonomy":"product_tag","embeddable":true,"href":"http:\/\/klubmamgdynia.pl\/index.php\/wp-json\/wp\/v2\/product_tag?post=11995"}],"curies":[{"name":"wp","href":"https:\/\/api.w.org\/{rel}","templated":true}]}}