{"id":12007,"date":"2014-08-08T06:07:00","date_gmt":"2014-08-08T04:07:00","guid":{"rendered":"http:\/\/klubmamgdynia.pl\/index.php\/produkt\/tm-toys-zombeezz-figurka-strzelajaca-okiem-948359\/"},"modified":"2026-04-03T22:29:34","modified_gmt":"2026-04-03T20:29:34","slug":"tm-toys-zombeezz-figurka-strzelajaca-okiem-948359","status":"publish","type":"product","link":"http:\/\/klubmamgdynia.pl\/index.php\/produkt\/tm-toys-zombeezz-figurka-strzelajaca-okiem-948359\/","title":{"rendered":"TM Toys Zombeezz Figurka Strzelaj\u0105ca Okiem 948359"},"content":{"rendered":"<p>Zombeezz figurka strzelaj\u0105ca okiem ZOM948359 TM Toys to propozycja dla wszystkich, kt\u00f3rzy lubi\u0105 akcje i humor. Kolorowy Zombie potrafi wystrzeli\u0107 swoje oko naprawd\u0119 daleko, sprawd\u017a to sam. Naci\u015bnij jego g\u0142ow\u0119 a pi\u0142ka w oku poleci. Zestaw sk\u0142ada si\u0119 z figurki i 6 piankowych pi\u0142eczek. Zabawk\u0119 mo\u017cna zgniata\u0107 i rozci\u0105ga\u0107.Wiek dziecka: 4 +Wysoko\u015b\u0107 zabawki: ok 12 cmWymiary opakowania: 15 x 15 x 10 cmOpakowanie stanowi element produktu.Kod EAN: 4897081121313Towar wysy\u0142amy losowo.<\/p>\n<h2>TM Toys Zombeezz Figurka Strzelaj\u0105ca Okiem 948359 TM Toys<\/h2>\n<p>filmy familijne walta disneya, szablon krokus kolorowanka, wroc\u0142aw i okolice atrakcje, pola imi\u0119<\/p>\n<p>yyyyy<\/p>\n<p>&nbsp;<\/p>\n","protected":false},"excerpt":{"rendered":"<p>Zombeezz figurka strzelaj\u0105ca okiem ZOM948359 TM Toys to propozycja dla wszystkich, kt\u00f3rzy lubi\u0105 akcje i humor. Kolorowy Zombie potrafi wystrzeli\u0107 swoje oko naprawd\u0119 daleko, sprawd\u017a to sam. Naci\u015bnij jego g\u0142ow\u0119 a pi\u0142ka w oku poleci. Zestaw sk\u0142ada si\u0119 z figurki i 6 piankowych pi\u0142eczek. Zabawk\u0119 mo\u017cna zgniata\u0107 i rozci\u0105ga\u0107.Wiek dziecka: 4 +Wysoko\u015b\u0107 zabawki: ok 12 [&hellip;]<\/p>\n","protected":false},"featured_media":12008,"comment_status":"closed","ping_status":"open","template":"","meta":[],"product_cat":[95,145],"product_tag":[813,739,850,800],"class_list":["post-12007","product","type-product","status-publish","has-post-thumbnail","hentry","product_cat-figurki-makiety-i-zestawy","product_cat-tm-toys","product_tag-krotkie-zagadki-matematyczne-z-odpowiedziami","product_tag-prima-aprilis-w-szkole","product_tag-wroclaw-atrakcje-dla-dzieci","product_tag-zagadki-smieszne"],"_links":{"self":[{"href":"http:\/\/klubmamgdynia.pl\/index.php\/wp-json\/wp\/v2\/product\/12007","targetHints":{"allow":["GET"]}}],"collection":[{"href":"http:\/\/klubmamgdynia.pl\/index.php\/wp-json\/wp\/v2\/product"}],"about":[{"href":"http:\/\/klubmamgdynia.pl\/index.php\/wp-json\/wp\/v2\/types\/product"}],"replies":[{"embeddable":true,"href":"http:\/\/klubmamgdynia.pl\/index.php\/wp-json\/wp\/v2\/comments?post=12007"}],"wp:featuredmedia":[{"embeddable":true,"href":"http:\/\/klubmamgdynia.pl\/index.php\/wp-json\/wp\/v2\/media\/12008"}],"wp:attachment":[{"href":"http:\/\/klubmamgdynia.pl\/index.php\/wp-json\/wp\/v2\/media?parent=12007"}],"wp:term":[{"taxonomy":"product_cat","embeddable":true,"href":"http:\/\/klubmamgdynia.pl\/index.php\/wp-json\/wp\/v2\/product_cat?post=12007"},{"taxonomy":"product_tag","embeddable":true,"href":"http:\/\/klubmamgdynia.pl\/index.php\/wp-json\/wp\/v2\/product_tag?post=12007"}],"curies":[{"name":"wp","href":"https:\/\/api.w.org\/{rel}","templated":true}]}}