{"id":12021,"date":"2020-08-12T05:11:26","date_gmt":"2020-08-12T03:11:26","guid":{"rendered":"http:\/\/klubmamgdynia.pl\/index.php\/produkt\/trefl-ukladanka-puzzlopianka-swinka-peppa-lato-na-plazy-61363\/"},"modified":"2026-04-28T00:55:16","modified_gmt":"2026-04-27T22:55:16","slug":"trefl-ukladanka-puzzlopianka-swinka-peppa-lato-na-plazy-61363","status":"publish","type":"product","link":"http:\/\/klubmamgdynia.pl\/index.php\/produkt\/trefl-ukladanka-puzzlopianka-swinka-peppa-lato-na-plazy-61363\/","title":{"rendered":"Trefl Uk\u0142adanka Puzzlopianka \u015awinka Peppa Lato Na Pla\u017cy 61363"},"content":{"rendered":"<p>Trefl Uk\u0142adanka Puzzlopianka \u015awinka Peppa Lato Na Pla\u017cy 61363Edukacyjna uk\u0142adanka puzzlopianka Peppa Pig Summer to zestaw du\u017cych, mi\u0119kkich, bezpiecznych, kolorowych puzzli, z kt\u00f3rych mo\u017cna budowa\u0107 figury przestrzenne, np. kostk\u0119 lub pude\u0142ko. Puzzle piankowe mog\u0105 tak\u017ce pos\u0142u\u017cy\u0107 jako mi\u0119kka mata na pod\u0142og\u0119. Zabawka uczy spostrzegawczo\u015bci, rozpoznawania kolor\u00f3w i kszta\u0142t\u00f3w, budowania figur przestrzennych, zabawy z wyobra\u017ani\u0105. Dla zachowania czysto\u015bci puzzle piankowe mo\u017cna przetrze\u0107 mokr\u0105 \u015bciereczk\u0105.                            <\/p>\n<p>Zawarto\u015b\u0107:8 element\u00f3w puzzlo-pianek                            <\/p>\n<p>                    Sprawd\u017a inne puzzlopianki Trefl:<\/p>\n<p>            Trefl Uk\u0142adanka Puzzlopianka Przyjaciele 61361<\/p>\n<p>                        od<br \/>\n                            35,67<br \/>\n                            z\u0142<\/p>\n<p>            Opinia od anana2015-04-30<\/p>\n<p>                Bardzo intensywne, pi\u0119kne kolory, Ma\u0142a bardzo lubi si\u0119 bawi\u0107 na macie. Zabawy na pod\u0142odze nie wymagaj\u0105 teraz ciep\u0142ych spodenek \ud83d\ude42 jednak jeden komplet to za ma\u0142o, \u017ceby stworzy\u0107 logiczn\u0105 powierzchni\u0119 do zabawy, zam\u00f3wi\u0142am dwa i teraz jest super \ud83d\ude42 szczerze polecam!<\/p>\n<p>            Trefl Uk\u0142adanka Puzzlopianka Psi Patrol 61006<\/p>\n<p>                        od<br \/>\n                            56,41<br \/>\n                            z\u0142<\/p>\n<p>            Opinia od Monika2022-07-13<\/p>\n<p>                Produkt super tylko szkoda ze jest 8  a nie dziewi\u0119\u0107 element\u00f3w bo zabrak\u0142o nam pod\u0142ogi pod namiot.Jetem w miar\u0119 zadowolona wysy\u0142ka p czasie i produkt dobry. Polecam<\/p>\n<p>            Trefl Uk\u0142adanka Puzzlopianka \u015awinka Peppa 60398<\/p>\n<p>                        od<br \/>\n                            44,90<br \/>\n                            z\u0142<\/p>\n<p>            Opinia od anana2015-04-30<\/p>\n<p>                Bardzo intensywne, pi\u0119kne kolory, Ma\u0142a bardzo lubi si\u0119 bawi\u0107 na macie. Zabawy na pod\u0142odze nie wymagaj\u0105 teraz ciep\u0142ych spodenek \ud83d\ude42 jednak jeden komplet to za ma\u0142o, \u017ceby stworzy\u0107 logiczn\u0105 powierzchni\u0119 do zabawy, zam\u00f3wi\u0142am dwa i teraz jest super \ud83d\ude42 szczerze polecam!<\/p>\n<p>            Trefl Uk\u0142adanka Puzzlopianka \u0141\u0105czka 61261<\/p>\n<p>                        od<br \/>\n                            69,99<br \/>\n                            z\u0142<\/p>\n<p>            Opinia od y&#8230;a2021-03-09<\/p>\n<p>                Pianka jest do\u015b\u0107 mi\u0119kka co og\u00f3lnie jest zalet\u0105. Jedynie nie nadaje si\u0119 dla malutkich dzieci, kt\u00f3re gryz\u0105 piank\u0119. <\/p>\n<p>            Trefl Uk\u0142adanka Puzzlopianka Zgrana Paczka Psi Patrol 61362<\/p>\n<p>                        od<br \/>\n                            64,46<br \/>\n                            z\u0142<\/p>\n<p>            Opinia od A&#8230;42021-11-18<\/p>\n<p>                Polecam dla fan\u00f3w psiego patrolu!<\/p>\n<p>            Trefl Uk\u0142adanka Puzzlopianka Miasto 5W1 60696<\/p>\n<p>                        od<br \/>\n                            53,97<br \/>\n                            z\u0142<\/p>\n<p>            Opinia od sylwia sportowa2019-01-21<\/p>\n<p>                Produkt bardzo \u0142adny M\u00f3j dwulatek z ch\u0119ci\u0105 u\u0142o\u017cy\u0142 puzzle a kole\u017canki synek (3 miesi\u0105ce) dobrze si\u0119 na nich bawi\u0142 \u263a\ufe0f <\/p>\n<p>            Trefl Edukacyjna Uk\u0142adanka Puzzlopianka Zoo Fun 5W1 60695<\/p>\n<p>                        od<br \/>\n                            56,38<br \/>\n                            z\u0142<\/p>\n<p>            Opinia od Gosia2018-04-17<\/p>\n<p>                Puzzle s\u0105 \u0142adne. Kupione dla 7 miesiecznego dziecka, aby mia\u0142 miekko przy le\u017cakowaniu i pe\u0142zanie. Starszy brat (2,5l) lubi z kolei uk\u0142ada\u0107 obrazek i nazywa\u0107 zwierz\u0119ta.<\/p>\n<h2>Trefl Uk\u0142adanka Puzzlopianka \u015awinka Peppa Lato Na Pla\u017cy 61363 Trefl<\/h2>\n<p>malowanki do wydruku, pytania logiczne, zagadki, cukierku ty \u0142obuzie test, bajka o emocjach, najpi\u0119kniejsze piosenki \u015bwi\u0105teczne dla dzieci, miko\u0142ajek &#8211; test z odpowiedziami, kolorowanki \u015bwi\u0105teczne do druku pdf, iwo<\/p>\n<p>yyyyy<\/p>\n<p>&nbsp;<\/p>\n","protected":false},"excerpt":{"rendered":"<p>Trefl Uk\u0142adanka Puzzlopianka \u015awinka Peppa Lato Na Pla\u017cy 61363Edukacyjna uk\u0142adanka puzzlopianka Peppa Pig Summer to zestaw du\u017cych, mi\u0119kkich, bezpiecznych, kolorowych puzzli, z kt\u00f3rych mo\u017cna budowa\u0107 figury przestrzenne, np. kostk\u0119 lub pude\u0142ko. Puzzle piankowe mog\u0105 tak\u017ce pos\u0142u\u017cy\u0107 jako mi\u0119kka mata na pod\u0142og\u0119. Zabawka uczy spostrzegawczo\u015bci, rozpoznawania kolor\u00f3w i kszta\u0142t\u00f3w, budowania figur przestrzennych, zabawy z wyobra\u017ani\u0105. Dla [&hellip;]<\/p>\n","protected":false},"featured_media":12022,"comment_status":"closed","ping_status":"open","template":"","meta":[],"product_cat":[90,104],"product_tag":[580,657,821,856],"class_list":["post-12021","product","type-product","status-publish","has-post-thumbnail","hentry","product_cat-puzzle","product_cat-trefl","product_tag-janusz","product_tag-lol-kolorowanka","product_tag-marianna","product_tag-prezent-dla-16-latki"],"_links":{"self":[{"href":"http:\/\/klubmamgdynia.pl\/index.php\/wp-json\/wp\/v2\/product\/12021","targetHints":{"allow":["GET"]}}],"collection":[{"href":"http:\/\/klubmamgdynia.pl\/index.php\/wp-json\/wp\/v2\/product"}],"about":[{"href":"http:\/\/klubmamgdynia.pl\/index.php\/wp-json\/wp\/v2\/types\/product"}],"replies":[{"embeddable":true,"href":"http:\/\/klubmamgdynia.pl\/index.php\/wp-json\/wp\/v2\/comments?post=12021"}],"wp:featuredmedia":[{"embeddable":true,"href":"http:\/\/klubmamgdynia.pl\/index.php\/wp-json\/wp\/v2\/media\/12022"}],"wp:attachment":[{"href":"http:\/\/klubmamgdynia.pl\/index.php\/wp-json\/wp\/v2\/media?parent=12021"}],"wp:term":[{"taxonomy":"product_cat","embeddable":true,"href":"http:\/\/klubmamgdynia.pl\/index.php\/wp-json\/wp\/v2\/product_cat?post=12021"},{"taxonomy":"product_tag","embeddable":true,"href":"http:\/\/klubmamgdynia.pl\/index.php\/wp-json\/wp\/v2\/product_tag?post=12021"}],"curies":[{"name":"wp","href":"https:\/\/api.w.org\/{rel}","templated":true}]}}