{"id":12023,"date":"2012-12-16T23:13:00","date_gmt":"2012-12-16T22:13:00","guid":{"rendered":"http:\/\/klubmamgdynia.pl\/index.php\/produkt\/trixie-skarpetka-ochronna-silikon-xl\/"},"modified":"2026-04-07T12:38:45","modified_gmt":"2026-04-07T10:38:45","slug":"trixie-skarpetka-ochronna-silikon-xl","status":"publish","type":"product","link":"http:\/\/klubmamgdynia.pl\/index.php\/produkt\/trixie-skarpetka-ochronna-silikon-xl\/","title":{"rendered":"Trixie Skarpetka ochronna silikon XL"},"content":{"rendered":"<p>D\u0142uga skarpetka chroni\u0105ca rany, opatrunki i banda\u017ce suche i czyste. Skarpetka o d\u0142ugo\u015bci 45cm i posiada rzepy dla idealnego dopasowania. Elastyczny materia\u0142 nie ogranicza ruch\u00f3w. Skarpetka pasuje na przednie i tylne \u0142apy. Skarpetk\u0119 mo\u017cna przycina\u0107.<\/p>\n<h2>Trixie Skarpetka ochronna silikon XL Trixie<\/h2>\n<p>choinko pi\u0119kna jak las tekst, jak zrobi\u0107 du\u017ce jajo wielkanocne, dyplom do druku, quiz pi\u0142karski, zagadki na my\u015blenie, dobrej nocy, quiz online, bajki do czytania dla 6 latka<\/p>\n<p>yyyyy<\/p>\n<p>&nbsp;<\/p>\n","protected":false},"excerpt":{"rendered":"<p>D\u0142uga skarpetka chroni\u0105ca rany, opatrunki i banda\u017ce suche i czyste. Skarpetka o d\u0142ugo\u015bci 45cm i posiada rzepy dla idealnego dopasowania. Elastyczny materia\u0142 nie ogranicza ruch\u00f3w. Skarpetka pasuje na przednie i tylne \u0142apy. Skarpetk\u0119 mo\u017cna przycina\u0107. Trixie Skarpetka ochronna silikon XL Trixie choinko pi\u0119kna jak las tekst, jak zrobi\u0107 du\u017ce jajo wielkanocne, dyplom do druku, quiz [&hellip;]<\/p>\n","protected":false},"featured_media":12024,"comment_status":"closed","ping_status":"open","template":"","meta":[],"product_cat":[43,2087],"product_tag":[766,674,684,800,607],"class_list":["post-12023","product","type-product","status-publish","has-post-thumbnail","hentry","product_cat-trixie","product_cat-ubrania-i-buty-dla-psow","product_tag-kira","product_tag-miasto-dzieci","product_tag-prezent-dla-dziewczynki-na-roczek","product_tag-zagadki-smieszne","product_tag-zarty-na-prima-aprilis-dla-rodzicow"],"_links":{"self":[{"href":"http:\/\/klubmamgdynia.pl\/index.php\/wp-json\/wp\/v2\/product\/12023","targetHints":{"allow":["GET"]}}],"collection":[{"href":"http:\/\/klubmamgdynia.pl\/index.php\/wp-json\/wp\/v2\/product"}],"about":[{"href":"http:\/\/klubmamgdynia.pl\/index.php\/wp-json\/wp\/v2\/types\/product"}],"replies":[{"embeddable":true,"href":"http:\/\/klubmamgdynia.pl\/index.php\/wp-json\/wp\/v2\/comments?post=12023"}],"wp:featuredmedia":[{"embeddable":true,"href":"http:\/\/klubmamgdynia.pl\/index.php\/wp-json\/wp\/v2\/media\/12024"}],"wp:attachment":[{"href":"http:\/\/klubmamgdynia.pl\/index.php\/wp-json\/wp\/v2\/media?parent=12023"}],"wp:term":[{"taxonomy":"product_cat","embeddable":true,"href":"http:\/\/klubmamgdynia.pl\/index.php\/wp-json\/wp\/v2\/product_cat?post=12023"},{"taxonomy":"product_tag","embeddable":true,"href":"http:\/\/klubmamgdynia.pl\/index.php\/wp-json\/wp\/v2\/product_tag?post=12023"}],"curies":[{"name":"wp","href":"https:\/\/api.w.org\/{rel}","templated":true}]}}