{"id":12033,"date":"2013-07-24T22:44:36","date_gmt":"2013-07-24T20:44:36","guid":{"rendered":"http:\/\/klubmamgdynia.pl\/index.php\/produkt\/simba-swinka-peppa-maskotki-pluszowe-16-20cm-mix\/"},"modified":"2026-04-06T01:09:29","modified_gmt":"2026-04-05T23:09:29","slug":"simba-swinka-peppa-maskotki-pluszowe-16-20cm-mix","status":"publish","type":"product","link":"http:\/\/klubmamgdynia.pl\/index.php\/produkt\/simba-swinka-peppa-maskotki-pluszowe-16-20cm-mix\/","title":{"rendered":"Simba \u015awinka Peppa Maskotki pluszowe 16 20cm mix"},"content":{"rendered":"<p>\u015awinka Peppa Maskotki pluszowe &#8211; cz\u0142onkowie rodziny.Maskotki pluszowe z wizerunkiem g\u0142\u00f3wnych bohater\u00f3w animacji \u015awinka Peppa tj.: tytu\u0142owa bohaterka, brat George, Mama \u015awinka i Tata \u015awinka &#8211; to bohaterowie z ludzkimi cechami, z kt\u00f3rymi najm\u0142odsi mog\u0105 si\u0119 identyfikowa\u0107. Wymiary: 16 &#8211; 20 cm.Uwaga! Towar wysy\u0142any losowo.EAN: 4006592061111<\/p>\n<h2>Simba \u015awinka Peppa Maskotki pluszowe 16 20cm mix Simba<\/h2>\n<p>kr\u00f3tkie bajki dla dzieci do czytania, zagdki, tajemniczy ogr\u00f3d test z lektury, psi patrol kolorowanki, babciu droga babciu tekst, prezent dla siedemnastolatka, prezent dla 1 latka, magiczne drzewo czerwone krzes\u0142o test, otto, zgadywanki, kolorowanka myszka minnie, melania znaczenie imienia, kawa\u0142y na prima aprilis dla rodzic\u00f3w, najlepsze \u017carty na prima aprilis, literki do pisania, historia pluszowego misia, proste zagadki, zadania logiczne dla dzieci, jak narysowa\u0107 sanie miko\u0142aja, wyprawka warszawiaka 2021<\/p>\n<p>yyyyy<\/p>\n<p>&nbsp;<\/p>\n","protected":false},"excerpt":{"rendered":"<p>\u015awinka Peppa Maskotki pluszowe &#8211; cz\u0142onkowie rodziny.Maskotki pluszowe z wizerunkiem g\u0142\u00f3wnych bohater\u00f3w animacji \u015awinka Peppa tj.: tytu\u0142owa bohaterka, brat George, Mama \u015awinka i Tata \u015awinka &#8211; to bohaterowie z ludzkimi cechami, z kt\u00f3rymi najm\u0142odsi mog\u0105 si\u0119 identyfikowa\u0107. Wymiary: 16 &#8211; 20 cm.Uwaga! Towar wysy\u0142any losowo.EAN: 4006592061111 Simba \u015awinka Peppa Maskotki pluszowe 16 20cm mix Simba [&hellip;]<\/p>\n","protected":false},"featured_media":12034,"comment_status":"closed","ping_status":"open","template":"","meta":[],"product_cat":[42,279],"product_tag":[579,726,830,843,600],"class_list":["post-12033","product","type-product","status-publish","has-post-thumbnail","hentry","product_cat-maskotki","product_cat-simba","product_tag-quiz-opowiesci-z-narnii-lew-czarownica-i-stara-szafa","product_tag-quiz-zemsta","product_tag-rodzina-cytaty","product_tag-smieszne-zagadki-dla-dzieci","product_tag-zaproszenia-na-urodziny-do-druku"],"_links":{"self":[{"href":"http:\/\/klubmamgdynia.pl\/index.php\/wp-json\/wp\/v2\/product\/12033","targetHints":{"allow":["GET"]}}],"collection":[{"href":"http:\/\/klubmamgdynia.pl\/index.php\/wp-json\/wp\/v2\/product"}],"about":[{"href":"http:\/\/klubmamgdynia.pl\/index.php\/wp-json\/wp\/v2\/types\/product"}],"replies":[{"embeddable":true,"href":"http:\/\/klubmamgdynia.pl\/index.php\/wp-json\/wp\/v2\/comments?post=12033"}],"wp:featuredmedia":[{"embeddable":true,"href":"http:\/\/klubmamgdynia.pl\/index.php\/wp-json\/wp\/v2\/media\/12034"}],"wp:attachment":[{"href":"http:\/\/klubmamgdynia.pl\/index.php\/wp-json\/wp\/v2\/media?parent=12033"}],"wp:term":[{"taxonomy":"product_cat","embeddable":true,"href":"http:\/\/klubmamgdynia.pl\/index.php\/wp-json\/wp\/v2\/product_cat?post=12033"},{"taxonomy":"product_tag","embeddable":true,"href":"http:\/\/klubmamgdynia.pl\/index.php\/wp-json\/wp\/v2\/product_tag?post=12033"}],"curies":[{"name":"wp","href":"https:\/\/api.w.org\/{rel}","templated":true}]}}