{"id":12043,"date":"2020-08-09T01:43:17","date_gmt":"2020-08-08T23:43:17","guid":{"rendered":"http:\/\/klubmamgdynia.pl\/index.php\/produkt\/the-puppet-company-welniana-pacynka-na-reke-z-piszczalka-narg-45cm-pc007017\/"},"modified":"2026-04-06T01:39:27","modified_gmt":"2026-04-05T23:39:27","slug":"the-puppet-company-welniana-pacynka-na-reke-z-piszczalka-narg-45cm-pc007017","status":"publish","type":"product","link":"http:\/\/klubmamgdynia.pl\/index.php\/produkt\/the-puppet-company-welniana-pacynka-na-reke-z-piszczalka-narg-45cm-pc007017\/","title":{"rendered":"The Puppet Company We\u0142niana pacynka na r\u0119k\u0119 z piszcza\u0142k\u0105 Narg 45cm PC007017"},"content":{"rendered":"<p>We\u0142niana pacynka na r\u0119k\u0119 z piszcza\u0142k\u0105 Narg 45 cm Czasami brakuje nam pomys\u0142u na zabaw\u0119 z dzieckiem. Masz tak? Taki problem rozwi\u0105zuje pacynka. W deszczowe dni, w samochodzie, przed snem mo\u017ce by\u0107 obecna. Zawsze i wsz\u0119dzie sprawdza si\u0119 znakomicie. We\u0142niany cudak cudownie bawi, roz\u015bmiesza i opowiada bajki. Dzieci uwielbiaj\u0105 pacynki na r\u0119k\u0119. To one sprawiaj\u0105, \u017ce s\u0105 szcz\u0119\u015bliwe. Dlaczego? Dlatego, \u017ce doro\u015bli s\u0105 bli\u017cej dziecka. Po prostu bawimy si\u0119 razem. Ile razy dziecko prosi: &#8222;pobaw si\u0119 ze mn\u0105&#8221;? I tu natychmiast z pomoc\u0105 przyjdzie pacynka. Nasz weso\u0142y cudak to fajny prezent na roczek, dwa i osiemnastk\u0119 te\u017c :). Kolorowa, weso\u0142a pacynka na r\u0119k\u0119 dla kreatywnych i uzdolnionych dzieci. Pacynka Narg za pomoc\u0105 d\u0142oni porusza mordk\u0105 i czyta ksi\u0105\u017ceczki. Wydaje d\u017awi\u0119ki za ka\u017cdym razem, gdy poruszysz buzi\u0105 pacynki. Ca\u0142a rodzina \u015bwietnie bawi si\u0119 z takim cudakiem. Dziecko rozwija swoje umiej\u0119tno\u015bci aktorskie. Doros\u0142y \u0142atwo i z u\u015bmiechem wchodzi w \u015bwiat zabaw dziecka. Pacynka pozwala \u0142atwiej uczy\u0107 si\u0119 wierszyk\u00f3w i zapami\u0119tywa\u0107. Domowy teatrzyk to sprawdzona metoda na rozw\u00f3j naszych dzieci. R\u0119kaw z g\u0142ow\u0105 we\u0142nianej pacynki to oko\u0142o 45 cm. To wyznacza wiek przeznaczenia pacynki dla dwulatka. Mniejsze dzieci b\u0119d\u0105 mia\u0142y trudno\u015b\u0107 by samodzielnie wydawa\u0107 d\u017awi\u0119ki. Za to doro\u015bli \u015bwietnie sobie z tym poradz\u0105. Mama czy tata dla m\u0142odszych dzieci na\u0142o\u017c\u0105 pacynk\u0119 na swoj\u0105 r\u0119k\u0119. Jest rado\u015b\u0107 \ud83d\ude42 Badania dowodz\u0105, \u017ce nasze dzieci \u0142atwiej si\u0119 rozwijaj\u0105. Szybciej tak\u017ce wykonuj\u0105 polecenia przekazywane przez pacynk\u0119 ni\u017c mam\u0119. Warto to sprawdzi\u0107 \ud83d\ude42 Zabawka wykonana z wielk\u0105 staranno\u015bci\u0105. Dzianina wygl\u0105da jak robiona na drutach. Pacynka Narg jest mi\u0119kka i przyjemna w dotyku. Dzieci uwielbiaj\u0105 zabaw\u0119 z pacynkami. Bawmy si\u0119 z dzie\u0107mi razem. Czytajmy ksi\u0105\u017ceczki. Opowiadajmy zmy\u015blone historie. Byle razem. Tak bardzo jeste\u015bmy dzieciakom potrzebni. My, doro\u015bli :). Warto wiedzie\u0107 o we\u0142nianej pacynce Narg Bezpieczna &#8211; certyfikat CE, EN71, ASTM mi\u0119kka i wysokiej jako\u015bci nagradzana &#8211; BTHA Lion mark mo\u017cna kolekcjonowa\u0107 ca\u0142\u0105 seri\u0119 we\u0142niane pacynki z The Puppet Company pomaga w rozwoju dzieci i nauce wykorzystywana w przedszkolach wspiera prac\u0119 terapeut\u00f3w i rodzic\u00f3w z autystycznymi dzie\u0107mi mo\u017cna pra\u0107 delikatnie, r\u0119cznie.<\/p>\n<h2>The Puppet Company We\u0142niana pacynka na r\u0119k\u0119 z piszcza\u0142k\u0105 Narg 45cm PC007017 The Puppet Company<\/h2>\n<p>cytat z ma\u0142ego ksi\u0119cia o przyja\u017ani, pytania do lektury asiunia, kolorowanki do druku pokemon, literki dla dzieci, \u015bmieszne zagadki z odpowiedziami, dorian, cytaty o wychowaniu i nauczaniu, liwia, milosz imie, ko\u0142ysanki dla dzieci tekst, kwiecie\u0144 plecie\u0144 wiersz, quiz o usa, test znaki drogowe, zagadki dla dziewczyny, radiowe nuty niech zyja wakacje, cytaty o rodzinie<\/p>\n<p>yyyyy<\/p>\n<p>&nbsp;<\/p>\n","protected":false},"excerpt":{"rendered":"<p>We\u0142niana pacynka na r\u0119k\u0119 z piszcza\u0142k\u0105 Narg 45 cm Czasami brakuje nam pomys\u0142u na zabaw\u0119 z dzieckiem. Masz tak? Taki problem rozwi\u0105zuje pacynka. W deszczowe dni, w samochodzie, przed snem mo\u017ce by\u0107 obecna. Zawsze i wsz\u0119dzie sprawdza si\u0119 znakomicie. We\u0142niany cudak cudownie bawi, roz\u015bmiesza i opowiada bajki. Dzieci uwielbiaj\u0105 pacynki na r\u0119k\u0119. To one sprawiaj\u0105, [&hellip;]<\/p>\n","protected":false},"featured_media":12044,"comment_status":"closed","ping_status":"open","template":"","meta":[],"product_cat":[42,908],"product_tag":[765,728,660,688,597],"class_list":["post-12043","product","type-product","status-publish","has-post-thumbnail","hentry","product_cat-maskotki","product_cat-the-puppet-company","product_tag-atrakcje-dla-dzieci-warszawa","product_tag-bezwarunkowa-milosc-do-dziecka-cytaty","product_tag-bianka","product_tag-kolysanki-tekst","product_tag-zagadki-o-zimie"],"_links":{"self":[{"href":"http:\/\/klubmamgdynia.pl\/index.php\/wp-json\/wp\/v2\/product\/12043","targetHints":{"allow":["GET"]}}],"collection":[{"href":"http:\/\/klubmamgdynia.pl\/index.php\/wp-json\/wp\/v2\/product"}],"about":[{"href":"http:\/\/klubmamgdynia.pl\/index.php\/wp-json\/wp\/v2\/types\/product"}],"replies":[{"embeddable":true,"href":"http:\/\/klubmamgdynia.pl\/index.php\/wp-json\/wp\/v2\/comments?post=12043"}],"wp:featuredmedia":[{"embeddable":true,"href":"http:\/\/klubmamgdynia.pl\/index.php\/wp-json\/wp\/v2\/media\/12044"}],"wp:attachment":[{"href":"http:\/\/klubmamgdynia.pl\/index.php\/wp-json\/wp\/v2\/media?parent=12043"}],"wp:term":[{"taxonomy":"product_cat","embeddable":true,"href":"http:\/\/klubmamgdynia.pl\/index.php\/wp-json\/wp\/v2\/product_cat?post=12043"},{"taxonomy":"product_tag","embeddable":true,"href":"http:\/\/klubmamgdynia.pl\/index.php\/wp-json\/wp\/v2\/product_tag?post=12043"}],"curies":[{"name":"wp","href":"https:\/\/api.w.org\/{rel}","templated":true}]}}