{"id":12075,"date":"2020-03-22T22:55:44","date_gmt":"2020-03-22T21:55:44","guid":{"rendered":"http:\/\/klubmamgdynia.pl\/index.php\/produkt\/jcb-18usb-ladowarka-usb-adapter-do-akumulatorow-18usbe-jcb18usbe\/"},"modified":"2026-05-17T22:37:36","modified_gmt":"2026-05-17T20:37:36","slug":"jcb-18usb-ladowarka-usb-adapter-do-akumulatorow-18usbe-jcb18usbe","status":"publish","type":"product","link":"http:\/\/klubmamgdynia.pl\/index.php\/produkt\/jcb-18usb-ladowarka-usb-adapter-do-akumulatorow-18usbe-jcb18usbe\/","title":{"rendered":"Jcb 18Usb \u0141adowarka Usb Adapter Do Akumulator\u00f3w 18Usbe Jcb18Usbe"},"content":{"rendered":"<p>JCBAdapter USB power bank ze zintegrowan\u0105 lampk\u0105 LEDNumer katalogowy JCB-18USB-ECechy produktu:Dwa szybkie porty USB do \u0142adowania lub obs\u0142ugi mobilnych urz\u0105dze\u0144 USBNiezale\u017cnie od tego, czy jest to smartfon, tablet, odtwarzacz MP3, czy nawet aparat cyfrowy, w mgnieniu oka masz pod r\u0119k\u0105 pot\u0119\u017cny power bank, kt\u00f3ry zapewni wystarczaj\u0105c\u0105 wytrzyma\u0142o\u015b\u0107 Twojemu mobilnemu towarzyszowiPo prostu po\u0142\u0105cz bateri\u0119 z tym adapterem USB i masz doskona\u0142e \u017ar\u00f3d\u0142o zasilania do ka\u017cdego mobilnego zastosowania, czy to na budowie, w ogrodzie, czy w wolnym czasieZintegrowana jasna lampa LED dla lepszej widoczno\u015bci i zintegrowany klips do paskaKompatybilny z seri\u0105 akumulator\u00f3w litowo-jonowych JCB 18VSpecyfikacja:Port USB 2Napi\u0119cie \u0142adowania akumulatora 18 VPr\u0105d \u0142adowania 2 AWymiary (DxSxW) 80x47x89 mmWaga 110 gZestaw zawiera:Adapter USB do \u0142adowania akumulator\u00f3wInstrukcja obs\u0142ugi PLOpakowanie kartonowe<\/p>\n<h2>Jcb 18Usb \u0141adowarka Usb Adapter Do Akumulator\u00f3w 18Usbe Jcb18Usbe JCB<\/h2>\n<p>roczek prezent, wpad\u0142a bomba do piwnicy, dobrej nocy i sza, przysz\u0142a zima bia\u0142a, test z lektury kajko i kokosz, kolorowanki do wydruku postacie z bajek<\/p>\n<p>yyyyy<\/p>\n<p>&nbsp;<\/p>\n","protected":false},"excerpt":{"rendered":"<p>JCBAdapter USB power bank ze zintegrowan\u0105 lampk\u0105 LEDNumer katalogowy JCB-18USB-ECechy produktu:Dwa szybkie porty USB do \u0142adowania lub obs\u0142ugi mobilnych urz\u0105dze\u0144 USBNiezale\u017cnie od tego, czy jest to smartfon, tablet, odtwarzacz MP3, czy nawet aparat cyfrowy, w mgnieniu oka masz pod r\u0119k\u0105 pot\u0119\u017cny power bank, kt\u00f3ry zapewni wystarczaj\u0105c\u0105 wytrzyma\u0142o\u015b\u0107 Twojemu mobilnemu towarzyszowiPo prostu po\u0142\u0105cz bateri\u0119 z tym [&hellip;]<\/p>\n","protected":false},"featured_media":12076,"comment_status":"closed","ping_status":"open","template":"","meta":[],"product_cat":[2089,2090],"product_tag":[584,695,762,857],"class_list":["post-12075","product","type-product","status-publish","has-post-thumbnail","hentry","product_cat-jcb","product_cat-ladowarki-akumulatory-i-zasilacze","product_tag-liwia","product_tag-rzadkie-imiona-zenskie","product_tag-trudne-zagadki-dla-dzieci","product_tag-zagadki-dla-dzieci-7-8-lat"],"_links":{"self":[{"href":"http:\/\/klubmamgdynia.pl\/index.php\/wp-json\/wp\/v2\/product\/12075","targetHints":{"allow":["GET"]}}],"collection":[{"href":"http:\/\/klubmamgdynia.pl\/index.php\/wp-json\/wp\/v2\/product"}],"about":[{"href":"http:\/\/klubmamgdynia.pl\/index.php\/wp-json\/wp\/v2\/types\/product"}],"replies":[{"embeddable":true,"href":"http:\/\/klubmamgdynia.pl\/index.php\/wp-json\/wp\/v2\/comments?post=12075"}],"wp:featuredmedia":[{"embeddable":true,"href":"http:\/\/klubmamgdynia.pl\/index.php\/wp-json\/wp\/v2\/media\/12076"}],"wp:attachment":[{"href":"http:\/\/klubmamgdynia.pl\/index.php\/wp-json\/wp\/v2\/media?parent=12075"}],"wp:term":[{"taxonomy":"product_cat","embeddable":true,"href":"http:\/\/klubmamgdynia.pl\/index.php\/wp-json\/wp\/v2\/product_cat?post=12075"},{"taxonomy":"product_tag","embeddable":true,"href":"http:\/\/klubmamgdynia.pl\/index.php\/wp-json\/wp\/v2\/product_tag?post=12075"}],"curies":[{"name":"wp","href":"https:\/\/api.w.org\/{rel}","templated":true}]}}