{"id":1208,"date":"2013-06-12T08:25:25","date_gmt":"2013-06-12T06:25:25","guid":{"rendered":"http:\/\/klubmamgdynia.pl\/index.php\/produkt\/don-bosco-medien-gmbh-die-jahreszeiten-kamishibai-bildkartenset-wersja-niemiecka\/"},"modified":"2026-04-28T15:12:17","modified_gmt":"2026-04-28T13:12:17","slug":"don-bosco-medien-gmbh-die-jahreszeiten-kamishibai-bildkartenset-wersja-niemiecka","status":"publish","type":"product","link":"http:\/\/klubmamgdynia.pl\/index.php\/produkt\/don-bosco-medien-gmbh-die-jahreszeiten-kamishibai-bildkartenset-wersja-niemiecka\/","title":{"rendered":"Don Bosco Medien Gmbh Die Jahreszeiten. Kamishibai Bildkartenset (wersja niemiecka)"},"content":{"rendered":"<p>Die Jahreszeiten. Kamishibai Bildkarten-Set f\u00fcr Kinder ab 3 Jahren<\/p>\n<h2>Don Bosco Medien Gmbh Die Jahreszeiten. Kamishibai Bildkartenset (wersja niemiecka) <\/h2>\n<p>co kupi\u0107 dziewczynce na roczek, platformy edukacyjne dla dzieci, bajka psi patrol do czytania, bajki do czytania psi patrol, dyplomy do druku, wzruszajace cytaty o rodzinie, \u015bmieszne zagadki dla dzieci 10 lat, test z lektury magiczne drzewo czerwone krzes\u0142o, zagadki dla 7 latk\u00f3w, quizy online, tupu tup po \u015bniegu tekst, zagadki wiosenne dla dzieci, quiz o bo\u017cym narodzeniu, test z dzieci z bullerbyn, papierowe ozdoby \u015bwi\u0105teczne<\/p>\n<p>yyyyy<\/p>\n<p>&nbsp;<\/p>\n","protected":false},"excerpt":{"rendered":"<p>Die Jahreszeiten. Kamishibai Bildkarten-Set f\u00fcr Kinder ab 3 Jahren Don Bosco Medien Gmbh Die Jahreszeiten. Kamishibai Bildkartenset (wersja niemiecka) co kupi\u0107 dziewczynce na roczek, platformy edukacyjne dla dzieci, bajka psi patrol do czytania, bajki do czytania psi patrol, dyplomy do druku, wzruszajace cytaty o rodzinie, \u015bmieszne zagadki dla dzieci 10 lat, test z lektury magiczne [&hellip;]<\/p>\n","protected":false},"featured_media":1209,"comment_status":"closed","ping_status":"open","template":"","meta":[],"product_cat":[130],"product_tag":[865,663,609,647,588,736,715],"class_list":["post-1208","product","type-product","status-publish","has-post-thumbnail","hentry","product_cat-gry-dzieciece","product_tag-cytaty-o-dzieciach","product_tag-kolorowanki-dla-dzieci-do-druku","product_tag-quiz-flagi-europy","product_tag-warszawa-z-dzieckiem","product_tag-wzruszajace-slowa-dla-przyjaciela","product_tag-zabawki-na-roczek","product_tag-zosia-samosia"],"_links":{"self":[{"href":"http:\/\/klubmamgdynia.pl\/index.php\/wp-json\/wp\/v2\/product\/1208","targetHints":{"allow":["GET"]}}],"collection":[{"href":"http:\/\/klubmamgdynia.pl\/index.php\/wp-json\/wp\/v2\/product"}],"about":[{"href":"http:\/\/klubmamgdynia.pl\/index.php\/wp-json\/wp\/v2\/types\/product"}],"replies":[{"embeddable":true,"href":"http:\/\/klubmamgdynia.pl\/index.php\/wp-json\/wp\/v2\/comments?post=1208"}],"wp:featuredmedia":[{"embeddable":true,"href":"http:\/\/klubmamgdynia.pl\/index.php\/wp-json\/wp\/v2\/media\/1209"}],"wp:attachment":[{"href":"http:\/\/klubmamgdynia.pl\/index.php\/wp-json\/wp\/v2\/media?parent=1208"}],"wp:term":[{"taxonomy":"product_cat","embeddable":true,"href":"http:\/\/klubmamgdynia.pl\/index.php\/wp-json\/wp\/v2\/product_cat?post=1208"},{"taxonomy":"product_tag","embeddable":true,"href":"http:\/\/klubmamgdynia.pl\/index.php\/wp-json\/wp\/v2\/product_tag?post=1208"}],"curies":[{"name":"wp","href":"https:\/\/api.w.org\/{rel}","templated":true}]}}