{"id":12105,"date":"2011-05-01T21:06:10","date_gmt":"2011-05-01T19:06:10","guid":{"rendered":"http:\/\/klubmamgdynia.pl\/index.php\/produkt\/viga-toys-viga-drewniane-puzzle-z-pinezkami-owady\/"},"modified":"2026-04-24T05:52:27","modified_gmt":"2026-04-24T03:52:27","slug":"viga-toys-viga-drewniane-puzzle-z-pinezkami-owady","status":"publish","type":"product","link":"http:\/\/klubmamgdynia.pl\/index.php\/produkt\/viga-toys-viga-drewniane-puzzle-z-pinezkami-owady\/","title":{"rendered":"Viga Toys Viga Drewniane Puzzle Z Pinezkami Owady"},"content":{"rendered":"<p>Drewniane Puzzle z pinezkami od Viga dla dzieci od 18 miesi\u0105ca \u017cycia to idealne rozwi\u0105zanie do domu, jak i do przedszkola. Sk\u0142ada si\u0119 z planszy, oraz 4 element\u00f3w tematycznych, kt\u00f3re nale\u017cy do niej zamontowa\u0107. Na drewnianej podstawce znajduj\u0105 si\u0119 wg\u0142\u0119bienia, kt\u00f3re swoim kszta\u0142tem odpowiadaj\u0105 kolorowym puzzlom. Ca\u0142o\u015b\u0107 wykonana zosta\u0142a z drewna, pomalowana bezpiecznymi dla dziecka farbami w \u017cywe barwy, kt\u00f3re zadowol\u0105 ka\u017cdego u\u017cytkownika i dadz\u0105 mn\u00f3stwo rado\u015bci z zabawy.Charakterystyka:- 4 puzzle pinezkowe z owadami &#8211; Zestaw zawiera: tablic\u0119 z wg\u0142\u0119bieniami i 4 elementy przedstawiaj\u0105ce owady z pinezkami do chwytania- Gdy wszystkie fragmenty zostan\u0105 umieszczone w odpowiednich miejscach, otrzymamy ca\u0142y obrazek- Zabawka nie posiada ostrych kraw\u0119dzi i wykonana jest z najwy\u017cszej jako\u015bci materia\u0142\u00f3w bezpiecznych dla dzieci i \u015brodowiska- Pomalowana nietoksycznymi farbamiZabawka rozwija: &#8211; wyobra\u017anie,- zdolno\u015bci manualne,- zdolno\u015bci poznawcze,- umiej\u0119tno\u015b\u0107 logicznego my\u015blenia.<\/p>\n<h2>Viga Toys Viga Drewniane Puzzle Z Pinezkami Owady Viga<\/h2>\n<p>minecraft kolorowanki, zagadki s\u0142owne, pieski, kolorowanki patriotyczne symbole narodowe kolorowanka, kolorowanki do druku super zings, wr\u00f3\u017cby andrzejkowe dla dzieci zawody, zadania logiczne dla dzieci, trudne zagadki logiczne z odpowiedziami, kawa\u0142y na prima aprilis dla rodzic\u00f3w, prezent dla m\u0142odzie\u017cy, quiz o koniach, cytaty dla dzieci<\/p>\n<p>yyyyy<\/p>\n<p>&nbsp;<\/p>\n","protected":false},"excerpt":{"rendered":"<p>Drewniane Puzzle z pinezkami od Viga dla dzieci od 18 miesi\u0105ca \u017cycia to idealne rozwi\u0105zanie do domu, jak i do przedszkola. Sk\u0142ada si\u0119 z planszy, oraz 4 element\u00f3w tematycznych, kt\u00f3re nale\u017cy do niej zamontowa\u0107. Na drewnianej podstawce znajduj\u0105 si\u0119 wg\u0142\u0119bienia, kt\u00f3re swoim kszta\u0142tem odpowiadaj\u0105 kolorowym puzzlom. Ca\u0142o\u015b\u0107 wykonana zosta\u0142a z drewna, pomalowana bezpiecznymi dla dziecka [&hellip;]<\/p>\n","protected":false},"featured_media":12106,"comment_status":"closed","ping_status":"open","template":"","meta":[],"product_cat":[1106,99],"product_tag":[658,700,731,678,665],"class_list":["post-12105","product","type-product","status-publish","has-post-thumbnail","hentry","product_cat-viga","product_cat-zabawki-ekologiczne","product_tag-alan-znaczenie-imienia","product_tag-bajki-do-czytania-dla-dzieci","product_tag-maly-ksiaze-cytaty","product_tag-prezent-na-roczek-dla-dziewczynki","product_tag-proste-zagadki"],"_links":{"self":[{"href":"http:\/\/klubmamgdynia.pl\/index.php\/wp-json\/wp\/v2\/product\/12105","targetHints":{"allow":["GET"]}}],"collection":[{"href":"http:\/\/klubmamgdynia.pl\/index.php\/wp-json\/wp\/v2\/product"}],"about":[{"href":"http:\/\/klubmamgdynia.pl\/index.php\/wp-json\/wp\/v2\/types\/product"}],"replies":[{"embeddable":true,"href":"http:\/\/klubmamgdynia.pl\/index.php\/wp-json\/wp\/v2\/comments?post=12105"}],"wp:featuredmedia":[{"embeddable":true,"href":"http:\/\/klubmamgdynia.pl\/index.php\/wp-json\/wp\/v2\/media\/12106"}],"wp:attachment":[{"href":"http:\/\/klubmamgdynia.pl\/index.php\/wp-json\/wp\/v2\/media?parent=12105"}],"wp:term":[{"taxonomy":"product_cat","embeddable":true,"href":"http:\/\/klubmamgdynia.pl\/index.php\/wp-json\/wp\/v2\/product_cat?post=12105"},{"taxonomy":"product_tag","embeddable":true,"href":"http:\/\/klubmamgdynia.pl\/index.php\/wp-json\/wp\/v2\/product_tag?post=12105"}],"curies":[{"name":"wp","href":"https:\/\/api.w.org\/{rel}","templated":true}]}}