{"id":12111,"date":"2017-10-23T16:54:15","date_gmt":"2017-10-23T14:54:15","guid":{"rendered":"http:\/\/klubmamgdynia.pl\/index.php\/produkt\/alvi-pieluszkimolton-2pak-bialy-80x80cm\/"},"modified":"2026-04-03T09:28:48","modified_gmt":"2026-04-03T07:28:48","slug":"alvi-pieluszkimolton-2pak-bialy-80x80cm","status":"publish","type":"product","link":"http:\/\/klubmamgdynia.pl\/index.php\/produkt\/alvi-pieluszkimolton-2pak-bialy-80x80cm\/","title":{"rendered":"Alvi Pieluszkimolton 2Pak Bia\u0142y 80X80Cm"},"content":{"rendered":"<p>Szczeg\u00f3\u0142y produktu: Opakowanie 2 pieluch Molton Delikatny dla sk\u00f3ry Bardzo ch\u0142onny Potwierdzone klinicznie Wzmocnione kraw\u0119dzie Wymiary i waga: Wymiary: 80 x 80 cm Waga: ok. 80 gr. Materia\u0142 i piel\u0119gnacja: Materia\u0142: 100% bawe\u0142na organiczna Mo\u017cna pra\u0107 w temperaturze do 95\u00b0C Nadaje si\u0119 do suszenia w suszarce b\u0119bnowej W zestawie: 2x pieluchy Molton<\/p>\n<h2>Alvi Pieluszkimolton 2Pak Bia\u0142y 80X80Cm Alvi<\/h2>\n<p>zagadki sprawdzaj\u0105ce inteligencj\u0119, cyferki do druku, cytaty o rodzicach, quiz pi\u0142karski, pomys\u0142 na prezent dla nastolatki, m\u0105dra my\u015bl na dobranoc, prezent dla nastolatk\u00f3w ch\u0142opc\u00f3w, imi\u0119 leon, cytaty o mamie, bajki dla dzieci do czytania na dobranoc, mitologia grecka quiz, zagadki wielkanocne dla doros\u0142ych, papugi do druku, oryginalny prezent na roczek dla dziewczynki, kolorowanki ninjago, zabawy halloweenowe dla dzieci, natalia<\/p>\n<p>yyyyy<\/p>\n<p>&nbsp;<\/p>\n","protected":false},"excerpt":{"rendered":"<p>Szczeg\u00f3\u0142y produktu: Opakowanie 2 pieluch Molton Delikatny dla sk\u00f3ry Bardzo ch\u0142onny Potwierdzone klinicznie Wzmocnione kraw\u0119dzie Wymiary i waga: Wymiary: 80 x 80 cm Waga: ok. 80 gr. Materia\u0142 i piel\u0119gnacja: Materia\u0142: 100% bawe\u0142na organiczna Mo\u017cna pra\u0107 w temperaturze do 95\u00b0C Nadaje si\u0119 do suszenia w suszarce b\u0119bnowej W zestawie: 2x pieluchy Molton Alvi Pieluszkimolton 2Pak [&hellip;]<\/p>\n","protected":false},"featured_media":12112,"comment_status":"closed","ping_status":"open","template":"","meta":[],"product_cat":[121,17],"product_tag":[686,644,649,800],"class_list":["post-12111","product","type-product","status-publish","has-post-thumbnail","hentry","product_cat-alvi","product_cat-pieluchy","product_tag-co-na-roczek-dla-chlopca","product_tag-mia","product_tag-zagadki-dla-nastolatkow","product_tag-zagadki-smieszne"],"_links":{"self":[{"href":"http:\/\/klubmamgdynia.pl\/index.php\/wp-json\/wp\/v2\/product\/12111","targetHints":{"allow":["GET"]}}],"collection":[{"href":"http:\/\/klubmamgdynia.pl\/index.php\/wp-json\/wp\/v2\/product"}],"about":[{"href":"http:\/\/klubmamgdynia.pl\/index.php\/wp-json\/wp\/v2\/types\/product"}],"replies":[{"embeddable":true,"href":"http:\/\/klubmamgdynia.pl\/index.php\/wp-json\/wp\/v2\/comments?post=12111"}],"wp:featuredmedia":[{"embeddable":true,"href":"http:\/\/klubmamgdynia.pl\/index.php\/wp-json\/wp\/v2\/media\/12112"}],"wp:attachment":[{"href":"http:\/\/klubmamgdynia.pl\/index.php\/wp-json\/wp\/v2\/media?parent=12111"}],"wp:term":[{"taxonomy":"product_cat","embeddable":true,"href":"http:\/\/klubmamgdynia.pl\/index.php\/wp-json\/wp\/v2\/product_cat?post=12111"},{"taxonomy":"product_tag","embeddable":true,"href":"http:\/\/klubmamgdynia.pl\/index.php\/wp-json\/wp\/v2\/product_tag?post=12111"}],"curies":[{"name":"wp","href":"https:\/\/api.w.org\/{rel}","templated":true}]}}