{"id":12121,"date":"2020-12-24T22:08:50","date_gmt":"2020-12-24T21:08:50","guid":{"rendered":"http:\/\/klubmamgdynia.pl\/index.php\/produkt\/parkside-akumulator-4-0-ah-pap-20-a3\/"},"modified":"2026-04-06T01:06:37","modified_gmt":"2026-04-05T23:06:37","slug":"parkside-akumulator-4-0-ah-pap-20-a3","status":"publish","type":"product","link":"http:\/\/klubmamgdynia.pl\/index.php\/produkt\/parkside-akumulator-4-0-ah-pap-20-a3\/","title":{"rendered":"PARKSIDE Akumulator 4.0 AH PAP 20 A3"},"content":{"rendered":"<p>W\u0142a\u015bciwo\u015bcimocny akumulator litowo-jonowy z 3-stopniowym wska\u017anikiem stanu \u0142adowaniakompatybilny ze wszystkimi urz\u0105dzeniami serii \u201ePARKSIDE X 20 V Team\u201dParametry technicznenapi\u0119cie: 20 Vpojemno\u015b\u0107: 4 AhWymiary8,4 x 7,1 x 12,6 cm (szer. x wys. x g\u0142.)Materia\u0142 wykonaniatworzywo sztucznetermoplastyczny elastomer (TPE)Waga715 g<\/p>\n<h2>PARKSIDE Akumulator 4.0 AH PAP 20 A3 Parkside<\/h2>\n<p>prezent dla 7 latka ch\u0142opca, jaki prezent na roczek, kuku\u0142eczka kuka tekst, quiz o stolicach europy, zagadki na my\u015blenie<\/p>\n<p>yyyyy<\/p>\n<p>&nbsp;<\/p>\n","protected":false},"excerpt":{"rendered":"<p>W\u0142a\u015bciwo\u015bcimocny akumulator litowo-jonowy z 3-stopniowym wska\u017anikiem stanu \u0142adowaniakompatybilny ze wszystkimi urz\u0105dzeniami serii \u201ePARKSIDE X 20 V Team\u201dParametry technicznenapi\u0119cie: 20 Vpojemno\u015b\u0107: 4 AhWymiary8,4 x 7,1 x 12,6 cm (szer. x wys. x g\u0142.)Materia\u0142 wykonaniatworzywo sztucznetermoplastyczny elastomer (TPE)Waga715 g PARKSIDE Akumulator 4.0 AH PAP 20 A3 Parkside prezent dla 7 latka ch\u0142opca, jaki prezent na roczek, kuku\u0142eczka [&hellip;]<\/p>\n","protected":false},"featured_media":12122,"comment_status":"closed","ping_status":"open","template":"","meta":[],"product_cat":[2090,2098],"product_tag":[593,613,614,576],"class_list":["post-12121","product","type-product","status-publish","has-post-thumbnail","hentry","product_cat-ladowarki-akumulatory-i-zasilacze","product_cat-parkside","product_tag-jak-narysowac-konia","product_tag-na-wyspach-bergamutach","product_tag-pia","product_tag-trudne-zagadki"],"_links":{"self":[{"href":"http:\/\/klubmamgdynia.pl\/index.php\/wp-json\/wp\/v2\/product\/12121","targetHints":{"allow":["GET"]}}],"collection":[{"href":"http:\/\/klubmamgdynia.pl\/index.php\/wp-json\/wp\/v2\/product"}],"about":[{"href":"http:\/\/klubmamgdynia.pl\/index.php\/wp-json\/wp\/v2\/types\/product"}],"replies":[{"embeddable":true,"href":"http:\/\/klubmamgdynia.pl\/index.php\/wp-json\/wp\/v2\/comments?post=12121"}],"wp:featuredmedia":[{"embeddable":true,"href":"http:\/\/klubmamgdynia.pl\/index.php\/wp-json\/wp\/v2\/media\/12122"}],"wp:attachment":[{"href":"http:\/\/klubmamgdynia.pl\/index.php\/wp-json\/wp\/v2\/media?parent=12121"}],"wp:term":[{"taxonomy":"product_cat","embeddable":true,"href":"http:\/\/klubmamgdynia.pl\/index.php\/wp-json\/wp\/v2\/product_cat?post=12121"},{"taxonomy":"product_tag","embeddable":true,"href":"http:\/\/klubmamgdynia.pl\/index.php\/wp-json\/wp\/v2\/product_tag?post=12121"}],"curies":[{"name":"wp","href":"https:\/\/api.w.org\/{rel}","templated":true}]}}