{"id":12165,"date":"2023-04-10T22:07:51","date_gmt":"2023-04-10T20:07:51","guid":{"rendered":"http:\/\/klubmamgdynia.pl\/?post_type=product&#038;p=12165"},"modified":"2026-04-30T06:04:34","modified_gmt":"2026-04-30T04:04:34","slug":"chicco-eco-ukladanka-dino","status":"publish","type":"product","link":"http:\/\/klubmamgdynia.pl\/index.php\/produkt\/chicco-eco-ukladanka-dino\/","title":{"rendered":"Chicco Eco + Uk\u0142adanka Dino"},"content":{"rendered":"<p>Dla lepszego \u015bwiata Eco+ od ChiccoNowa linia zabawek od firmy Chicco Eco+ to zabawki wykonane z plastiku pochodz\u0105cego recyklingu oraz bioplastiku zaprojektowane z my\u015bl\u0105 o Tobie, Twoich dzieciach i waszej przysz\u0142o\u015bci.Firma postawi\u0142a ogromny krok, aby szerzy\u0107 \u015bwiadomo\u015b\u0107 rodzic\u00f3w. Celem Chicco jest dzia\u0142a\u0107 odpowiedzialnie w odniesieniu do ludzi i \u015brodowiska, podejmuj\u0105c kroki na rzecz lepszego \u015bwiata.Nauka poprzez zabaw\u0119Sorter Uk\u0142adanka Dino ECO jest uk\u0142adank\u0105 i sorterem kszta\u0142t\u00f3w w jednym.Posiada 6 kolorowych kubeczk\u00f3w o r\u00f3\u017cnej wielko\u015bci oraz 3 geometryczne kszta\u0142ty, kt\u00f3re zapewniaj\u0105 r\u00f3\u017cne rodzaje zabawy wspieraj\u0105ce rozw\u00f3j zdolno\u015bci poznawczych oraz manualnych.Dino potrzebuje Twojej pomocy, aby zachowa\u0107 r\u00f3wnowag\u0119!Zabawa na wiele sposob\u00f3wSorter kszta\u0142t\u00f3w 12M+ &#8211; trzy elementy do sortowaniaWie\u017ca 18M+ &#8211; z do\u0142\u0105czonych kubeczk\u00f3w mo\u017cna zbudowa\u0107 wysok\u0105 wie\u017c\u0119R\u00f3wnowa\u017cnia 24M+ &#8211; Dino jest r\u00f3wnowa\u017cni\u0105, na kt\u00f3rej nale\u017cy u\u0142o\u017cy\u0107 kolorowe kubeczki tak by zabawka zachowa\u0142a r\u00f3wnowag\u0119Wszystkie te trzy czynno\u015bci pomog\u0105 Twoim dzieciom rozwin\u0105\u0107 umiej\u0119tno\u015bci poznawcze, logiczne skojarzenia i koordynacj\u0119 r\u0119ka-oko!Zabawka wykonana zosta\u0142a w 80% z plastiku pochodz\u0105cego z recyklingu.Dodatkowe informacjeZabawki ECO+ maj\u0105 dok\u0142adnie takie same wysokie standardy jako\u015bci jak ka\u017cdy inny produkt Chicco, zar\u00f3wno pod wzgl\u0119dem \u0142atwo\u015bci zabawy, jak i bezpiecze\u0144stwa produktu.Sorter Uk\u0142adanka Dino ECO jest cz\u0119\u015bci\u0105 Chicco ECO+, zabawek wykonanych z plastiku pochodz\u0105cego z recyklingu oraz bioplastiku (w r\u00f3\u017cnych procentach, w zale\u017cno\u015bci od produktu), kt\u00f3re s\u0105 produkowane we W\u0142oszech. Zabawki te zosta\u0142y zaprojektowane tak, aby anga\u017cowa\u0107 dzieci w zabaw\u0119 i pom\u00f3c im zrozumie\u0107, jak powstaj\u0105 rzeczy i jak dzia\u0142aj\u0105, gdy zostan\u0105 po\u0142\u0105czone. Opakowania zabawek nadaj\u0105 si\u0119 do recyklingu, a cz\u0119\u015bci plastikowe zosta\u0142y w nich ograniczone do minimum.Opakowanie eco &#8211; friendlyOpakowania zabawek Chicco Eco+ nadaj\u0105 si\u0119 do recyklingu, a cz\u015bcigane plastikowe zosta\u0142y w nich ograniczone do minimum.Chicco czyli wspieranie rodzic\u00f3w od 1958 rokuFirma Chicco zosta\u0142a za\u0142o\u017cona w 1958 r. przez Pietra Catelli, kt\u00f3ry chcia\u0142 uczci\u0107 narodziny swojego pierwszego syna Enrico, pieszczotliwie znanego jako \u201eChicco\u201d. Stworzy\u0142 mark\u0119 specjalizuj\u0105c\u0105 si\u0119 w produktach do piel\u0119gnacji, kt\u00f3ra skierowana by\u0142a dla dzieci od urodzenia do uko\u0144czenia 36 miesi\u0119cy.Tak narodzi\u0142a si\u0119 marka Chicco czyli lider na rynku \u015bwiatowym w produktach dla dzieci.<\/p>\n<h2>Chicco Eco + Uk\u0142adanka Dino Chicco<\/h2>\n<p>dzie\u0144 matki w\u0142asnor\u0119czny prezent dla mamy od dziecka, zak\u0142adka do ksi\u0105\u017cki szablon, piosenki dla dzieci tekst, mia imie, \u0142amig\u0142\u00f3wki s\u0142owne, krzy\u017c\u00f3wki dla dzieci, pawe\u0142, audiobooki dla dzieci za darmo, test z lektury miko\u0142ajek do druku, rzadkie imiona, pa\u0144stwa miasta wz\u00f3r, zagadki o zwierz\u0119tach dla dzieci, ignacy znaczenie imienia, rysowanie po \u015bladzie<\/p>\n<p>yyyyy<\/p>\n<p>&nbsp;<\/p>\n","protected":false},"excerpt":{"rendered":"<p>Dla lepszego \u015bwiata Eco+ od ChiccoNowa linia zabawek od firmy Chicco Eco+ to zabawki wykonane z plastiku pochodz\u0105cego recyklingu oraz bioplastiku zaprojektowane z my\u015bl\u0105 o Tobie, Twoich dzieciach i waszej przysz\u0142o\u015bci.Firma postawi\u0142a ogromny krok, aby szerzy\u0107 \u015bwiadomo\u015b\u0107 rodzic\u00f3w. Celem Chicco jest dzia\u0142a\u0107 odpowiedzialnie w odniesieniu do ludzi i \u015brodowiska, podejmuj\u0105c kroki na rzecz lepszego \u015bwiata.Nauka [&hellip;]<\/p>\n","protected":false},"featured_media":12166,"comment_status":"closed","ping_status":"open","template":"","meta":[],"product_cat":[312,537],"product_tag":[863,650,775,720,710],"class_list":["post-12165","product","type-product","status-publish","has-post-thumbnail","hentry","product_cat-chicco","product_cat-pozostale-zabawki-edukacyjne","product_tag-bajki-dla-dziewczynek","product_tag-choinka-z-bibuly","product_tag-kolorowanki-do-druku-pokemon","product_tag-malowanki","product_tag-zagadki-dla-dzieci-10-12-lat"],"_links":{"self":[{"href":"http:\/\/klubmamgdynia.pl\/index.php\/wp-json\/wp\/v2\/product\/12165","targetHints":{"allow":["GET"]}}],"collection":[{"href":"http:\/\/klubmamgdynia.pl\/index.php\/wp-json\/wp\/v2\/product"}],"about":[{"href":"http:\/\/klubmamgdynia.pl\/index.php\/wp-json\/wp\/v2\/types\/product"}],"replies":[{"embeddable":true,"href":"http:\/\/klubmamgdynia.pl\/index.php\/wp-json\/wp\/v2\/comments?post=12165"}],"wp:featuredmedia":[{"embeddable":true,"href":"http:\/\/klubmamgdynia.pl\/index.php\/wp-json\/wp\/v2\/media\/12166"}],"wp:attachment":[{"href":"http:\/\/klubmamgdynia.pl\/index.php\/wp-json\/wp\/v2\/media?parent=12165"}],"wp:term":[{"taxonomy":"product_cat","embeddable":true,"href":"http:\/\/klubmamgdynia.pl\/index.php\/wp-json\/wp\/v2\/product_cat?post=12165"},{"taxonomy":"product_tag","embeddable":true,"href":"http:\/\/klubmamgdynia.pl\/index.php\/wp-json\/wp\/v2\/product_tag?post=12165"}],"curies":[{"name":"wp","href":"https:\/\/api.w.org\/{rel}","templated":true}]}}