{"id":1218,"date":"2021-08-24T05:19:14","date_gmt":"2021-08-24T03:19:14","guid":{"rendered":"http:\/\/klubmamgdynia.pl\/index.php\/produkt\/rebel-komplet-kosci-rpg-dwukolorowe-niebiesko-rozowe\/"},"modified":"2026-04-05T20:47:01","modified_gmt":"2026-04-05T18:47:01","slug":"rebel-komplet-kosci-rpg-dwukolorowe-niebiesko-rozowe","status":"publish","type":"product","link":"http:\/\/klubmamgdynia.pl\/index.php\/produkt\/rebel-komplet-kosci-rpg-dwukolorowe-niebiesko-rozowe\/","title":{"rendered":"Rebel Komplet ko\u015bci RPG Dwukolorowe Niebiesko-r\u00f3\u017cowe"},"content":{"rendered":"<p>Komplet siedmiu dwukolorowych ko\u015bci marki Rebel o unikalnym charakterze. S\u0105 to jedne z najtrudniejszych w produkcji ko\u015bci, poniewa\u017c wymagaj\u0105 bardzo uwa\u017cnego zmieszania dw\u00f3ch tworzyw o r\u00f3\u017cnym stopniu zabarwienia. Przy produkcji tych ko\u015bci wszystko mo\u017ce si\u0119 zdarzy\u0107. Niew\u0142a\u015bciwe proporcje, zar\u00f3wno barwnika, jak i dw\u00f3ch tworzyw, mog\u0105 nieodpowiednio zabarwi\u0107 dan\u0105 parti\u0119 produkcyjn\u0105. Tak samo gro\u017ane mo\u017ce by\u0107 zbyt szybkie, lub zbyt wolne, ich mieszanie. Nie zdarza si\u0119, \u017ceby ko\u015bci dwukolorowe wyst\u0105pi\u0142y w identycznych wzorach. Ka\u017cda sztuka, ka\u017cdy komplet, to unikat.<\/p>\n<h2>Rebel Komplet ko\u015bci RPG Dwukolorowe Niebiesko-r\u00f3\u017cowe Rebel<\/h2>\n<p>skye psi patrol kolorowanka, quizy o skokach narciarskich, beniamin imi\u0119, kolorowanki do druku dla doros\u0142ych, ela znaczenie imienia, otto, asiunia test z lektury, \u017carty na prima aprilis dla mamy, prezent na roczek dla chlopca, znaczenie imiona alan, kolorowanki patriotyczne symbole narodowe kolorowanka, zabawki na roczek dla dziewczynki<\/p>\n<p>yyyyy<\/p>\n<p>&nbsp;<\/p>\n","protected":false},"excerpt":{"rendered":"<p>Komplet siedmiu dwukolorowych ko\u015bci marki Rebel o unikalnym charakterze. S\u0105 to jedne z najtrudniejszych w produkcji ko\u015bci, poniewa\u017c wymagaj\u0105 bardzo uwa\u017cnego zmieszania dw\u00f3ch tworzyw o r\u00f3\u017cnym stopniu zabarwienia. Przy produkcji tych ko\u015bci wszystko mo\u017ce si\u0119 zdarzy\u0107. Niew\u0142a\u015bciwe proporcje, zar\u00f3wno barwnika, jak i dw\u00f3ch tworzyw, mog\u0105 nieodpowiednio zabarwi\u0107 dan\u0105 parti\u0119 produkcyjn\u0105. Tak samo gro\u017ane mo\u017ce by\u0107 [&hellip;]<\/p>\n","protected":false},"featured_media":1219,"comment_status":"closed","ping_status":"open","template":"","meta":[],"product_cat":[364,219],"product_tag":[664,676,706,747],"class_list":["post-1218","product","type-product","status-publish","has-post-thumbnail","hentry","product_cat-akcesoria-do-gier","product_cat-rebel","product_tag-atrakcje-dla-dzieci-trojmiasto","product_tag-bursztynek","product_tag-imie-kuba","product_tag-malowanki-do-druku"],"_links":{"self":[{"href":"http:\/\/klubmamgdynia.pl\/index.php\/wp-json\/wp\/v2\/product\/1218","targetHints":{"allow":["GET"]}}],"collection":[{"href":"http:\/\/klubmamgdynia.pl\/index.php\/wp-json\/wp\/v2\/product"}],"about":[{"href":"http:\/\/klubmamgdynia.pl\/index.php\/wp-json\/wp\/v2\/types\/product"}],"replies":[{"embeddable":true,"href":"http:\/\/klubmamgdynia.pl\/index.php\/wp-json\/wp\/v2\/comments?post=1218"}],"wp:featuredmedia":[{"embeddable":true,"href":"http:\/\/klubmamgdynia.pl\/index.php\/wp-json\/wp\/v2\/media\/1219"}],"wp:attachment":[{"href":"http:\/\/klubmamgdynia.pl\/index.php\/wp-json\/wp\/v2\/media?parent=1218"}],"wp:term":[{"taxonomy":"product_cat","embeddable":true,"href":"http:\/\/klubmamgdynia.pl\/index.php\/wp-json\/wp\/v2\/product_cat?post=1218"},{"taxonomy":"product_tag","embeddable":true,"href":"http:\/\/klubmamgdynia.pl\/index.php\/wp-json\/wp\/v2\/product_tag?post=1218"}],"curies":[{"name":"wp","href":"https:\/\/api.w.org\/{rel}","templated":true}]}}