{"id":12187,"date":"2019-11-17T14:59:31","date_gmt":"2019-11-17T13:59:31","guid":{"rendered":"http:\/\/klubmamgdynia.pl\/index.php\/produkt\/duso-90x90-ds402t\/"},"modified":"2026-05-17T22:32:35","modified_gmt":"2026-05-17T20:32:35","slug":"duso-90x90-ds402t","status":"publish","type":"product","link":"http:\/\/klubmamgdynia.pl\/index.php\/produkt\/duso-90x90-ds402t\/","title":{"rendered":"Duso 90&#215;90 DS402T"},"content":{"rendered":"<p>Duso 90&#215;90 DS402T<\/p>\n<p>Kabina prysznicowa p\u00f3\u0142okr\u0105g\u0142a marki\u00a0DusoKod produktu: \u00a0DS402TKolor profili: chromKolor szk\u0142a: PrzejrzysteWymiar:\u00a0 \u00a0 \u00a0 \u00a0 \u00a0 \u00a0 \u00a0 \u00a0-90x90cm\u00a0 \u00a0 \u00a0 \u00a0 \u00a0 \u00a0 \u00a0 \u00a0-Szeroko\u015b\u0107 wej\u015bcia: 48cm\u00a0 \u00a0 \u00a0 \u00a0 \u00a0 \u00a0 \u00a0 \u00a0-Wysoko\u015b\u0107: \u00a0184cmDwuskrzyd\u0142owaPromie\u0144:\u00a055cmSzk\u0142o hartowaneMonta\u017c:\u00a0na posadzce lub\u00a0na brodzikuGrubo\u015b\u0107 szk\u0142a:\u00a04mm\u00a0Rodzaj Drzwi: 2-cz\u0119\u015bcioweOtwieranie drzwi: Przesuwne<\/p>\n<h2>Duso 90&#215;90 DS402T Duso<\/h2>\n<p>wiersz o wakacjach, darmowe kolorowanki do druku, jak narysowa\u0107 kr\u00f3lika, zabawy dla 5-6 latk\u00f3w, sporty po francusku, kolorowanki psi patrol, park ujazdowski, bajki na dobranoc psi patrol, quizy online<\/p>\n<p>yyyyy<\/p>\n<p>&nbsp;<\/p>\n","protected":false},"excerpt":{"rendered":"<p>Duso 90&#215;90 DS402T Kabina prysznicowa p\u00f3\u0142okr\u0105g\u0142a marki\u00a0DusoKod produktu: \u00a0DS402TKolor profili: chromKolor szk\u0142a: PrzejrzysteWymiar:\u00a0 \u00a0 \u00a0 \u00a0 \u00a0 \u00a0 \u00a0 \u00a0-90x90cm\u00a0 \u00a0 \u00a0 \u00a0 \u00a0 \u00a0 \u00a0 \u00a0-Szeroko\u015b\u0107 wej\u015bcia: 48cm\u00a0 \u00a0 \u00a0 \u00a0 \u00a0 \u00a0 \u00a0 \u00a0-Wysoko\u015b\u0107: \u00a0184cmDwuskrzyd\u0142owaPromie\u0144:\u00a055cmSzk\u0142o hartowaneMonta\u017c:\u00a0na posadzce lub\u00a0na brodzikuGrubo\u015b\u0107 szk\u0142a:\u00a04mm\u00a0Rodzaj Drzwi: 2-cz\u0119\u015bcioweOtwieranie drzwi: Przesuwne Duso 90&#215;90 DS402T Duso wiersz o wakacjach, darmowe kolorowanki [&hellip;]<\/p>\n","protected":false},"featured_media":12188,"comment_status":"closed","ping_status":"open","template":"","meta":[],"product_cat":[2102,2103],"product_tag":[658,584,734,641,799,597],"class_list":["post-12187","product","type-product","status-publish","has-post-thumbnail","hentry","product_cat-duso","product_cat-kabiny-prysznicowe","product_tag-alan-znaczenie-imienia","product_tag-liwia","product_tag-milan-imie","product_tag-trudne-zagadki-logiczne","product_tag-zagadka-logiczna","product_tag-zagadki-o-zimie"],"_links":{"self":[{"href":"http:\/\/klubmamgdynia.pl\/index.php\/wp-json\/wp\/v2\/product\/12187","targetHints":{"allow":["GET"]}}],"collection":[{"href":"http:\/\/klubmamgdynia.pl\/index.php\/wp-json\/wp\/v2\/product"}],"about":[{"href":"http:\/\/klubmamgdynia.pl\/index.php\/wp-json\/wp\/v2\/types\/product"}],"replies":[{"embeddable":true,"href":"http:\/\/klubmamgdynia.pl\/index.php\/wp-json\/wp\/v2\/comments?post=12187"}],"wp:featuredmedia":[{"embeddable":true,"href":"http:\/\/klubmamgdynia.pl\/index.php\/wp-json\/wp\/v2\/media\/12188"}],"wp:attachment":[{"href":"http:\/\/klubmamgdynia.pl\/index.php\/wp-json\/wp\/v2\/media?parent=12187"}],"wp:term":[{"taxonomy":"product_cat","embeddable":true,"href":"http:\/\/klubmamgdynia.pl\/index.php\/wp-json\/wp\/v2\/product_cat?post=12187"},{"taxonomy":"product_tag","embeddable":true,"href":"http:\/\/klubmamgdynia.pl\/index.php\/wp-json\/wp\/v2\/product_tag?post=12187"}],"curies":[{"name":"wp","href":"https:\/\/api.w.org\/{rel}","templated":true}]}}