{"id":12197,"date":"2013-11-05T07:49:53","date_gmt":"2013-11-05T06:49:53","guid":{"rendered":"http:\/\/klubmamgdynia.pl\/index.php\/produkt\/dodot-zestaw-dla-noworodka-pieluchy-chusteczki\/"},"modified":"2026-04-28T01:57:57","modified_gmt":"2026-04-27T23:57:57","slug":"dodot-zestaw-dla-noworodka-pieluchy-chusteczki","status":"publish","type":"product","link":"http:\/\/klubmamgdynia.pl\/index.php\/produkt\/dodot-zestaw-dla-noworodka-pieluchy-chusteczki\/","title":{"rendered":"DODOT zestaw dla noworodka pieluchy + chusteczki"},"content":{"rendered":"<p>Zestaw dla noworodk\u00f3w Dodot Sensitive: 28 pieluszek w rozmiarze 1, 2-5 kg \u200b\u200b+ 68 pieluszek w rozmiarze 2, 4-8 kg + 54 chusteczki z pojemnikiem dozuj\u0105cym- stan: produkt nowy, kartonowe opakowanie producenta nosi \u015blady magazynowania bez wp\u0142ywu na produkt.W\u0142a\u015bciwa ochrona sk\u00f3ry DodotMi\u0119kka warstwa ch\u0142onna dzi\u0119ki wyselekcjonowanym materia\u0142om piel\u0119gnuj\u0105cym sk\u00f3r\u0119 dzieckaUnikalna warstwa ch\u0142onna zapewnia optymalne wch\u0142anianie moczu i kupki.Mi\u0119kkie, oddychaj\u0105ce paski, kt\u00f3re delikatnie dopasowuj\u0105 si\u0119 do brzuszka dzieckaWska\u017anik wilgoci zmienia kolor, gdy czas zmieni\u0107 pieluszk\u0119.Wska\u017anik wilgoci zmienia kolor, gdy czas zmieni\u0107 pieluszk\u0119.Kr\u00f3j w okolicy p\u0119pka zapewnia mi\u0119kkie i wygodne dopasowanie, aby chroni\u0107 Twoje dzieckoDodot Sensitive z mi\u0119kk\u0105 warstw\u0105 ch\u0142onn\u0105Cora-soft, ekskluzywna ch\u0142onna warstwa Dodot Sensitive, jest wykonana z materia\u0142\u00f3w przypominaj\u0105cych pierza, kt\u00f3re zapewniaj\u0105 Twojemu dziecku niesamowit\u0105 mi\u0119kko\u015b\u0107. Ponadto unikalny system wch\u0142aniania zapewnia maksymalne wch\u0142anianie p\u0142ynnej kupki chroni\u0105c sk\u00f3r\u0119 dziecka.Otul sk\u00f3r\u0119 swojego dziecka w niesamowitym uczuciem mi\u0119kko\u015bci.Mi\u0119kkie, oddychaj\u0105ce paskiDopasowuj\u0105 si\u0119 delikatnie do brzuszka Twojego dziecka.Informujemy, \u017ce prowadzimy tak\u017ce sklep stacjonarny i w rzadkich przypadkach mo\u017ce si\u0119 zdarzy\u0107 sytuacja, \u017ce zakupiony towar zosta\u0142 r\u00f3wnocze\u015bnie sprzedany na sklepie. W\u00f3wczas informujemy o zaistnia\u0142ej sytuacji jeszcze tego samego dnia i zwracamy got\u00f3wk\u0119.<\/p>\n<h2>DODOT zestaw dla noworodka pieluchy + chusteczki <\/h2>\n<p>regina, olaf znaczenie imienia, kolorowanki pieski, zagadki dla dzieci 6 lat, kontynenty do druku, bajki terapeutyczne o emocjach pdf, co kupic na roczek, dzie\u0144 nauczyciela teksty, zagadki o zwierz\u0119tach wiejskich, quiz o psie kt\u00f3ry je\u017adzi\u0142 kolej\u0105, zagadki wielkanocne do druku, zwierz\u0119ta z plasteliny, atrakcje dla dzieci we wroc\u0142awiu<\/p>\n<p>yyyyy<\/p>\n<p>&nbsp;<\/p>\n","protected":false},"excerpt":{"rendered":"<p>Zestaw dla noworodk\u00f3w Dodot Sensitive: 28 pieluszek w rozmiarze 1, 2-5 kg \u200b\u200b+ 68 pieluszek w rozmiarze 2, 4-8 kg + 54 chusteczki z pojemnikiem dozuj\u0105cym- stan: produkt nowy, kartonowe opakowanie producenta nosi \u015blady magazynowania bez wp\u0142ywu na produkt.W\u0142a\u015bciwa ochrona sk\u00f3ry DodotMi\u0119kka warstwa ch\u0142onna dzi\u0119ki wyselekcjonowanym materia\u0142om piel\u0119gnuj\u0105cym sk\u00f3r\u0119 dzieckaUnikalna warstwa ch\u0142onna zapewnia optymalne wch\u0142anianie [&hellip;]<\/p>\n","protected":false},"featured_media":12198,"comment_status":"closed","ping_status":"open","template":"","meta":[],"product_cat":[17],"product_tag":[685,691,647],"class_list":["post-12197","product","type-product","status-publish","has-post-thumbnail","hentry","product_cat-pieluchy","product_tag-cytaty-o-rodzinie","product_tag-gabriel","product_tag-warszawa-z-dzieckiem"],"_links":{"self":[{"href":"http:\/\/klubmamgdynia.pl\/index.php\/wp-json\/wp\/v2\/product\/12197","targetHints":{"allow":["GET"]}}],"collection":[{"href":"http:\/\/klubmamgdynia.pl\/index.php\/wp-json\/wp\/v2\/product"}],"about":[{"href":"http:\/\/klubmamgdynia.pl\/index.php\/wp-json\/wp\/v2\/types\/product"}],"replies":[{"embeddable":true,"href":"http:\/\/klubmamgdynia.pl\/index.php\/wp-json\/wp\/v2\/comments?post=12197"}],"wp:featuredmedia":[{"embeddable":true,"href":"http:\/\/klubmamgdynia.pl\/index.php\/wp-json\/wp\/v2\/media\/12198"}],"wp:attachment":[{"href":"http:\/\/klubmamgdynia.pl\/index.php\/wp-json\/wp\/v2\/media?parent=12197"}],"wp:term":[{"taxonomy":"product_cat","embeddable":true,"href":"http:\/\/klubmamgdynia.pl\/index.php\/wp-json\/wp\/v2\/product_cat?post=12197"},{"taxonomy":"product_tag","embeddable":true,"href":"http:\/\/klubmamgdynia.pl\/index.php\/wp-json\/wp\/v2\/product_tag?post=12197"}],"curies":[{"name":"wp","href":"https:\/\/api.w.org\/{rel}","templated":true}]}}