{"id":12211,"date":"2024-04-30T23:17:16","date_gmt":"2024-04-30T21:17:16","guid":{"rendered":"http:\/\/klubmamgdynia.pl\/?post_type=product&#038;p=12211"},"modified":"2026-04-05T20:49:44","modified_gmt":"2026-04-05T18:49:44","slug":"little-dutch-apaszko-bandanka-wild-flowers-pink","status":"publish","type":"product","link":"http:\/\/klubmamgdynia.pl\/index.php\/produkt\/little-dutch-apaszko-bandanka-wild-flowers-pink\/","title":{"rendered":"Little Dutch Apaszko-Bandanka Wild Flowers Pink"},"content":{"rendered":"<p>Apaszko-bandanko-\u015bliniaczek holenderskiej marki Little Dutch z kolekcji Wild Flowers, wykonany z niezwykle przyjemnej, 100% organicznej bawe\u0142ny z certyfikatem Oeko-Tex.Bawe\u0142na doskonale poch\u0142ania wilgo\u0107, gdy maluszek zaczyna z\u0105bkowa\u0107 i podczas posi\u0142k\u00f3w.Sprawdzi si\u0119 r\u00f3wnie\u017c jako stylowy szaliczek-bandanka podczas spacer\u00f3w.\u015aliniaczek jest podszyty i posiada dwa zatrzaski, kt\u00f3re u\u0142atwiaj\u0105 regulacj\u0119.Unikalna struktura tkaniny jest bardzo mi\u0119kka, elastyczna i dlatego idealna dla najm\u0142odszych.Apaszka jest bardzo praktyczna, ale stanowi te\u017c pi\u0119kny dodatek do ubioru dziecka.Doskonale pasuje do r\u0119cznika, du\u017cego otulacza i \u015bpiworka z kolekcji Wild Flowers.Instrukcja czyszczenia: pra\u0107 w 30 stopniach, prasowa\u0107 w niskiej temperaturze,nie czy\u015bci\u0107 chemicznie,nie wybiela\u0107,nie nadaje si\u0119 do suszarki b\u0119bnowej.Kolor: r\u00f3\u017cowy z motywem kwiatowym.Materia\u0142: 100% bawe\u0142na organiczna jersey.<\/p>\n<h2>Little Dutch Apaszko-Bandanka Wild Flowers Pink Little Dutch<\/h2>\n<p>asiunia test z lektury, zabawy dla 5 latka, zabawy dla 7 latki, szablon zaproszenia na urodziny do wydruku czarno bia\u0142e, zabawki na roczek dla dziewczynki, maski do druku kolorowe, test magiczne drzewo czerwone krzes\u0142o, zagadki dla dzieci 7-8 lat, ko\u0142ysanki tekst, quiz o bajkach, podchwytliwe zagadki z odpowiedziami, macierzy\u0144stwo cytaty<\/p>\n<p>yyyyy<\/p>\n<p>&nbsp;<\/p>\n","protected":false},"excerpt":{"rendered":"<p>Apaszko-bandanko-\u015bliniaczek holenderskiej marki Little Dutch z kolekcji Wild Flowers, wykonany z niezwykle przyjemnej, 100% organicznej bawe\u0142ny z certyfikatem Oeko-Tex.Bawe\u0142na doskonale poch\u0142ania wilgo\u0107, gdy maluszek zaczyna z\u0105bkowa\u0107 i podczas posi\u0142k\u00f3w.Sprawdzi si\u0119 r\u00f3wnie\u017c jako stylowy szaliczek-bandanka podczas spacer\u00f3w.\u015aliniaczek jest podszyty i posiada dwa zatrzaski, kt\u00f3re u\u0142atwiaj\u0105 regulacj\u0119.Unikalna struktura tkaniny jest bardzo mi\u0119kka, elastyczna i dlatego idealna dla [&hellip;]<\/p>\n","protected":false},"featured_media":12212,"comment_status":"closed","ping_status":"open","template":"","meta":[],"product_cat":[167,1100],"product_tag":[686,716,684,783,771,822],"class_list":["post-12211","product","type-product","status-publish","has-post-thumbnail","hentry","product_cat-little-dutch","product_cat-sliniaki-i-fartuszki","product_tag-co-na-roczek-dla-chlopca","product_tag-filmy-animowane-o-swietach","product_tag-prezent-dla-dziewczynki-na-roczek","product_tag-prezenty-na-roczek-dla-chlopca","product_tag-stolice-europy-quiz","product_tag-wierszyki-o-wakacjach-krotkie"],"_links":{"self":[{"href":"http:\/\/klubmamgdynia.pl\/index.php\/wp-json\/wp\/v2\/product\/12211","targetHints":{"allow":["GET"]}}],"collection":[{"href":"http:\/\/klubmamgdynia.pl\/index.php\/wp-json\/wp\/v2\/product"}],"about":[{"href":"http:\/\/klubmamgdynia.pl\/index.php\/wp-json\/wp\/v2\/types\/product"}],"replies":[{"embeddable":true,"href":"http:\/\/klubmamgdynia.pl\/index.php\/wp-json\/wp\/v2\/comments?post=12211"}],"wp:featuredmedia":[{"embeddable":true,"href":"http:\/\/klubmamgdynia.pl\/index.php\/wp-json\/wp\/v2\/media\/12212"}],"wp:attachment":[{"href":"http:\/\/klubmamgdynia.pl\/index.php\/wp-json\/wp\/v2\/media?parent=12211"}],"wp:term":[{"taxonomy":"product_cat","embeddable":true,"href":"http:\/\/klubmamgdynia.pl\/index.php\/wp-json\/wp\/v2\/product_cat?post=12211"},{"taxonomy":"product_tag","embeddable":true,"href":"http:\/\/klubmamgdynia.pl\/index.php\/wp-json\/wp\/v2\/product_tag?post=12211"}],"curies":[{"name":"wp","href":"https:\/\/api.w.org\/{rel}","templated":true}]}}