{"id":12227,"date":"2018-06-11T06:30:39","date_gmt":"2018-06-11T04:30:39","guid":{"rendered":"http:\/\/klubmamgdynia.pl\/index.php\/produkt\/pielucha-tetrowa-its-a-boy-na-szarym\/"},"modified":"2026-04-29T03:32:38","modified_gmt":"2026-04-29T01:32:38","slug":"pielucha-tetrowa-its-a-boy-na-szarym","status":"publish","type":"product","link":"http:\/\/klubmamgdynia.pl\/index.php\/produkt\/pielucha-tetrowa-its-a-boy-na-szarym\/","title":{"rendered":"Pielucha Tetrowa It&#8217;S A Boy Na Szarym"},"content":{"rendered":"<h2>Pielucha Tetrowa ItS A Boy Na Szarym <\/h2>\n<p>film animowany o \u015bwi\u0119tach, flagi pa\u0144stw quiz, prezent dla 15 latki, bajki dla noworodka, \u017carty na prima aprilis dla mamy, pi\u0119kne cytaty o nauczycielach, spiderman kolorowanka, co na prezent dla nastolatk\u00f3w, zygzak mcqueen kolorowanka, menu na urodziny dziecka<\/p>\n<p>yyyyy<\/p>\n<p>&nbsp;<\/p>\n","protected":false},"excerpt":{"rendered":"<p>Pielucha Tetrowa ItS A Boy Na Szarym film animowany o \u015bwi\u0119tach, flagi pa\u0144stw quiz, prezent dla 15 latki, bajki dla noworodka, \u017carty na prima aprilis dla mamy, pi\u0119kne cytaty o nauczycielach, spiderman kolorowanka, co na prezent dla nastolatk\u00f3w, zygzak mcqueen kolorowanka, menu na urodziny dziecka yyyyy &nbsp;<\/p>\n","protected":false},"featured_media":12228,"comment_status":"closed","ping_status":"open","template":"","meta":[],"product_cat":[1006],"product_tag":[658,669,823,811],"class_list":["post-12227","product","type-product","status-publish","has-post-thumbnail","hentry","product_cat-koce-i-narzuty-dzieciece","product_tag-alan-znaczenie-imienia","product_tag-kolorowanki","product_tag-zagadki-dla-dzieci-7-lat","product_tag-zagadki-logiczne-dla-dzieci"],"_links":{"self":[{"href":"http:\/\/klubmamgdynia.pl\/index.php\/wp-json\/wp\/v2\/product\/12227","targetHints":{"allow":["GET"]}}],"collection":[{"href":"http:\/\/klubmamgdynia.pl\/index.php\/wp-json\/wp\/v2\/product"}],"about":[{"href":"http:\/\/klubmamgdynia.pl\/index.php\/wp-json\/wp\/v2\/types\/product"}],"replies":[{"embeddable":true,"href":"http:\/\/klubmamgdynia.pl\/index.php\/wp-json\/wp\/v2\/comments?post=12227"}],"wp:featuredmedia":[{"embeddable":true,"href":"http:\/\/klubmamgdynia.pl\/index.php\/wp-json\/wp\/v2\/media\/12228"}],"wp:attachment":[{"href":"http:\/\/klubmamgdynia.pl\/index.php\/wp-json\/wp\/v2\/media?parent=12227"}],"wp:term":[{"taxonomy":"product_cat","embeddable":true,"href":"http:\/\/klubmamgdynia.pl\/index.php\/wp-json\/wp\/v2\/product_cat?post=12227"},{"taxonomy":"product_tag","embeddable":true,"href":"http:\/\/klubmamgdynia.pl\/index.php\/wp-json\/wp\/v2\/product_tag?post=12227"}],"curies":[{"name":"wp","href":"https:\/\/api.w.org\/{rel}","templated":true}]}}