{"id":12249,"date":"2024-10-29T06:09:27","date_gmt":"2024-10-29T05:09:27","guid":{"rendered":"http:\/\/klubmamgdynia.pl\/?post_type=product&#038;p=12249"},"modified":"2026-04-20T13:23:57","modified_gmt":"2026-04-20T11:23:57","slug":"rower-biegowy-rowerek-pompowane-kola-hamulec","status":"publish","type":"product","link":"http:\/\/klubmamgdynia.pl\/index.php\/produkt\/rower-biegowy-rowerek-pompowane-kola-hamulec\/","title":{"rendered":"ROWER BIEGOWY ROWEREK + POMPOWANE KO\u0141A + HAMULEC"},"content":{"rendered":"<p>ROWER BIEGOWY ROWEREK + POMPOWANE KO\u0141A + HAMULECKOLOR NIEBIESKIRowerek biegowy wprawiany jest w ruch poprzez odpychanie si\u0119 dziecka n\u00f3\u017ckami. N\u00f3\u017ckami dziecko hamuje. Przy je\u017adzie z g\u00f3ry przydaje si\u0119 hamulec.Model posiada dzwoneczek, hamulec &#8211; w zale\u017cno\u015bci od swojej decyzji mo\u017cesz je zamontowa\u0107 lub nie.Pozbawiona peda\u0142\u00f3w konstrukcja rowerka pozwoli na szybkie opanowanie podstaw nauki jazdy, kt\u00f3rymi s\u0105 utrzymywanie r\u00f3wnowagi oraz balansowanie cia\u0142em. Hamulec r\u0119czny zapewni bezpiecze\u0144stwo podczas szybszej jazdy i zjazd\u00f3w z g\u00f3rki.Zalecany dla dzieci w wieku 3-5 lat.Wyposa\u017cenie:Pompowane ko\u0142a &#8211; niezawodne w ka\u017cdym terenie,Mi\u0119kkie ergonomiczne siedzonko &#8211; wygoda dla Twojego dziecka,Dzwonek &#8211; powoli ka\u017cdego ostrzec \u017ce rowerek nadje\u017cd\u017ca,Hamulec &#8211; niezb\u0119dny przy je\u017adzie na nier\u00f3wnym i pochy\u0142ym terenie,Lekka stalowa konstrukcja,Instrukcja w j\u0119zyku polskim,\u0141o\u017cyska w ko\u0142ach,Obr\u0119cze metalowe,Uchwyty na d\u0142onie &#8211; mi\u0119kkie i wygodne, antypo\u015blizgowe,Bezpieczna kierownica &#8211; brak blokady skr\u0119tuRegulowana wysoko\u015b\u0107 siode\u0142ka i kierownicy &#8211; rowerek ro\u015bnie wraz z dzieckiemDane techniczne:d\u0142ugo\u015b\u0107 rowerka: 88 cm,minimalna wysoko\u015b\u0107 (poziom kierownicy): ok. 53 cm,maksymalna wysoko\u015b\u0107 (poziom kierownicy): ok. 61 cm,minimalna wysoko\u015b\u0107 (poziom siode\u0142ka): ok. 37 cm,maksymalna wysoko\u015b\u0107 (poziom siode\u0142ka): ok. 43 cm,szeroko\u015b\u0107 kierownicy: 40 cm,\u015brednica k\u00f3\u0142: 12&#8243; (28 cm),szeroko\u015b\u0107 ko\u0142a: ok. 5 cm,D\u0142ugo\u015b\u0107 siedzonka: ok. 20 cmszeroko\u015b\u0107 siedzonka w najszerszym miejscu: ok 13 cm;waga: 3,5\/4 kg,maksymalne obci\u0105\u017cenie do 35 kg,rowerek jednoosobowy,marka R-Sport,pakowanie: szary karton,rowerek do samodzielnego &#8211; stosunkowo prostego monta\u017cu,Rowerek ro\u015bnie razem z Twoim dzieckiem!!!Regulowana wysoko\u015b\u0107 kierownicy.Regulowana wysoko\u015b\u0107 siode\u0142ka.W specyfikacji technicznej podano maksymalne i minimalne wymiary rowerka. Siode\u0142ko i kierownica mog\u0105 by\u0107 zmieniane.Ten pi\u0119kny rowerek mo\u017ce sta\u0107 si\u0119 pierwszym pojazdem w \u017cyciu Twojego dziecka i przysporzy\u0107 mu niezapomnianych wspomnie\u0144 z dzieci\u0144stwa, do kt\u00f3rych b\u0119dzie wraca\u0142 po latach. Kolorowy rowerek dla ma\u0142ego sportowcaProducent deklaruje pojazd dla dzieci powy\u017cej 3 roku \u017cycia, jednak je\u017celi dziecko jest w stanie siedzie\u0107 samodzielnie, to nie ma przeszk\u00f3d aby mog\u0142o go u\u017cywa\u0107 pod okiem osoby doros\u0142ej.Idealny prezent dla Twojego dziecka!Monta\u017c hamulca jest opcjonalny. Hamulec montuje si\u0119 wtedy, gdy dziecko jest na to gotowe. Je\u015bli dziecko dopiero zaczyna si\u0119 uczy\u0107 je\u017adzi\u0107 na rowerku biegowym, najlepiej monta\u017c hamulca od\u0142o\u017cy\u0107 na p\u00f3\u017aniej.Hamulec odwraca uwag\u0119 dziecka od nauki balansowania. Dziecko zaczynaj\u0105ce je\u017adzi\u0107 rowerkiem biegowym, bezpiecznie hamuje n\u00f3\u017ckami. Hamulec r\u0119czny staje si\u0119 niezb\u0119dny, kiedy dziecko je\u017adzi szybko lub te\u017c lubi zje\u017cd\u017ca\u0107 z g\u00f3rki.Pojazd generalnie przeznaczony do u\u017cytku zewn\u0119trznego, jednak jego ergonomiczna budowa sprzyja i pozwala u\u017cywa\u0107 go r\u00f3wnie\u017c w wi\u0119kszych pomieszczeniach takich jak taras czy salon.Zalecany dla dzieci w wieku 3-5 lat.Rowerek do samodzielnego stosunkowo \u0142atwego monta\u017cu &#8211; prosta instrukcja w \u015brodku.Ty decydujesz czy montujesz hamulec, dzwonek. Montujesz te elementy na kt\u00f3rych Ci zale\u017cy i kt\u00f3re uznasz za stosowne dla Twojego dziecka!Przed rozpocz\u0119ciem u\u017cytkowania nale\u017cy dok\u0142adnie zapozna\u0107 si\u0119 z instrukcj\u0105.U\u017cywanie rowerka wymaga ka\u017cdorazowej \u015bcis\u0142ej opieki i nadzoru osoby doros\u0142ej.Rowerek przeznaczony do u\u017cytku prywatnego (niekomercyjnego).Zabawka posiada Certyfikat Zgodno\u015bci CE.Rowerek mo\u017ce posiada\u0107 niewielkie rysy poprodukcyjne.WYMIAR OPAKOWANIA : 15*50*25WAGA : 3 KG \/ MAG : BPojazd do samodzielnego monta\u017cu.Do ka\u017cdego pojazdu otrzymuj\u0105 Pa\u0144stwo pisemn\u0105 gw na 12 miesi\u0119cy oraz instrukcj\u0119 obs\u0142ugi w j\u0119zyku polskim.<\/p>\n<h2>ROWER BIEGOWY ROWEREK + POMPOWANE KO\u0141A + HAMULEC Goliath<\/h2>\n<p>imie nadia, minecraft kolorowanki, zagadki matematyczne z odpowiedziami, trudne zagadki logiczne, glupie zagadki, jak narysowa\u0107 psa, wakacje kolorowanka, kostek imi\u0119, ma\u0142y ksi\u0105\u017c\u0119 sprawdzian, co kupic na roczek, wulkan eksperyment, karmen imie, atrakcje dla nastolatk\u00f3w, zaproszenie na urodziny dziecka do druku<\/p>\n<p>yyyyy<\/p>\n<p>&nbsp;<\/p>\n","protected":false},"excerpt":{"rendered":"<p>ROWER BIEGOWY ROWEREK + POMPOWANE KO\u0141A + HAMULECKOLOR NIEBIESKIRowerek biegowy wprawiany jest w ruch poprzez odpychanie si\u0119 dziecka n\u00f3\u017ckami. N\u00f3\u017ckami dziecko hamuje. Przy je\u017adzie z g\u00f3ry przydaje si\u0119 hamulec.Model posiada dzwoneczek, hamulec &#8211; w zale\u017cno\u015bci od swojej decyzji mo\u017cesz je zamontowa\u0107 lub nie.Pozbawiona peda\u0142\u00f3w konstrukcja rowerka pozwoli na szybkie opanowanie podstaw nauki jazdy, kt\u00f3rymi s\u0105 [&hellip;]<\/p>\n","protected":false},"featured_media":12250,"comment_status":"closed","ping_status":"open","template":"","meta":[],"product_cat":[1173,453],"product_tag":[864,781,780,605],"class_list":["post-12249","product","type-product","status-publish","has-post-thumbnail","hentry","product_cat-goliath","product_cat-rowerki-biegowe","product_tag-basen-warszawa","product_tag-cytaty-o-wychowaniu-dzieci","product_tag-krecik-bajka","product_tag-milena"],"_links":{"self":[{"href":"http:\/\/klubmamgdynia.pl\/index.php\/wp-json\/wp\/v2\/product\/12249","targetHints":{"allow":["GET"]}}],"collection":[{"href":"http:\/\/klubmamgdynia.pl\/index.php\/wp-json\/wp\/v2\/product"}],"about":[{"href":"http:\/\/klubmamgdynia.pl\/index.php\/wp-json\/wp\/v2\/types\/product"}],"replies":[{"embeddable":true,"href":"http:\/\/klubmamgdynia.pl\/index.php\/wp-json\/wp\/v2\/comments?post=12249"}],"wp:featuredmedia":[{"embeddable":true,"href":"http:\/\/klubmamgdynia.pl\/index.php\/wp-json\/wp\/v2\/media\/12250"}],"wp:attachment":[{"href":"http:\/\/klubmamgdynia.pl\/index.php\/wp-json\/wp\/v2\/media?parent=12249"}],"wp:term":[{"taxonomy":"product_cat","embeddable":true,"href":"http:\/\/klubmamgdynia.pl\/index.php\/wp-json\/wp\/v2\/product_cat?post=12249"},{"taxonomy":"product_tag","embeddable":true,"href":"http:\/\/klubmamgdynia.pl\/index.php\/wp-json\/wp\/v2\/product_tag?post=12249"}],"curies":[{"name":"wp","href":"https:\/\/api.w.org\/{rel}","templated":true}]}}