{"id":12261,"date":"2025-08-03T00:28:03","date_gmt":"2025-08-02T22:28:03","guid":{"rendered":"http:\/\/klubmamgdynia.pl\/?post_type=product&#038;p=12261"},"modified":"2026-04-30T02:26:20","modified_gmt":"2026-04-30T00:26:20","slug":"ses-creative-pluszak-do-kolorowania-mis","status":"publish","type":"product","link":"http:\/\/klubmamgdynia.pl\/index.php\/produkt\/ses-creative-pluszak-do-kolorowania-mis\/","title":{"rendered":"SES Creative Pluszak do kolorowania mi\u015b"},"content":{"rendered":"<p>Autor:ISBN: 5+EAN: 8710341144265Wydawnictwo: SES NLWydanie: pude\u0142ko,Strony:Pokoloruj flamastrami misia i stw\u00f3rz dzi\u0119ki temu swoj\u0105 ulubion\u0105 maskotk\u0119!<\/p>\n<h2>SES Creative Pluszak do kolorowania mi\u015b Ses Creative<\/h2>\n<p>zabawy dla 10 latk\u00f3w, paloma, kontynenty dla dzieci do druku, \u015bwi\u0105teczny film dla dzieci, quiz flagi, zagadki o zwierz\u0119tach le\u015bnych dla dzieci, tekst ko\u0142ysanki<\/p>\n<p>yyyyy<\/p>\n<p>&nbsp;<\/p>\n","protected":false},"excerpt":{"rendered":"<p>Autor:ISBN: 5+EAN: 8710341144265Wydawnictwo: SES NLWydanie: pude\u0142ko,Strony:Pokoloruj flamastrami misia i stw\u00f3rz dzi\u0119ki temu swoj\u0105 ulubion\u0105 maskotk\u0119! SES Creative Pluszak do kolorowania mi\u015b Ses Creative zabawy dla 10 latk\u00f3w, paloma, kontynenty dla dzieci do druku, \u015bwi\u0105teczny film dla dzieci, quiz flagi, zagadki o zwierz\u0119tach le\u015bnych dla dzieci, tekst ko\u0142ysanki yyyyy &nbsp;<\/p>\n","protected":false},"featured_media":12262,"comment_status":"closed","ping_status":"open","template":"","meta":[],"product_cat":[1072,21],"product_tag":[781,583,793],"class_list":["post-12261","product","type-product","status-publish","has-post-thumbnail","hentry","product_cat-ses-creative","product_cat-zabawki-plastyczne","product_tag-cytaty-o-wychowaniu-dzieci","product_tag-kolysanki-dla-dzieci-tekst","product_tag-zagadki-smieszne-podchwytliwe"],"_links":{"self":[{"href":"http:\/\/klubmamgdynia.pl\/index.php\/wp-json\/wp\/v2\/product\/12261","targetHints":{"allow":["GET"]}}],"collection":[{"href":"http:\/\/klubmamgdynia.pl\/index.php\/wp-json\/wp\/v2\/product"}],"about":[{"href":"http:\/\/klubmamgdynia.pl\/index.php\/wp-json\/wp\/v2\/types\/product"}],"replies":[{"embeddable":true,"href":"http:\/\/klubmamgdynia.pl\/index.php\/wp-json\/wp\/v2\/comments?post=12261"}],"wp:featuredmedia":[{"embeddable":true,"href":"http:\/\/klubmamgdynia.pl\/index.php\/wp-json\/wp\/v2\/media\/12262"}],"wp:attachment":[{"href":"http:\/\/klubmamgdynia.pl\/index.php\/wp-json\/wp\/v2\/media?parent=12261"}],"wp:term":[{"taxonomy":"product_cat","embeddable":true,"href":"http:\/\/klubmamgdynia.pl\/index.php\/wp-json\/wp\/v2\/product_cat?post=12261"},{"taxonomy":"product_tag","embeddable":true,"href":"http:\/\/klubmamgdynia.pl\/index.php\/wp-json\/wp\/v2\/product_tag?post=12261"}],"curies":[{"name":"wp","href":"https:\/\/api.w.org\/{rel}","templated":true}]}}