{"id":12269,"date":"2022-03-05T23:20:51","date_gmt":"2022-03-05T22:20:51","guid":{"rendered":"http:\/\/klubmamgdynia.pl\/index.php\/produkt\/squishmallows-mollie-jednorozec-niebiesko-fioletowy-miekki-pluszak-0806\/"},"modified":"2026-04-24T05:23:57","modified_gmt":"2026-04-24T03:23:57","slug":"squishmallows-mollie-jednorozec-niebiesko-fioletowy-miekki-pluszak-0806","status":"publish","type":"product","link":"http:\/\/klubmamgdynia.pl\/index.php\/produkt\/squishmallows-mollie-jednorozec-niebiesko-fioletowy-miekki-pluszak-0806\/","title":{"rendered":"Squishmallows Mollie Jednoro\u017cec Niebiesko-Fioletowy Mi\u0119kki Pluszak 0806"},"content":{"rendered":"<h2>Squishmallows Mollie Jednoro\u017cec Niebiesko-Fioletowy Mi\u0119kki Pluszak 0806 Jazwares<\/h2>\n<p>zyczenia walentynkowe dla dzieci, kolorowanka lol, menu urodzinowe dla dzieci w wieku 8 10 lat, lol kolorowanki do druku<\/p>\n<p>yyyyy<\/p>\n<p>&nbsp;<\/p>\n","protected":false},"excerpt":{"rendered":"<p>Squishmallows Mollie Jednoro\u017cec Niebiesko-Fioletowy Mi\u0119kki Pluszak 0806 Jazwares zyczenia walentynkowe dla dzieci, kolorowanka lol, menu urodzinowe dla dzieci w wieku 8 10 lat, lol kolorowanki do druku yyyyy &nbsp;<\/p>\n","protected":false},"featured_media":12270,"comment_status":"closed","ping_status":"open","template":"","meta":[],"product_cat":[912,42],"product_tag":[722,727,643],"class_list":["post-12269","product","type-product","status-publish","has-post-thumbnail","hentry","product_cat-jazwares","product_cat-maskotki","product_tag-cytaty-o-przyjazni","product_tag-godlo-polski-do-druku","product_tag-prezent-dla-17-latki"],"_links":{"self":[{"href":"http:\/\/klubmamgdynia.pl\/index.php\/wp-json\/wp\/v2\/product\/12269","targetHints":{"allow":["GET"]}}],"collection":[{"href":"http:\/\/klubmamgdynia.pl\/index.php\/wp-json\/wp\/v2\/product"}],"about":[{"href":"http:\/\/klubmamgdynia.pl\/index.php\/wp-json\/wp\/v2\/types\/product"}],"replies":[{"embeddable":true,"href":"http:\/\/klubmamgdynia.pl\/index.php\/wp-json\/wp\/v2\/comments?post=12269"}],"wp:featuredmedia":[{"embeddable":true,"href":"http:\/\/klubmamgdynia.pl\/index.php\/wp-json\/wp\/v2\/media\/12270"}],"wp:attachment":[{"href":"http:\/\/klubmamgdynia.pl\/index.php\/wp-json\/wp\/v2\/media?parent=12269"}],"wp:term":[{"taxonomy":"product_cat","embeddable":true,"href":"http:\/\/klubmamgdynia.pl\/index.php\/wp-json\/wp\/v2\/product_cat?post=12269"},{"taxonomy":"product_tag","embeddable":true,"href":"http:\/\/klubmamgdynia.pl\/index.php\/wp-json\/wp\/v2\/product_tag?post=12269"}],"curies":[{"name":"wp","href":"https:\/\/api.w.org\/{rel}","templated":true}]}}