{"id":12281,"date":"2023-02-22T11:35:21","date_gmt":"2023-02-22T10:35:21","guid":{"rendered":"http:\/\/klubmamgdynia.pl\/?post_type=product&#038;p=12281"},"modified":"2026-04-05T20:27:08","modified_gmt":"2026-04-05T18:27:08","slug":"royal-canin-veterinary-diet-renal-feline-liquid-200ml","status":"publish","type":"product","link":"http:\/\/klubmamgdynia.pl\/index.php\/produkt\/royal-canin-veterinary-diet-renal-feline-liquid-200ml\/","title":{"rendered":"Royal Canin Veterinary Diet Renal Feline Liquid 200ml"},"content":{"rendered":"<p>Royal Canin Cat Renal Liquid &#8211; Pe\u0142noporcjowa dietetyczna<br \/>\nkarma w p\u0142ynie dla doros\u0142ych kot\u00f3w.Post\u0119powanie dietetyczne w przypadku chor\u00f3b nerek &#8211;\u00a0Receptura<br \/>\nwspomagaj\u0105ca funkcjonowanie nerek w przypadku niewydolno\u015bci nerek: wysokiej<br \/>\njako\u015bci bia\u0142ka oraz ograniczony poziom fosforu. Dodatek EPA + DHA oraz<br \/>\nprzeciwutleniaczy.Pe\u0142noporcjowa karma &#8211;\u00a0Pe\u0142noporcjowa, zbilansowana<br \/>\np\u0142ynna dieta wspomaga prac\u0119 nerek w przypadku niewydolno\u015bci nerek, u kot\u00f3w<br \/>\nwymagaj\u0105cych zastosowania wspomaganego \u017cywienia dojelitowego.Odpowiedni poziom energii (1 kcal\/ml) &#8211;\u00a0Wysoka<br \/>\nkoncentracja energii pokrywa dzienne zapotrzebowanie energetyczne w<br \/>\nograniczonej obj\u0119to\u015bci posi\u0142ku.Kompleks przeciwutleniaczy &#8211;\u00a0Kompleks<br \/>\nwsp\u00f3\u0142dzia\u0142aj\u0105cych przeciwutleniaczy (w tym wysoki poziom witamin E i C, tauryny<br \/>\ni luteiny) pomaga walczy\u0107 z wolnymi rodnikami.Do podawania przez zg\u0142\u0119bnik &#8211;\u00a0P\u0142ynna formu\u0142a o<br \/>\nodpowiedniej g\u0119sto\u015bci, umo\u017cliwia stosowanie zg\u0142\u0119bnik\u00f3w o r\u00f3\u017cnej \u015brednicy.Sk\u0142ad Royal Canin Cat Renal Liquid :\u00a0Mleko i produkty<br \/>\nmleczne, zbo\u017ca, oleje i t\u0142uszcze, ro\u015blinne ekstrakty bia\u0142kowe, minera\u0142y,<br \/>\nprodukty pochodzenia ro\u015blinnego. \u0179r\u00f3d\u0142o bia\u0142ka: mleko o niskiej zawarto\u015bci<br \/>\nlaktozy, kazeinat, koncentrat bia\u0142ka sojowego. Dodatki (na 1kg):** Witamina A:<br \/>\n3330UI, Witamina D3: 320UI, E1 (\u017belazo): 30mg, E2 (Jod): 0,3mg, E4 (Mied\u017a):<br \/>\n1,8mg, E5 (Mangan): 2,4mg, E6 (Cynk): 28mg, E8 (Selen): 0,15mg. * L.I.P. (Low<br \/>\nIndigestible Protein): bia\u0142ka wyselekcjonowane ze wzgl\u0119du na wysok\u0105 strawno\u015b\u0107.<br \/>\nUwaga: Podane warto\u015bci odzwierciedlaj\u0105 jedynie ilo\u015bci dodane do receptury, a<br \/>\nnie ilo\u015bci naturalnie\u00a0wyst\u0119puj\u0105ce w u\u017cytych surowcach.\u00a0 Ca\u0142kowity<br \/>\npoziom poszczeg\u00f3lnych sk\u0142adnik\u00f3w znajduje si\u0119 w szczeg\u00f3\u0142owych analizach.Stosowanie Royal Canin Cat Renal Liquid :\u00a0Podawa\u0107<br \/>\nwed\u0142ug tabeli na opakowaniu. Nale\u017cy zapewni\u0107 sta\u0142y dost\u0119p do \u015bwie\u017cej wody.<br \/>\nNajlepiej wykorzysta\u0107 przed: patrz data wa\u017cno\u015bci. Data wa\u017cno\u015bci, numer partii i<br \/>\nnumer rejestracyjny zak\u0142adu znajduj\u0105 si\u0119 z ty\u0142u opakowania. Przechowywa\u0107 w<br \/>\nsuchym i ch\u0142odnym miejscu.\u00a0<\/p>\n<h2>Royal Canin Veterinary Diet Renal Feline Liquid 200ml Royal Canin<\/h2>\n<p>kolorowe ciasto, zaj\u0105czek z jajka ugotowanego, znajd\u017a r\u00f3\u017cnice, \u017carty prima aprilis, filmy animowane o \u015bwi\u0119tach, quiz dla dzieci, wobies, bajka o smoku wawelskim, kolorowanki psi patrol, maska misia do druku, zagadki zimowe dla dzieci, w uk\u0142adzie s\u0142onecznym tekst, test miko\u0142ajek 25 pyta\u0144, cytaty dla mamy<\/p>\n<p>yyyyy<\/p>\n<p>&nbsp;<\/p>\n","protected":false},"excerpt":{"rendered":"<p>Royal Canin Cat Renal Liquid &#8211; Pe\u0142noporcjowa dietetyczna karma w p\u0142ynie dla doros\u0142ych kot\u00f3w.Post\u0119powanie dietetyczne w przypadku chor\u00f3b nerek &#8211;\u00a0Receptura wspomagaj\u0105ca funkcjonowanie nerek w przypadku niewydolno\u015bci nerek: wysokiej jako\u015bci bia\u0142ka oraz ograniczony poziom fosforu. Dodatek EPA + DHA oraz przeciwutleniaczy.Pe\u0142noporcjowa karma &#8211;\u00a0Pe\u0142noporcjowa, zbilansowana p\u0142ynna dieta wspomaga prac\u0119 nerek w przypadku niewydolno\u015bci nerek, u kot\u00f3w wymagaj\u0105cych [&hellip;]<\/p>\n","protected":false},"featured_media":12282,"comment_status":"closed","ping_status":"open","template":"","meta":[],"product_cat":[929,936],"product_tag":[668,728,854,823],"class_list":["post-12281","product","type-product","status-publish","has-post-thumbnail","hentry","product_cat-karmy-dla-kotow","product_cat-royal-canin","product_tag-atrakcje-dla-dzieci-wroclaw","product_tag-bezwarunkowa-milosc-do-dziecka-cytaty","product_tag-cytaty-rodzina","product_tag-zagadki-dla-dzieci-7-lat"],"_links":{"self":[{"href":"http:\/\/klubmamgdynia.pl\/index.php\/wp-json\/wp\/v2\/product\/12281","targetHints":{"allow":["GET"]}}],"collection":[{"href":"http:\/\/klubmamgdynia.pl\/index.php\/wp-json\/wp\/v2\/product"}],"about":[{"href":"http:\/\/klubmamgdynia.pl\/index.php\/wp-json\/wp\/v2\/types\/product"}],"replies":[{"embeddable":true,"href":"http:\/\/klubmamgdynia.pl\/index.php\/wp-json\/wp\/v2\/comments?post=12281"}],"wp:featuredmedia":[{"embeddable":true,"href":"http:\/\/klubmamgdynia.pl\/index.php\/wp-json\/wp\/v2\/media\/12282"}],"wp:attachment":[{"href":"http:\/\/klubmamgdynia.pl\/index.php\/wp-json\/wp\/v2\/media?parent=12281"}],"wp:term":[{"taxonomy":"product_cat","embeddable":true,"href":"http:\/\/klubmamgdynia.pl\/index.php\/wp-json\/wp\/v2\/product_cat?post=12281"},{"taxonomy":"product_tag","embeddable":true,"href":"http:\/\/klubmamgdynia.pl\/index.php\/wp-json\/wp\/v2\/product_tag?post=12281"}],"curies":[{"name":"wp","href":"https:\/\/api.w.org\/{rel}","templated":true}]}}