{"id":12289,"date":"2018-12-03T11:38:00","date_gmt":"2018-12-03T10:38:00","guid":{"rendered":"http:\/\/klubmamgdynia.pl\/index.php\/produkt\/babyboom-pieluszki-muslinowe-3szt-gwiezdny-pyl\/"},"modified":"2026-04-03T21:43:20","modified_gmt":"2026-04-03T19:43:20","slug":"babyboom-pieluszki-muslinowe-3szt-gwiezdny-pyl","status":"publish","type":"product","link":"http:\/\/klubmamgdynia.pl\/index.php\/produkt\/babyboom-pieluszki-muslinowe-3szt-gwiezdny-pyl\/","title":{"rendered":"Babyboom Pieluszki Mu\u015blinowe 3Szt. Gwiezdny Py\u0142"},"content":{"rendered":"<p>Pieluszki mu\u015blinowe BabyBoom to wyj\u0105tkowo delikatne pieluszki, uszyte z najwy\u017cszej jako\u015bci mu\u015blinu bawe\u0142nianego polskiej produkcji. Niezwyk\u0142a dba\u0142o\u015b\u0107 o ka\u017cdy element ich wyko\u0144czenia zapewnia im niezr\u00f3wnan\u0105 trwa\u0142o\u015b\u0107.<\/p>\n<h2>Babyboom Pieluszki Mu\u015blinowe 3Szt. Gwiezdny Py\u0142 <\/h2>\n<p>trudne zagadki na inteligencje, maska iron man, quiz z bajek, cytat o rodzinie, dyplomy do wydrukowania a4, zaproszenie do druku, quiz o miko\u0142ajku, bajki dla dzieci do czytania na dobranoc, nadia, prezent dla m\u0142odzie\u017cy, menu urodzinowe dla dzieci w wieku 8 10 lat, wystawy dla dzieci warszawa, przek\u0105ski na urodziny dziecka, bajka do czytania na dobranoc, przyjed\u017a do nas miko\u0142aju tekst, kolorowanka kotka<\/p>\n<p>yyyyy<\/p>\n<p>&nbsp;<\/p>\n","protected":false},"excerpt":{"rendered":"<p>Pieluszki mu\u015blinowe BabyBoom to wyj\u0105tkowo delikatne pieluszki, uszyte z najwy\u017cszej jako\u015bci mu\u015blinu bawe\u0142nianego polskiej produkcji. Niezwyk\u0142a dba\u0142o\u015b\u0107 o ka\u017cdy element ich wyko\u0144czenia zapewnia im niezr\u00f3wnan\u0105 trwa\u0142o\u015b\u0107. Babyboom Pieluszki Mu\u015blinowe 3Szt. Gwiezdny Py\u0142 trudne zagadki na inteligencje, maska iron man, quiz z bajek, cytat o rodzinie, dyplomy do wydrukowania a4, zaproszenie do druku, quiz o miko\u0142ajku, [&hellip;]<\/p>\n","protected":false},"featured_media":12290,"comment_status":"closed","ping_status":"open","template":"","meta":[],"product_cat":[17],"product_tag":[660,848,861,742,708],"class_list":["post-12289","product","type-product","status-publish","has-post-thumbnail","hentry","product_cat-pieluchy","product_tag-bianka","product_tag-cytat-o-rodzinie","product_tag-jak-narysowac-psa","product_tag-piosenki-dla-dzieci-tekst","product_tag-zabawy-ruchowe-dla-dzieci"],"_links":{"self":[{"href":"http:\/\/klubmamgdynia.pl\/index.php\/wp-json\/wp\/v2\/product\/12289","targetHints":{"allow":["GET"]}}],"collection":[{"href":"http:\/\/klubmamgdynia.pl\/index.php\/wp-json\/wp\/v2\/product"}],"about":[{"href":"http:\/\/klubmamgdynia.pl\/index.php\/wp-json\/wp\/v2\/types\/product"}],"replies":[{"embeddable":true,"href":"http:\/\/klubmamgdynia.pl\/index.php\/wp-json\/wp\/v2\/comments?post=12289"}],"wp:featuredmedia":[{"embeddable":true,"href":"http:\/\/klubmamgdynia.pl\/index.php\/wp-json\/wp\/v2\/media\/12290"}],"wp:attachment":[{"href":"http:\/\/klubmamgdynia.pl\/index.php\/wp-json\/wp\/v2\/media?parent=12289"}],"wp:term":[{"taxonomy":"product_cat","embeddable":true,"href":"http:\/\/klubmamgdynia.pl\/index.php\/wp-json\/wp\/v2\/product_cat?post=12289"},{"taxonomy":"product_tag","embeddable":true,"href":"http:\/\/klubmamgdynia.pl\/index.php\/wp-json\/wp\/v2\/product_tag?post=12289"}],"curies":[{"name":"wp","href":"https:\/\/api.w.org\/{rel}","templated":true}]}}