{"id":12297,"date":"2022-01-02T23:20:31","date_gmt":"2022-01-02T22:20:31","guid":{"rendered":"http:\/\/klubmamgdynia.pl\/index.php\/produkt\/simba-swinka-peppa-maskotka-z-kolysanka-i-lampka-25cm\/"},"modified":"2026-04-03T23:54:39","modified_gmt":"2026-04-03T21:54:39","slug":"simba-swinka-peppa-maskotka-z-kolysanka-i-lampka-25cm","status":"publish","type":"product","link":"http:\/\/klubmamgdynia.pl\/index.php\/produkt\/simba-swinka-peppa-maskotka-z-kolysanka-i-lampka-25cm\/","title":{"rendered":"Simba \u015awinka Peppa Maskotka Z Ko\u0142ysank\u0105 I Lampk\u0105 25Cm"},"content":{"rendered":"<p>\u015awinka Peppa, Maskotka z ko\u0142ysank\u0105 i lampk\u0105, 25 cmMaskotka 2 w 1 wygrywa ko\u0142ysank\u0119 i pe\u0142ni funkcj\u0119 lampki &#8211; \u015bwieci \u015bwiat\u0142em LED, obie funkcje s\u0105 z automatycznym wy\u0142\u0105cznikiem czasowym po 30 minutach, opcja try-me, wysoko\u015b\u0107: 25 cm, zasilana bateriami: 2 x 1,5V-AAA\/LR03, 0m+ NAZWA \u015aWINKA PEPPA MASKOTKA Z KO\u0141YSANK\u0104 I LAMPK\u0104 25CM PRODUCENT SIMBA WIEK 0M+ EAN 4006592070144 Znajd\u017a podobne wed\u0142ug klucza: SIMBA MASKOTKA (460916)<\/p>\n<h2>Simba \u015awinka Peppa Maskotka Z Ko\u0142ysank\u0105 I Lampk\u0105 25Cm Simba<\/h2>\n<p>podchwytliwe zagadki dla doros\u0142ych, quizy \u015bwi\u0105teczne bo\u017ce narodzenie, cytaty o nauczycielach, zagadki matematyczne na logik\u0119, trudne zagadki na inteligencj\u0119, buziak gify na dobranoc smieszne, jeremi imi\u0119, \u017carty na prima aprilis dla mamy, \u015bmieszne zagadki z odpowiedziami, zabawy dla 5-6 latk\u00f3w<\/p>\n<p>yyyyy<\/p>\n<p>&nbsp;<\/p>\n","protected":false},"excerpt":{"rendered":"<p>\u015awinka Peppa, Maskotka z ko\u0142ysank\u0105 i lampk\u0105, 25 cmMaskotka 2 w 1 wygrywa ko\u0142ysank\u0119 i pe\u0142ni funkcj\u0119 lampki &#8211; \u015bwieci \u015bwiat\u0142em LED, obie funkcje s\u0105 z automatycznym wy\u0142\u0105cznikiem czasowym po 30 minutach, opcja try-me, wysoko\u015b\u0107: 25 cm, zasilana bateriami: 2 x 1,5V-AAA\/LR03, 0m+ NAZWA \u015aWINKA PEPPA MASKOTKA Z KO\u0141YSANK\u0104 I LAMPK\u0104 25CM PRODUCENT SIMBA WIEK [&hellip;]<\/p>\n","protected":false},"featured_media":12298,"comment_status":"closed","ping_status":"open","template":"","meta":[],"product_cat":[42,279],"product_tag":[676,627,800],"class_list":["post-12297","product","type-product","status-publish","has-post-thumbnail","hentry","product_cat-maskotki","product_cat-simba","product_tag-bursztynek","product_tag-quiz-dzieci-z-bullerbyn","product_tag-zagadki-smieszne"],"_links":{"self":[{"href":"http:\/\/klubmamgdynia.pl\/index.php\/wp-json\/wp\/v2\/product\/12297","targetHints":{"allow":["GET"]}}],"collection":[{"href":"http:\/\/klubmamgdynia.pl\/index.php\/wp-json\/wp\/v2\/product"}],"about":[{"href":"http:\/\/klubmamgdynia.pl\/index.php\/wp-json\/wp\/v2\/types\/product"}],"replies":[{"embeddable":true,"href":"http:\/\/klubmamgdynia.pl\/index.php\/wp-json\/wp\/v2\/comments?post=12297"}],"wp:featuredmedia":[{"embeddable":true,"href":"http:\/\/klubmamgdynia.pl\/index.php\/wp-json\/wp\/v2\/media\/12298"}],"wp:attachment":[{"href":"http:\/\/klubmamgdynia.pl\/index.php\/wp-json\/wp\/v2\/media?parent=12297"}],"wp:term":[{"taxonomy":"product_cat","embeddable":true,"href":"http:\/\/klubmamgdynia.pl\/index.php\/wp-json\/wp\/v2\/product_cat?post=12297"},{"taxonomy":"product_tag","embeddable":true,"href":"http:\/\/klubmamgdynia.pl\/index.php\/wp-json\/wp\/v2\/product_tag?post=12297"}],"curies":[{"name":"wp","href":"https:\/\/api.w.org\/{rel}","templated":true}]}}