{"id":12315,"date":"2023-10-06T00:12:29","date_gmt":"2023-10-05T22:12:29","guid":{"rendered":"http:\/\/klubmamgdynia.pl\/?post_type=product&#038;p=12315"},"modified":"2026-05-17T22:38:24","modified_gmt":"2026-05-17T20:38:24","slug":"zaffiro-spiworek-5w1-igrow-mufki-2w1-plusz-melange-grey","status":"publish","type":"product","link":"http:\/\/klubmamgdynia.pl\/index.php\/produkt\/zaffiro-spiworek-5w1-igrow-mufki-2w1-plusz-melange-grey\/","title":{"rendered":"Zaffiro \u015apiworek 5W1 Igrow + Mufki 2W1 &#8211; Plusz Melange Grey"},"content":{"rendered":"<p>REGULOWANY \u015aPIWOREK ca\u0142oroczny ZAFFIRO iGROW Z INTELIGENTNYM SYSTEMEM ZAMK\u00d3W 5w1 z pluszem + MUFKI iMove 2w1kolor kompletu : szary melan\u017c &#8211; melange greyPasuje do:w\u00f3zk\u00f3w g\u0142\u0119bokich (typu gondolka)w\u00f3zk\u00f3w spacerowychfotelik\u00f3w samochodowychsanekpo ca\u0142kowitym rozpi\u0119ciu jako ciep\u0142y podk\u0142ad do w\u00f3zkaIdealne rozwi\u0105zanie zar\u00f3wno dla noworodk\u00f3w, jak i starszych dzieci (0-3). Dzi\u0119ki inteligentnemu systemowi zamk\u00f3w \u015bpiworek mo\u017cna regulowa\u0107 \u2013 skraca\u0107 i wyd\u0142u\u017ca\u0107 w zale\u017cno\u015bci od potrzeb i wieku dziecka.Cechy \u015bpiworka:wymiary: wersja kr\u00f3tka 84&#215;40 cm i wersja d\u0142u\u017csza 106 x 40 cmprzeznaczony dla dzieci od urodzenia do conajmniej 3 roku \u017cyciawyprodukowano w Polscewiatroszczelnywodoodporny (chroni przed deszczem i \u015bniegiem)ocieplany milutkim pluszem5- i 3- punktowy system monta\u017cu pas\u00f3wuniwersalny 5w1 idealny do gondoli, spacer\u00f3wki, na sanki, do fotelika samochodowego i jako ciep\u0142y podk\u0142ad do w\u00f3zkaCechy regulowanych mufek iMove:wymiary 38cm x 26cmpasuj\u0105 do ka\u017cdego w\u00f3zkamo\u017cna je u\u017cywa\u0107 jako jednocz\u0119\u015bciow\u0105 mufk\u0119 oraz dwucz\u0119\u015bciowe r\u0119kawice dzi\u0119ki zamkowi wszytemu w \u015brodkuzapi\u0119cie na 6 nap\u00f3wtkanina zewn\u0119trzna to wiatroszczelny i wodoodporny materia\u0142w \u015brodku znajduje si\u0119 wyj\u0105tkowo mi\u0119kki i ciep\u0142y pluszZapewnia ciep\u0142o i termoregulacj\u0119\u015apiworek dzi\u0119ki zastosowanym materia\u0142om idealnie sprawdza si\u0119 mro\u017an\u0105 zim\u0105, jak i w cieplejsze dni. Zapewnia r\u00f3wnie\u017c termoregulacj\u0119, dzi\u0119ki czemu skutecznie chroni dziecko nawet podczas silnych mroz\u00f3w oraz daje pewno\u015b\u0107, \u017ce nie przegrzeje si\u0119 ono w ciep\u0142e dni.Ochrona i bezpiecze\u0144stwo\u015apiworek od zewn\u0119trz pokryty jest najwy\u017cszej jako\u015bci wodoodporn\u0105 i wiatroszczeln\u0105 tkanin\u0105. Skutecznie chroni przed deszczem, \u015bniegiem i wiatrem, a jednocze\u015bnie oddychaj\u0105ca tkanina dostarcza maksimum komfortu. W dolnej odpinanej cz\u0119\u015bci \u015bpiworek pokryty jest od wewn\u0105trz specjaln\u0105 ochronn\u0105 pow\u0142ok\u0105 W\/R, dzi\u0119ki czemu wi\u0119ksze dzieci mog\u0105 je\u017adzi\u0107 w bucikach.Wygoda u\u017cycia i pe\u0142ne dopasowanieSystem otwor\u00f3w na 3- i 5-punktowe pasy bezpiecze\u0144stwa pasuje do ka\u017cdego w\u00f3zka. Szeroki d\u00f3\u0142 \u015bpiworka nie kr\u0119puje ruch\u00f3w dziecka, a \u015bci\u0105gacz w kapturze oraz regulowana zak\u0142adka pozwalaj\u0105 skuteczniej otuli\u0107 malucha i chroni\u0107 buzi\u0119 przed wiatrem i mrozem.\u015apiworek pasuje do takich modeli jak: Elodie, X-lander, Cybex, Joie, Valco baby, Bebetto, Mutsy, GB, Greentom, Anex, Quinny, Maxi Cosi, Bugaboo, Graco, Maclaren, Chicco oraz wi\u0119kszo\u015bci pozosta\u0142ych w\u00f3zk\u00f3w.Komfort i bezpiecze\u0144stwo dla dziecka\u015bpiworek jest wodoodporny i wiatroszczelnychroni przed wiatrem, deszczem, \u015bniegiemzapewnia komfort i ciep\u0142o, nawet w bardzo zimne dnizapobiega przegrzaniuposiada mo\u017cliwo\u015b\u0107 odwini\u0119cia g\u00f3rnej cz\u0119\u015bci ko\u0142derki, dzi\u0119ki czemu lepiej chroni przed zimnem i ch\u0142odemKomfort i bezpiecze\u0144stwo dla Ciebiemo\u017cliwo\u015b\u0107 regulacji d\u0142ugo\u015bci &#8211; ro\u015bnie wraz z dzieckiem posiada \u015bci\u0105gacz w ko\u0142nierzu, dzi\u0119ki czemu \u0142atwiej dopasowa\u0107 \u015bpiworek do kszta\u0142t\u00f3w w\u00f3zkapo ca\u0142kowitym zdj\u0119ciu ko\u0142derki dolna cz\u0119\u015b\u0107 mo\u017ce by\u0107 u\u017cyta jako cieplutki podk\u0142ad do w\u00f3zka lub fotelikamo\u017cna szybko pozby\u0107 si\u0119 dodatkowej warstwyposiada nak\u0142adk\u0119 zapobiegaj\u0105ca zsuwaniu si\u0119 \u015bpiwora z oparcia w\u00f3zka lub sanek<\/p>\n<h2>Zaffiro \u015apiworek 5W1 Igrow + Mufki 2W1 &#8211; Plusz Melange Grey Zaffiro<\/h2>\n<p>prezent dla 13 latki na \u015bwi\u0119ta, piosenka dla mamy tekst, co mo\u017cna zrobi\u0107 z rolek po papierze toaletowym, zagadki \u015bmieszne dla dzieci, wiosenna kolorowanka, pomys\u0142y na prima aprilis w szkole, kubu\u015b puchatek cytaty, znaczenie imiona dawid, prezenty dla nastolatkow, pies rysunek, opowiadanie o jesieni dla dzieci, dobranoc pch\u0142y na noc<\/p>\n<p>yyyyy<\/p>\n<p>&nbsp;<\/p>\n","protected":false},"excerpt":{"rendered":"<p>REGULOWANY \u015aPIWOREK ca\u0142oroczny ZAFFIRO iGROW Z INTELIGENTNYM SYSTEMEM ZAMK\u00d3W 5w1 z pluszem + MUFKI iMove 2w1kolor kompletu : szary melan\u017c &#8211; melange greyPasuje do:w\u00f3zk\u00f3w g\u0142\u0119bokich (typu gondolka)w\u00f3zk\u00f3w spacerowychfotelik\u00f3w samochodowychsanekpo ca\u0142kowitym rozpi\u0119ciu jako ciep\u0142y podk\u0142ad do w\u00f3zkaIdealne rozwi\u0105zanie zar\u00f3wno dla noworodk\u00f3w, jak i starszych dzieci (0-3). Dzi\u0119ki inteligentnemu systemowi zamk\u00f3w \u015bpiworek mo\u017cna regulowa\u0107 \u2013 skraca\u0107 i [&hellip;]<\/p>\n","protected":false},"featured_media":12316,"comment_status":"closed","ping_status":"open","template":"","meta":[],"product_cat":[127,1500],"product_tag":[763,652,809,860],"class_list":["post-12315","product","type-product","status-publish","has-post-thumbnail","hentry","product_cat-akcesoria-do-wozkow","product_cat-zaffiro","product_tag-fabian","product_tag-otto","product_tag-zagadki","product_tag-zagadki-logiczne-dla-doroslych"],"_links":{"self":[{"href":"http:\/\/klubmamgdynia.pl\/index.php\/wp-json\/wp\/v2\/product\/12315","targetHints":{"allow":["GET"]}}],"collection":[{"href":"http:\/\/klubmamgdynia.pl\/index.php\/wp-json\/wp\/v2\/product"}],"about":[{"href":"http:\/\/klubmamgdynia.pl\/index.php\/wp-json\/wp\/v2\/types\/product"}],"replies":[{"embeddable":true,"href":"http:\/\/klubmamgdynia.pl\/index.php\/wp-json\/wp\/v2\/comments?post=12315"}],"wp:featuredmedia":[{"embeddable":true,"href":"http:\/\/klubmamgdynia.pl\/index.php\/wp-json\/wp\/v2\/media\/12316"}],"wp:attachment":[{"href":"http:\/\/klubmamgdynia.pl\/index.php\/wp-json\/wp\/v2\/media?parent=12315"}],"wp:term":[{"taxonomy":"product_cat","embeddable":true,"href":"http:\/\/klubmamgdynia.pl\/index.php\/wp-json\/wp\/v2\/product_cat?post=12315"},{"taxonomy":"product_tag","embeddable":true,"href":"http:\/\/klubmamgdynia.pl\/index.php\/wp-json\/wp\/v2\/product_tag?post=12315"}],"curies":[{"name":"wp","href":"https:\/\/api.w.org\/{rel}","templated":true}]}}