{"id":12341,"date":"2024-03-23T22:39:24","date_gmt":"2024-03-23T21:39:24","guid":{"rendered":"http:\/\/klubmamgdynia.pl\/?post_type=product&#038;p=12341"},"modified":"2026-04-03T23:03:43","modified_gmt":"2026-04-03T21:03:43","slug":"janod-zestaw-kreatywny-stempelki-rycerze-j07798","status":"publish","type":"product","link":"http:\/\/klubmamgdynia.pl\/index.php\/produkt\/janod-zestaw-kreatywny-stempelki-rycerze-j07798\/","title":{"rendered":"Janod Zestaw Kreatywny Stempelki Rycerze J07798"},"content":{"rendered":"<p>Janod Zestaw Kreatywny Stempelki Rycerze                            <\/p>\n<p>a                            <\/p>\n<p>Zestaw kreatywny Stempelki Rycerze francuskiej marki JANOD zawiera 30 por\u0119cznych stempelk\u00f3w o r\u00f3\u017cnych kszta\u0142tach i wielko\u015bci, z grafikami \u015bredniowiecznego \u015bwiata rycerzy: smok\u00f3w, broni (jak np. miecze, tarcza), konia i pi\u0119ciu postaci rycerzy, kt\u00f3re mo\u017cna z\u0142o\u017cy\u0107 z trzech cz\u0119\u015bci: g\u0142owy w he\u0142mie, oraz g\u00f3rnej i dolnej cz\u0119\u015b\u0107 cia\u0142a w zbroi). Z ich pomoc\u0105 mo\u017cna tworzy\u0107 niepowtarzalne kompozycje, a odbite obrazki mo\u017cna dodatkowo pokolorowa\u0107. Stempelki wykonane s\u0105 z przyjemniej w dotyku spr\u0119\u017cystej pianki i gumowej powierzchni, na kt\u00f3rej umieszczony jest obrazek do odciskania. W komplecie znajduje si\u0119 te\u017c poduszeczka z czarnym tuszem. Stemplowanie to dla dziecka wiele d\u0142ugich chwil anga\u017cuj\u0105cej i uspokajaj\u0105cej zabawy. Zestaw zaprojektowano we Francji. Zapakowany jest w estetyczne kartonowe pude\u0142ko z okienkiem. Idealnie nadaje si\u0119 na prezent.                            <\/p>\n<p>a                            <\/p>\n<p>Zestawy artystyczne marki Janod to zbi\u00f3r kreatywnych zada\u0144 do samodzielnego wykonania przez dziecko, kt\u00f3re wspaniale kszta\u0142tuj\u0105 koordynacj\u0119 r\u0119ka-oko, poprawiaj\u0105 sprawno\u015b\u0107 manualn\u0105, pobudzaj\u0105 wyobra\u017ani\u0119 i ucz\u0105 koncentracji. To doskona\u0142y pomys\u0142 na zabaw\u0119 dla dzieci, kt\u00f3re lubi\u0105 tworzy\u0107 \u2013 sk\u0142ada\u0107, klei\u0107, malowa\u0107 czy rysowa\u0107. Mali arty\u015bci b\u0119d\u0105 na pewno bardzo dumni ze swoich dzie\u0142.Zabawka rozwija:precyzj\u0119 chwytuumiej\u0119tno\u015b\u0107 projektowaniawyobra\u017ani\u0119, pomys\u0142owo\u015b\u0107 i kreatywno\u015b\u0107wiek: 3 lata +liczba element\u00f3w: 31materia\u0142: plastik, tuszdesign: Francjawymiary produktu: stempelek ko\u0144 8,6 x 1,2 x 8,4 cmwaga produktu: 0,34 kgwymiary opakowania: 25 x 5 x 14 cmbezpiecze\u0144stwo i jako\u015b\u0107: EN71-1; EN71-2, EN71-3; REACH                            <\/p>\n<p>a                            <\/p>\n<p>Janod od 1970 roku niezmiennie projektuje zabawki, kt\u00f3re s\u0105 synonimem innowacyjno\u015bci, francuskiego designu i najwy\u017cszej jako\u015bci. Unikalne zabawki Janod tworzone s\u0105 z drewna i innych doskona\u0142ych materia\u0142\u00f3w, a przede wszystkim z dzieci\u0119cych marze\u0144!\u00a0W obecnej ofercie Janod jest ponad 500 produkt\u00f3w, z kt\u00f3rych kluczowe to zabawki drewniane, puzzle, uk\u0142adanki i zabawki magnetyczne. Wszystkie produkty projektowane s\u0105 we Francji przez w\u0142asnych designer\u00f3w. St\u0105d wiele motyw\u00f3w i wzor\u00f3w powtarza si\u0119 w kolekcjach, tworz\u0105c wyj\u0105tkowy, bajkowy \u015bwiat Janod.\u00a0Wszystkie zabawki tworzone s\u0105 z dba\u0142o\u015bci\u0105 o szczeg\u00f3\u0142y, z najwy\u017cszej jako\u015bci materia\u0142\u00f3w, bezpiecznych dla dzieci. Zabawki spe\u0142niaj\u0105 restrykcyjne normy bezpiecze\u0144stwa, takie jak EN71-1, EN71-2, EN71-3 oraz REACH.<\/p>\n<h2>Janod Zestaw Kreatywny Stempelki Rycerze J07798 Janod<\/h2>\n<p>kolorowanka myszka minnie, kolorowanki dla dziewczynek 10 lat, prezent dla siedemnastolatka, nietypowe atrakcje dla dzieci<\/p>\n<p>yyyyy<\/p>\n<p>&nbsp;<\/p>\n","protected":false},"excerpt":{"rendered":"<p>Janod Zestaw Kreatywny Stempelki Rycerze a Zestaw kreatywny Stempelki Rycerze francuskiej marki JANOD zawiera 30 por\u0119cznych stempelk\u00f3w o r\u00f3\u017cnych kszta\u0142tach i wielko\u015bci, z grafikami \u015bredniowiecznego \u015bwiata rycerzy: smok\u00f3w, broni (jak np. miecze, tarcza), konia i pi\u0119ciu postaci rycerzy, kt\u00f3re mo\u017cna z\u0142o\u017cy\u0107 z trzech cz\u0119\u015bci: g\u0142owy w he\u0142mie, oraz g\u00f3rnej i dolnej cz\u0119\u015b\u0107 cia\u0142a w zbroi). [&hellip;]<\/p>\n","protected":false},"featured_media":12342,"comment_status":"closed","ping_status":"open","template":"","meta":[],"product_cat":[557,21],"product_tag":[772,848,719,695,715],"class_list":["post-12341","product","type-product","status-publish","has-post-thumbnail","hentry","product_cat-janod","product_cat-zabawki-plastyczne","product_tag-45-panstw-europy-i-ich-stolice-quiz","product_tag-cytat-o-rodzinie","product_tag-dziecko-cytaty-zlote-mysli","product_tag-rzadkie-imiona-zenskie","product_tag-zosia-samosia"],"_links":{"self":[{"href":"http:\/\/klubmamgdynia.pl\/index.php\/wp-json\/wp\/v2\/product\/12341","targetHints":{"allow":["GET"]}}],"collection":[{"href":"http:\/\/klubmamgdynia.pl\/index.php\/wp-json\/wp\/v2\/product"}],"about":[{"href":"http:\/\/klubmamgdynia.pl\/index.php\/wp-json\/wp\/v2\/types\/product"}],"replies":[{"embeddable":true,"href":"http:\/\/klubmamgdynia.pl\/index.php\/wp-json\/wp\/v2\/comments?post=12341"}],"wp:featuredmedia":[{"embeddable":true,"href":"http:\/\/klubmamgdynia.pl\/index.php\/wp-json\/wp\/v2\/media\/12342"}],"wp:attachment":[{"href":"http:\/\/klubmamgdynia.pl\/index.php\/wp-json\/wp\/v2\/media?parent=12341"}],"wp:term":[{"taxonomy":"product_cat","embeddable":true,"href":"http:\/\/klubmamgdynia.pl\/index.php\/wp-json\/wp\/v2\/product_cat?post=12341"},{"taxonomy":"product_tag","embeddable":true,"href":"http:\/\/klubmamgdynia.pl\/index.php\/wp-json\/wp\/v2\/product_tag?post=12341"}],"curies":[{"name":"wp","href":"https:\/\/api.w.org\/{rel}","templated":true}]}}