{"id":12345,"date":"2022-10-18T19:35:53","date_gmt":"2022-10-18T17:35:53","guid":{"rendered":"http:\/\/klubmamgdynia.pl\/index.php\/produkt\/klups-biale-krzeselko-do-karmienia-z-fukcja-stoliczka-do-zabawy-lily\/"},"modified":"2026-04-24T09:08:59","modified_gmt":"2026-04-24T07:08:59","slug":"klups-biale-krzeselko-do-karmienia-z-fukcja-stoliczka-do-zabawy-lily","status":"publish","type":"product","link":"http:\/\/klubmamgdynia.pl\/index.php\/produkt\/klups-biale-krzeselko-do-karmienia-z-fukcja-stoliczka-do-zabawy-lily\/","title":{"rendered":"Klup\u015b Bia\u0142e krzese\u0142ko do karmienia z fukcj\u0105 stoliczka do zabawy LILY"},"content":{"rendered":"<p>Wykonane jest z drewna sosnowego, wyposa\u017cone jest w \u0142atwo zmywaln\u0105 tapicerk\u0119. Stosowane jako krzes\u0142o wysokie &#8211; umo\u017cliwia karmienie dziecka przy tym samym stole z rodzicami. Po roz\u0142o\u017ceniu stanowi stoliczek (blat z p\u0142yty laminowanej) z krzese\u0142kiem do samodzielnej zabawy. Ruchomy i wygodny do demonta\u017cu blat oraz&#8230;<\/p>\n<h2>Klup\u015b Bia\u0142e krzese\u0142ko do karmienia z fukcj\u0105 stoliczka do zabawy LILY Klup\u015b<\/h2>\n<p>zagadki dla 5 latka, atrakcje warszawa dla dzieci, bajki do czytania psi patrol, kolorowanki samochody, paula znaczenie imienia, kolorowanki do druku dla ch\u0142opc\u00f3w, prezent na roczek od babci, tymoteusz znaczenie imienia, wiosna zagadki s\u0142owne, jak narysowa\u0107 anio\u0142ka<\/p>\n<p>yyyyy<\/p>\n<p>&nbsp;<\/p>\n","protected":false},"excerpt":{"rendered":"<p>Wykonane jest z drewna sosnowego, wyposa\u017cone jest w \u0142atwo zmywaln\u0105 tapicerk\u0119. Stosowane jako krzes\u0142o wysokie &#8211; umo\u017cliwia karmienie dziecka przy tym samym stole z rodzicami. Po roz\u0142o\u017ceniu stanowi stoliczek (blat z p\u0142yty laminowanej) z krzese\u0142kiem do samodzielnej zabawy. Ruchomy i wygodny do demonta\u017cu blat oraz&#8230; Klup\u015b Bia\u0142e krzese\u0142ko do karmienia z fukcj\u0105 stoliczka do zabawy [&hellip;]<\/p>\n","protected":false},"featured_media":12346,"comment_status":"closed","ping_status":"open","template":"","meta":[],"product_cat":[957,158],"product_tag":[777,669,612,606],"class_list":["post-12345","product","type-product","status-publish","has-post-thumbnail","hentry","product_cat-klups","product_cat-krzeselka-do-karmienia","product_tag-co-na-roczek","product_tag-kolorowanki","product_tag-kolorowanki-do-druku","product_tag-stala-pod-sniegiem"],"_links":{"self":[{"href":"http:\/\/klubmamgdynia.pl\/index.php\/wp-json\/wp\/v2\/product\/12345","targetHints":{"allow":["GET"]}}],"collection":[{"href":"http:\/\/klubmamgdynia.pl\/index.php\/wp-json\/wp\/v2\/product"}],"about":[{"href":"http:\/\/klubmamgdynia.pl\/index.php\/wp-json\/wp\/v2\/types\/product"}],"replies":[{"embeddable":true,"href":"http:\/\/klubmamgdynia.pl\/index.php\/wp-json\/wp\/v2\/comments?post=12345"}],"wp:featuredmedia":[{"embeddable":true,"href":"http:\/\/klubmamgdynia.pl\/index.php\/wp-json\/wp\/v2\/media\/12346"}],"wp:attachment":[{"href":"http:\/\/klubmamgdynia.pl\/index.php\/wp-json\/wp\/v2\/media?parent=12345"}],"wp:term":[{"taxonomy":"product_cat","embeddable":true,"href":"http:\/\/klubmamgdynia.pl\/index.php\/wp-json\/wp\/v2\/product_cat?post=12345"},{"taxonomy":"product_tag","embeddable":true,"href":"http:\/\/klubmamgdynia.pl\/index.php\/wp-json\/wp\/v2\/product_tag?post=12345"}],"curies":[{"name":"wp","href":"https:\/\/api.w.org\/{rel}","templated":true}]}}