{"id":12361,"date":"2016-12-24T12:38:28","date_gmt":"2016-12-24T11:38:28","guid":{"rendered":"http:\/\/klubmamgdynia.pl\/index.php\/produkt\/trefl-puzzle-25el-disney-auta-3-ramkowe-zgrana-ekipa-31346\/"},"modified":"2026-05-17T22:17:29","modified_gmt":"2026-05-17T20:17:29","slug":"trefl-puzzle-25el-disney-auta-3-ramkowe-zgrana-ekipa-31346","status":"publish","type":"product","link":"http:\/\/klubmamgdynia.pl\/index.php\/produkt\/trefl-puzzle-25el-disney-auta-3-ramkowe-zgrana-ekipa-31346\/","title":{"rendered":"Trefl Puzzle 25el. Disney Auta 3 Ramkowe Zgrana Ekipa 31346"},"content":{"rendered":"<p>Trefl Puzzle 25el. Disney Auta 3 Ramkowe Zgrana Ekipa 31346Puzzle ramkowe to kolorowy obrazek z bohaterami bajki Auta, kt\u00f3ry z pewno\u015bci\u0105 zach\u0119ci dzieci do uk\u0142adania. Dodatkowo rozwinie u nich takie umiej\u0119tno\u015bci, jak: liczenie, rozpoznawanie kolor\u00f3w, umiej\u0119tno\u015b\u0107 kojarzenia, spostrzegawczo\u015b\u0107 i dostarcz\u0105 wiedzy o otaczaj\u0105cym je \u015bwiecie. Uk\u0142adanka zawiera 25 element\u00f3w umieszczonych w ozdobnej, sp\u00f3jnej graficznie ramce, tworz\u0105cej z obrazkiem bardzo \u0142adn\u0105 ca\u0142o\u015b\u0107.                            <\/p>\n<p>Wiemy, jak wa\u017cne jest bezpiecze\u0144stwo Twojego dziecka. Dok\u0142adamy wszelkich stara\u0144, aby nasze puzzle by\u0142y nie tylko atrakcyjne i stymuluj\u0105ce rozw\u00f3j na ka\u017cdym etapie jego edukacji, lecz tak\u017ce spe\u0142nia\u0142y najwy\u017csze normy bezpiecze\u0144stwa.\u00a0                            <\/p>\n<p>Uk\u0142adanie puzzli niesie za sob\u0105 wiele korzy\u015bci. To skuteczny spos\u00f3b na \u0107wiczenie pami\u0119ci, koncentracji, a tak\u017ce logicznego my\u015blenia. Puzzle ucz\u0105 r\u00f3wnie\u017c cierpliwo\u015bci, rozwijaj\u0105c tym samym kreatywno\u015b\u0107 i wyobra\u017ani\u0119 przestrzenn\u0105. Wspieraj\u0105 dodatkowo rozw\u00f3j zdolno\u015bci manualnych dziecka. Uk\u0142adaj\u0105c poszczeg\u00f3lne elementy, trenuje precyzj\u0119 ruch\u00f3w i koordynacj\u0119 oko-r\u0119ka.\u00a0                            <\/p>\n<p>                    Sprawd\u017a inne puzzle Trefl:<\/p>\n<p>            Trefl Puzzle 24el. Masza i Nied\u017awied\u017a 14301<\/p>\n<p>                        od<br \/>\n                            16,90<br \/>\n                            z\u0142<\/p>\n<p>                    Zobacz<\/p>\n<p>            Trefl Puzzle 24el. \u015awinka Peppa Na Wakacjach 14293<\/p>\n<p>                        od<br \/>\n                            16,85<br \/>\n                            z\u0142<\/p>\n<p>                    Zobacz<\/p>\n<p>            Trefl Puzzle 24el. Disney Kraina Lodu W \u015awietle Gwiazd 14265<\/p>\n<p>                        od<br \/>\n                            13,99<br \/>\n                            z\u0142<\/p>\n<p>                    Zobacz<\/p>\n<p>            Trefl Puzzle 24el. Bohaterska Skye 14307<\/p>\n<p>                        od<br \/>\n                            18,14<br \/>\n                            z\u0142<\/p>\n<p>                    Zobacz<\/p>\n<p>            Trefl Puzzle 24el. Disney Kubu\u015b Puchatek Przyjaciele Kubusia 14137<\/p>\n<p>                        od<br \/>\n                            20,97<br \/>\n                            z\u0142<\/p>\n<p>                    Zobacz<\/p>\n<p>            Trefl Puzzle Maxi 24el. Psi Patrol Zabawa na kocu 14346<\/p>\n<p>                        od<br \/>\n                            16,99<br \/>\n                            z\u0142<\/p>\n<p>                    Zobacz<\/p>\n<p>            Trefl Puzzle 24el. Myszka Miki W Gronie Przyjaci\u00f3\u0142 14344<\/p>\n<p>                        od<br \/>\n                            16,98<br \/>\n                            z\u0142<\/p>\n<p>                    Zobacz<\/p>\n<p>            Trefl Puzzle 24el. Disney Auta 3 Mistrz 14250<\/p>\n<p>                        od<br \/>\n                            16,63<br \/>\n                            z\u0142<\/p>\n<p>                    Zobacz<\/p>\n<p>            Trefl Puzzle 24el. Magiczna Wyprawa 14298<\/p>\n<p>                        od<br \/>\n                            16,51<br \/>\n                            z\u0142<\/p>\n<p>                    Zobacz<\/p>\n<p>            Trefl Puzzle 24el. Dzielny Stra\u017cak Sam 14290<\/p>\n<p>                        od<br \/>\n                            16,77<br \/>\n                            z\u0142<\/p>\n<p>                    Zobacz<\/p>\n<p>            Trefl Puzzle 24el. W \u015awiecie Avengers\u00f3w 14321<\/p>\n<p>                        od<br \/>\n                            16,89<br \/>\n                            z\u0142<\/p>\n<p>                    Zobacz<\/p>\n<p>            Trefl Puzzle 24el. Rado\u015b\u0107 Kucyk\u00f3w 14338<\/p>\n<p>                        od<br \/>\n                            17,26<br \/>\n                            z\u0142<\/p>\n<p>                    Zobacz<\/p>\n<p>            Trefl Puzzle 24el. Bob Budowniczy Damy Rad\u0119! 14246<\/p>\n<p>                        od<br \/>\n                            14,99<br \/>\n                            z\u0142<\/p>\n<p>                    Zobacz<\/p>\n<p>            Trefl Puzzle Maxi 24el. Spidey i przyjaciele 14348<\/p>\n<p>                        od<br \/>\n                            17,14<br \/>\n                            z\u0142<\/p>\n<p>                    Zobacz<\/p>\n<p>            Trefl Puzzle 24el. Niech Wygra Najlepszy 14264<\/p>\n<p>                        od<br \/>\n                            13,99<br \/>\n                            z\u0142<\/p>\n<p>                    Zobacz<\/p>\n<p>            Trefl Puzzle 24el. Zabawa W Parku 14306<\/p>\n<p>                        od<br \/>\n                            17,30<br \/>\n                            z\u0142<\/p>\n<p>                    Zobacz<\/p>\n<p>            Trefl Puzzle 24el. Weso\u0142y \u015awiat Enchantimals 14315<\/p>\n<p>                        od<br \/>\n                            13,00<br \/>\n                            z\u0142<\/p>\n<p>                    Zobacz<\/p>\n<p>            Trefl Puzzle 24el. Maxi \u015awinka Peppa Zabawy na polanie 14342<\/p>\n<p>                        od<br \/>\n                            17,26<br \/>\n                            z\u0142<\/p>\n<p>                    Zobacz<\/p>\n<p>            Trefl Puzzle 24el. My Little Pony Szcz\u0119\u015bliwe Kucyki 14269<\/p>\n<p>                        od<br \/>\n                            15,91<br \/>\n                            z\u0142<\/p>\n<p>                    Zobacz<\/p>\n<p>            Trefl Puzzle 24el. Portret Rodzinny Z Robobotem 14254<\/p>\n<p>                        od<br \/>\n                            12,49<br \/>\n                            z\u0142<\/p>\n<p>                    Zobacz<\/p>\n<p>            Trefl Puzzle 24el. Smak Przygody 14266<\/p>\n<p>                        od<br \/>\n                            17,74<br \/>\n                            z\u0142<\/p>\n<p>                    Zobacz<\/p>\n<p>            Trefl Puzzle 24el. Super Wings Weso\u0142e Samoloty 14252<\/p>\n<p>                        od<br \/>\n                            19,99<br \/>\n                            z\u0142<\/p>\n<p>                    Zobacz<\/p>\n<p>            Trefl Puzzle 24el. Brzydkie Kacz\u0105tko 14128<\/p>\n<p>                        od<br \/>\n                            20,99<br \/>\n                            z\u0142<\/p>\n<p>                    Zobacz<\/p>\n<p>            Trefl Puzzle 24el. Rodzina Treflik\u00f3w 14247<\/p>\n<p>                        od<br \/>\n                            10,15<br \/>\n                            z\u0142<\/p>\n<p>                    Zobacz<\/p>\n<p>            Trefl Puzzle 24el. Maxi Przyja\u017a\u0144 To Magia 14182<\/p>\n<p>                        od<br \/>\n                            15,85<br \/>\n                            z\u0142<\/p>\n<p>                    Zobacz<\/p>\n<p>            Trefl Puzzle 24el. Odpoczynek W Ogrodzie 14223<\/p>\n<p>                        od<br \/>\n                            24,88<br \/>\n                            z\u0142<\/p>\n<p>                    Zobacz<\/p>\n<p>            Trefl Puzzle 24el. Planeta 39055<\/p>\n<p>                        od<br \/>\n                            32,90<br \/>\n                            z\u0142<\/p>\n<p>                    Zobacz<\/p>\n<p>            Trefl Primo Puzzle Super Maxi 24el. Spiderman wyrusza do akcji 41006<\/p>\n<p>                        od<br \/>\n                            26,36<br \/>\n                            z\u0142<\/p>\n<p>                    Zobacz<\/p>\n<p>            Trefl Puzzle 24el. Pid\u017camersi Transformacja 14299<\/p>\n<p>                        od<br \/>\n                            16,60<br \/>\n                            z\u0142<\/p>\n<p>                    Zobacz<\/p>\n<p>            Trefl Primo Puzzle Super Maxi 24el. Przygody Psiego Patrolu 41001<\/p>\n<p>                        od<br \/>\n                            26,36<br \/>\n                            z\u0142<\/p>\n<p>                    Zobacz<\/p>\n<h2>Trefl Puzzle 25el. Disney Auta 3 Ramkowe Zgrana Ekipa 31346 Trefl<\/h2>\n<p>kolorowanka pies, \u015bmieszne zagadki, ma\u0142y ksi\u0105\u017ce cytaty, ko\u0142ysanki dla dzieci + tekst, zadania logiczne dla dzieci, kawa\u0142 na prima aprilis, zagadki dla dzieci 9-10 lat z odpowiedziami, karaluchy pod poduchy, gad\u017cety dla nastolatka, zagadki dla dzieci 7 lat, kalendarz adwentowy diy z rolek, zagadki wiosenne dla dzieci, prezent dla 14 latki, gry i zabawy ruchowe, wakacje kolorowanka, filmy rodzinne na halloween, krzy\u017c\u00f3wki dla dzieci, hobbit, wiosenna kolorowanka, kolorowanki do druku zwierz\u0119ta, wzruszaj\u0105ce s\u0142owa dla przyjaci\u00f3\u0142ki<\/p>\n<p>yyyyy<\/p>\n<p>&nbsp;<\/p>\n","protected":false},"excerpt":{"rendered":"<p>Trefl Puzzle 25el. Disney Auta 3 Ramkowe Zgrana Ekipa 31346Puzzle ramkowe to kolorowy obrazek z bohaterami bajki Auta, kt\u00f3ry z pewno\u015bci\u0105 zach\u0119ci dzieci do uk\u0142adania. Dodatkowo rozwinie u nich takie umiej\u0119tno\u015bci, jak: liczenie, rozpoznawanie kolor\u00f3w, umiej\u0119tno\u015b\u0107 kojarzenia, spostrzegawczo\u015b\u0107 i dostarcz\u0105 wiedzy o otaczaj\u0105cym je \u015bwiecie. Uk\u0142adanka zawiera 25 element\u00f3w umieszczonych w ozdobnej, sp\u00f3jnej graficznie ramce, [&hellip;]<\/p>\n","protected":false},"featured_media":12362,"comment_status":"closed","ping_status":"open","template":"","meta":[],"product_cat":[90,104],"product_tag":[833,829,702,734,675],"class_list":["post-12361","product","type-product","status-publish","has-post-thumbnail","hentry","product_cat-puzzle","product_cat-trefl","product_tag-bajki-dla-dzieci-do-czytania","product_tag-bajki-do-czytania-na-dobranoc","product_tag-co-kupic-na-roczek-dla-dziewczynki","product_tag-milan-imie","product_tag-test-z-lektury-kajko-i-kokosz-szkola-latania"],"_links":{"self":[{"href":"http:\/\/klubmamgdynia.pl\/index.php\/wp-json\/wp\/v2\/product\/12361","targetHints":{"allow":["GET"]}}],"collection":[{"href":"http:\/\/klubmamgdynia.pl\/index.php\/wp-json\/wp\/v2\/product"}],"about":[{"href":"http:\/\/klubmamgdynia.pl\/index.php\/wp-json\/wp\/v2\/types\/product"}],"replies":[{"embeddable":true,"href":"http:\/\/klubmamgdynia.pl\/index.php\/wp-json\/wp\/v2\/comments?post=12361"}],"wp:featuredmedia":[{"embeddable":true,"href":"http:\/\/klubmamgdynia.pl\/index.php\/wp-json\/wp\/v2\/media\/12362"}],"wp:attachment":[{"href":"http:\/\/klubmamgdynia.pl\/index.php\/wp-json\/wp\/v2\/media?parent=12361"}],"wp:term":[{"taxonomy":"product_cat","embeddable":true,"href":"http:\/\/klubmamgdynia.pl\/index.php\/wp-json\/wp\/v2\/product_cat?post=12361"},{"taxonomy":"product_tag","embeddable":true,"href":"http:\/\/klubmamgdynia.pl\/index.php\/wp-json\/wp\/v2\/product_tag?post=12361"}],"curies":[{"name":"wp","href":"https:\/\/api.w.org\/{rel}","templated":true}]}}