{"id":12365,"date":"2019-08-16T01:38:12","date_gmt":"2019-08-15T23:38:12","guid":{"rendered":"http:\/\/klubmamgdynia.pl\/index.php\/produkt\/zestaw-pismienniczy-w-saszetce-minnie-5-elementow-wd21667\/"},"modified":"2026-05-17T23:06:03","modified_gmt":"2026-05-17T21:06:03","slug":"zestaw-pismienniczy-w-saszetce-minnie-5-elementow-wd21667","status":"publish","type":"product","link":"http:\/\/klubmamgdynia.pl\/index.php\/produkt\/zestaw-pismienniczy-w-saszetce-minnie-5-elementow-wd21667\/","title":{"rendered":"Zestaw pi\u015bmienniczy w saszetce Minnie 5 element\u00f3w WD21667"},"content":{"rendered":"<p>Pi\u00f3rnik Myszka Minnie na powr\u00f3t do szko\u0142y.Ten pi\u00f3rnik zawiera cztery niezb\u0119dne elementy, kt\u00f3re pozwol\u0105 Ci rozpocz\u0105\u0107 nauk\u0119.- O\u0142\u00f3wek- Temper\u00f3wka- Gumka- Linijka 15cm.Materia\u0142 PVC pozwala na \u0142atwe czyszczenie.<\/p>\n<h2>Zestaw pi\u015bmienniczy w saszetce Minnie 5 element\u00f3w WD21667 Kids Euroswan<\/h2>\n<p>lodowiska w warszawie, wiosenna kolorowanka, karnawa\u0142 maska karnawa\u0142owa szablon, kolorowanka my little pony, zagadki podchwytliwe z odpowiedziami, plac zamkowy, bajki na dobranoc dla dzieci, kolorowanki do druku dla dziewczynek, kolorowanka europa, miko\u0142ajek quiz, co na roczek dla ch\u0142opca, basen warszawa, koty kolorowanki do druku, bajka do czytania na dobranoc, imie lilianna, przyja\u017a\u0144, ida swieta wielkanocne ida swieta, nauka polskiego dla dzieci z ukrainy<\/p>\n<p>yyyyy<\/p>\n<p>&nbsp;<\/p>\n","protected":false},"excerpt":{"rendered":"<p>Pi\u00f3rnik Myszka Minnie na powr\u00f3t do szko\u0142y.Ten pi\u00f3rnik zawiera cztery niezb\u0119dne elementy, kt\u00f3re pozwol\u0105 Ci rozpocz\u0105\u0107 nauk\u0119.- O\u0142\u00f3wek- Temper\u00f3wka- Gumka- Linijka 15cm.Materia\u0142 PVC pozwala na \u0142atwe czyszczenie. Zestaw pi\u015bmienniczy w saszetce Minnie 5 element\u00f3w WD21667 Kids Euroswan lodowiska w warszawie, wiosenna kolorowanka, karnawa\u0142 maska karnawa\u0142owa szablon, kolorowanka my little pony, zagadki podchwytliwe z odpowiedziami, plac [&hellip;]<\/p>\n","protected":false},"featured_media":12366,"comment_status":"closed","ping_status":"open","template":"","meta":[],"product_cat":[1103,962],"product_tag":[663,813,856,678],"class_list":["post-12365","product","type-product","status-publish","has-post-thumbnail","hentry","product_cat-kids-euroswan","product_cat-szkolne-przybory-do-pisania","product_tag-kolorowanki-dla-dzieci-do-druku","product_tag-krotkie-zagadki-matematyczne-z-odpowiedziami","product_tag-prezent-dla-16-latki","product_tag-prezent-na-roczek-dla-dziewczynki"],"_links":{"self":[{"href":"http:\/\/klubmamgdynia.pl\/index.php\/wp-json\/wp\/v2\/product\/12365","targetHints":{"allow":["GET"]}}],"collection":[{"href":"http:\/\/klubmamgdynia.pl\/index.php\/wp-json\/wp\/v2\/product"}],"about":[{"href":"http:\/\/klubmamgdynia.pl\/index.php\/wp-json\/wp\/v2\/types\/product"}],"replies":[{"embeddable":true,"href":"http:\/\/klubmamgdynia.pl\/index.php\/wp-json\/wp\/v2\/comments?post=12365"}],"wp:featuredmedia":[{"embeddable":true,"href":"http:\/\/klubmamgdynia.pl\/index.php\/wp-json\/wp\/v2\/media\/12366"}],"wp:attachment":[{"href":"http:\/\/klubmamgdynia.pl\/index.php\/wp-json\/wp\/v2\/media?parent=12365"}],"wp:term":[{"taxonomy":"product_cat","embeddable":true,"href":"http:\/\/klubmamgdynia.pl\/index.php\/wp-json\/wp\/v2\/product_cat?post=12365"},{"taxonomy":"product_tag","embeddable":true,"href":"http:\/\/klubmamgdynia.pl\/index.php\/wp-json\/wp\/v2\/product_tag?post=12365"}],"curies":[{"name":"wp","href":"https:\/\/api.w.org\/{rel}","templated":true}]}}