{"id":12367,"date":"2021-01-30T07:15:15","date_gmt":"2021-01-30T06:15:15","guid":{"rendered":"http:\/\/klubmamgdynia.pl\/index.php\/produkt\/ses-nl-kreatywna-zabawa-slodkie-perfumy\/"},"modified":"2026-04-04T16:06:33","modified_gmt":"2026-04-04T14:06:33","slug":"ses-nl-kreatywna-zabawa-slodkie-perfumy","status":"publish","type":"product","link":"http:\/\/klubmamgdynia.pl\/index.php\/produkt\/ses-nl-kreatywna-zabawa-slodkie-perfumy\/","title":{"rendered":"Ses Nl Kreatywna Zabawa S\u0142odkie Perfumy"},"content":{"rendered":"<p>Z SES Creative, mo\u017cesz stworzy\u0107 w\u0142asne s\u0142odkie perfumy. Wymieszaj jedynie skoncentrowane zapachy z wod\u0105 w jednym z flakonik\u00f3w i stw\u00f3rz w\u0142asne perfumy. Wybierz jeden z trzech skoncentrowanych zapach\u00f3w lub wymieszaj zapachy, aby stworzy\u0107 unikaln\u0105 kombinacj\u0119. Wlej perfumy do butelki i przyklej pasuj\u0105ce etykiety. Wtedy zawsze b\u0119dziesz wiedzia\u0142a, kt\u00f3ry zapach jest znajduje si\u0119 we flakoniku.. Testowane dermatologicznie. Zawiera luksusow\u0105 puszk\u0119 do przechowywania. NAZWA KREATYWNA ZABAWA- S\u0141ODKIE PERFUMY PRODUCENT SES NL WIEK 5+ WYMIARY 300 X 205 X 40 MM EAN 8710341141523 Znajd\u017a podobne wed\u0142ug klucza: SES_NL (334235)<\/p>\n<h2>Ses Nl Kreatywna Zabawa S\u0142odkie Perfumy Ses Creative<\/h2>\n<p>prezent na urodziny dla nastolatki, nela imi\u0119, zabawka dla rocznej dziewczynki, kolorowanka ninjago, znaczenie imienia pola, kolorowanka peppa, karaluchy pod poduchy<\/p>\n<p>yyyyy<\/p>\n<p>&nbsp;<\/p>\n","protected":false},"excerpt":{"rendered":"<p>Z SES Creative, mo\u017cesz stworzy\u0107 w\u0142asne s\u0142odkie perfumy. Wymieszaj jedynie skoncentrowane zapachy z wod\u0105 w jednym z flakonik\u00f3w i stw\u00f3rz w\u0142asne perfumy. Wybierz jeden z trzech skoncentrowanych zapach\u00f3w lub wymieszaj zapachy, aby stworzy\u0107 unikaln\u0105 kombinacj\u0119. Wlej perfumy do butelki i przyklej pasuj\u0105ce etykiety. Wtedy zawsze b\u0119dziesz wiedzia\u0142a, kt\u00f3ry zapach jest znajduje si\u0119 we flakoniku.. Testowane [&hellip;]<\/p>\n","protected":false},"featured_media":12368,"comment_status":"closed","ping_status":"open","template":"","meta":[],"product_cat":[1072,21],"product_tag":[821,677,684,653],"class_list":["post-12367","product","type-product","status-publish","has-post-thumbnail","hentry","product_cat-ses-creative","product_cat-zabawki-plastyczne","product_tag-marianna","product_tag-milosz-imie","product_tag-prezent-dla-dziewczynki-na-roczek","product_tag-warszawa-dla-dzieci"],"_links":{"self":[{"href":"http:\/\/klubmamgdynia.pl\/index.php\/wp-json\/wp\/v2\/product\/12367","targetHints":{"allow":["GET"]}}],"collection":[{"href":"http:\/\/klubmamgdynia.pl\/index.php\/wp-json\/wp\/v2\/product"}],"about":[{"href":"http:\/\/klubmamgdynia.pl\/index.php\/wp-json\/wp\/v2\/types\/product"}],"replies":[{"embeddable":true,"href":"http:\/\/klubmamgdynia.pl\/index.php\/wp-json\/wp\/v2\/comments?post=12367"}],"wp:featuredmedia":[{"embeddable":true,"href":"http:\/\/klubmamgdynia.pl\/index.php\/wp-json\/wp\/v2\/media\/12368"}],"wp:attachment":[{"href":"http:\/\/klubmamgdynia.pl\/index.php\/wp-json\/wp\/v2\/media?parent=12367"}],"wp:term":[{"taxonomy":"product_cat","embeddable":true,"href":"http:\/\/klubmamgdynia.pl\/index.php\/wp-json\/wp\/v2\/product_cat?post=12367"},{"taxonomy":"product_tag","embeddable":true,"href":"http:\/\/klubmamgdynia.pl\/index.php\/wp-json\/wp\/v2\/product_tag?post=12367"}],"curies":[{"name":"wp","href":"https:\/\/api.w.org\/{rel}","templated":true}]}}