{"id":124,"date":"2012-01-28T10:10:48","date_gmt":"2012-01-28T09:10:48","guid":{"rendered":"http:\/\/klubmamgdynia.pl\/index.php\/produkt\/sm-zabawka-sensoryczna-gniotek-gumowy-pileczka\/"},"modified":"2026-04-04T16:16:30","modified_gmt":"2026-04-04T14:16:30","slug":"sm-zabawka-sensoryczna-gniotek-gumowy-pileczka","status":"publish","type":"product","link":"http:\/\/klubmamgdynia.pl\/index.php\/produkt\/sm-zabawka-sensoryczna-gniotek-gumowy-pileczka\/","title":{"rendered":"Sm Zabawka Sensoryczna Gniotek Gumowy Pi\u0142eczka"},"content":{"rendered":"<p>Gniotek sensoryczny &#8211; dekompresyjna pi\u0142kaNietoksyczny produkt, bezpieczny do u\u017cytku. Zabawa daje nam satysfakcj\u0119, a jednocze\u015bnie dzia\u0142a odpr\u0119\u017caj\u0105co i wyciszaj\u0105co. Jest nie tylko zabawk\u0105 i zabijaczem czasu, ale tak\u017ce produktem antystresowym. Produkt dostosowany do u\u017cytku dzieci, jak i doros\u0142ych.Idealna dla dzieciSuper opcja, je\u015bli chcemy zaj\u0105\u0107 czym\u015b najm\u0142odszych np. w trakcie jazdy samochodem. Zabawa wyciszy je i uspokoi.Produkt mo\u017ce r\u00f3wnie\u017c s\u0142u\u017cy\u0107 jako element wspomagaj\u0105cy podczas rehabilitacji w przypadku os\u00f3b po urazach d\u0142oni i palc\u00f3w b\u0105d\u017a przy zaburzeniach czucia.Nietoksyczny materia\u0142Wykonany z wysokiej jako\u015bci silikonu. Niewa\u017cne jak mocno b\u0119dziemy \u015bciska\u0107 b\u0105d\u017a ci\u0105gn\u0105\u0107 &#8211; gniotek pozostanie w nienaruszonym stanie. Mo\u017cna my\u0107 pod strumieniem bie\u017c\u0105cej wody, a je\u015bli produkt zacznie robi\u0107 si\u0119 klej\u0105cy, wystarczy skorzysta\u0107 z pudru dla niemowl\u0105t b\u0105d\u017a m\u0105ki.Teraz mo\u017cesz da\u0107 upust emocjom nawet w najbardziej nerwowych sytuacjach!Specyfikacja:Materia\u0142: nietoksyczny silikon, siateczkaKolor: mix &#8211; turkusowy, pomara\u0144czowy, zielony, morskiWz\u00f3r: pi\u0142kaW\u0141A\u015aCIWO\u015aCI:Zabija czasDzia\u0142a antystresowoRoz\u0142adowuje napi\u0119cieWyciszaUspokajaWywo\u0142uje satysfakcj\u0119.Dost\u0119pne kolory:zielonypomara\u0144czowyturkusowymorskiProsimy o wyb\u00f3r koloru w wiadomo\u015bci do sprzedaj\u0105cego, w innym przypadku zostanie wys\u0142any losowo.<\/p>\n<h2>Sm Zabawka Sensoryczna Gniotek Gumowy Pi\u0142eczka <\/h2>\n<p>kolorowanki \u015bwi\u0105teczne do druku pdf, wierszyki na \u015bmigusa dyngusa, antystresowe mandale do druku, zyczenia walentynkowe dla dzieci, pokemon kolorowanki, \u017carty na prima aprilis w domu, co oznacza nazwa jordan, bruno, nasza zima z\u0142a tekst, gry z pi\u0142k\u0105, pia imi\u0119, kr\u00f3tkie bajki dla dzieci, zagadka logiczna, zagadki dla ma\u0142ych dzieci, zagadka, co na roczek dla dziewczynki, kajko i kokosz szko\u0142a latania test z odpowiedziami, opis do zdj\u0119cia z dzieckiem<\/p>\n<p>yyyyy<\/p>\n<p>&nbsp;<\/p>\n","protected":false},"excerpt":{"rendered":"<p>Gniotek sensoryczny &#8211; dekompresyjna pi\u0142kaNietoksyczny produkt, bezpieczny do u\u017cytku. Zabawa daje nam satysfakcj\u0119, a jednocze\u015bnie dzia\u0142a odpr\u0119\u017caj\u0105co i wyciszaj\u0105co. Jest nie tylko zabawk\u0105 i zabijaczem czasu, ale tak\u017ce produktem antystresowym. Produkt dostosowany do u\u017cytku dzieci, jak i doros\u0142ych.Idealna dla dzieciSuper opcja, je\u015bli chcemy zaj\u0105\u0107 czym\u015b najm\u0142odszych np. w trakcie jazdy samochodem. Zabawa wyciszy je i [&hellip;]<\/p>\n","protected":false},"featured_media":125,"comment_status":"closed","ping_status":"open","template":"","meta":[],"product_cat":[21],"product_tag":[603,826,803,577],"class_list":["post-124","product","type-product","status-publish","has-post-thumbnail","hentry","product_cat-zabawki-plastyczne","product_tag-bajki-do-czytania","product_tag-prezent-dla-15-latka","product_tag-szlaczki-do-druku","product_tag-znaki-drogowe-test"],"_links":{"self":[{"href":"http:\/\/klubmamgdynia.pl\/index.php\/wp-json\/wp\/v2\/product\/124","targetHints":{"allow":["GET"]}}],"collection":[{"href":"http:\/\/klubmamgdynia.pl\/index.php\/wp-json\/wp\/v2\/product"}],"about":[{"href":"http:\/\/klubmamgdynia.pl\/index.php\/wp-json\/wp\/v2\/types\/product"}],"replies":[{"embeddable":true,"href":"http:\/\/klubmamgdynia.pl\/index.php\/wp-json\/wp\/v2\/comments?post=124"}],"wp:featuredmedia":[{"embeddable":true,"href":"http:\/\/klubmamgdynia.pl\/index.php\/wp-json\/wp\/v2\/media\/125"}],"wp:attachment":[{"href":"http:\/\/klubmamgdynia.pl\/index.php\/wp-json\/wp\/v2\/media?parent=124"}],"wp:term":[{"taxonomy":"product_cat","embeddable":true,"href":"http:\/\/klubmamgdynia.pl\/index.php\/wp-json\/wp\/v2\/product_cat?post=124"},{"taxonomy":"product_tag","embeddable":true,"href":"http:\/\/klubmamgdynia.pl\/index.php\/wp-json\/wp\/v2\/product_tag?post=124"}],"curies":[{"name":"wp","href":"https:\/\/api.w.org\/{rel}","templated":true}]}}