{"id":1254,"date":"2022-04-28T17:46:33","date_gmt":"2022-04-28T15:46:33","guid":{"rendered":"http:\/\/klubmamgdynia.pl\/index.php\/produkt\/incomed-podklad-higieniczny-do-przewijania-90x60cm-120szt\/"},"modified":"2026-04-23T13:38:06","modified_gmt":"2026-04-23T11:38:06","slug":"incomed-podklad-higieniczny-do-przewijania-90x60cm-120szt","status":"publish","type":"product","link":"http:\/\/klubmamgdynia.pl\/index.php\/produkt\/incomed-podklad-higieniczny-do-przewijania-90x60cm-120szt\/","title":{"rendered":"Incomed Podk\u0142ad Higieniczny Do Przewijania 90X60Cm 120Szt."},"content":{"rendered":"<p>Podk\u0142ady higieniczne do przewijania PROTECTIVA SOFT 1150ml rozmiar 90x60cm &#8211; 120szt (4op. x 30szt)Dlaczego warto wybra\u0107 podk\u0142ady higieniczne INCOMED?Podk\u0142ady higieniczne Protectiva Soft to produkt najwy\u017cszej jako\u015bci, dzi\u0119ki kt\u00f3remu mo\u017cna zachowa\u0107 higien\u0119 w ka\u017cdych warunkach. Jest mi\u0119kki w dotyku i super ch\u0142onny. Podk\u0142ad jest jednorazowy, zawiera ekstrakt z zielonej herbaty, kt\u00f3ry wykazuje w\u0142a\u015bciwo\u015bci bakteriob\u00f3jcze i antyseptyczne. Nie tylko chroni sk\u00f3r\u0119 przed odparzeniem i odle\u017cynami, ale te\u017c eliminuje nieprzyjemny zapach.Wielowarstwowa struktura podk\u0142adu o wysokim stopniu ch\u0142onno\u015bci sprawia, \u017ce ju\u017c w kilka sekund wilgo\u0107 wsi\u0105ka do \u015brodka zamieniaj\u0105c j\u0105 w \u017cel. Podk\u0142ady stanowi\u0105 praktycznie wsparcie przy piel\u0119gnacji dzieci i os\u00f3b starszych. Warstwa wierzchnia zapewnia uczucie sucho\u015bci. Zewn\u0119trzna antypo\u015blizgowa pow\u0142oka nie przepuszcza wilgoci chroni\u0105c otoczenie i utrzymuj\u0105c podk\u0142ad we w\u0142a\u015bciwym miejscu.Protectiva Soft to podk\u0142ad, kt\u00f3ry doskonale spe\u0142nia swoj\u0105 funkcj\u0119, szybko i dobrze wch\u0142ania p\u0142yn, nie przesi\u0105ka i daje komfort.ZASTOSOWANIEzabezpieczenie \u0142\u00f3\u017cka, materaca i po\u015bcieli dla os\u00f3b z problemem nietrzymania moczu lub pozabieguochrona przed zabrudzeniem materaca, krzes\u0142a, fotela czy w\u00f3zka inwalidzkiego dla senior\u00f3ww podr\u00f3\u017cy lub w czasie transportu jako zabezpieczenie fotela w samochodzieprzy zmianie opatrunk\u00f3w lub w czasie zabieg\u00f3w medycznychpodk\u0142ady zabezpieczaj\u0105ce dla niemowl\u0105tzabezpieczenie dla mam w okresie po\u0142ogupodczas pobytu w szpitaludo gabinetuCHARAKTERYSTYKAKolor: Bia\u0142yIlo\u015b\u0107 warstw: 5ch\u0142onno\u015b\u0107: 1150mlRozmiar: 90cm x 60cmilo\u015b\u0107 sztuk w opakowaniu: 30sztSystem Odour Stop eliminuje nieprzyjemny zapach.BUDOWAPodk\u0142ad wykonany jest a\u017c z 5 warstw:delikatna w\u0142\u00f3knina wierzchniamembrana oddychaj\u0105cami\u0119kka pulpa celulozowa z granulkami absorbuj\u0105cymi wilgo\u0107membrana oddychaj\u0105cawarstwa nieprzepuszczaj\u0105ca wilgociZGODNO\u015a\u0106 Z NORMAMIPodk\u0142ady higieniczne Protectiva Soft posiadaj\u0105 certyfikat zgodno\u015bci CE. Dodatkowo podk\u0142ady ch\u0142onne Protectiva Soft posiadaj\u0105 rejestracj\u0119 wyrobu medycznego w Urz\u0119dzie Rejestracji Produkt\u00f3w Leczniczych, Wyrob\u00f3w Medycznych i Produkt\u00f3w Biob\u00f3jczych.INSTRUKCJAGama produkt\u00f3w Protectiva Soft Super oraz Protectiva Soft Maxi to wyroby medyczne, jednorazowego u\u017cytku, po u\u017cyciu podk\u0142ad nale\u017cy wy\u017cuci\u0107 do kosza.SPOS\u00d3B PAKOWANIAPodk\u0142ady pakowane s\u0105 po 30 szt w opakowaniu foliowym.Podk\u0142ady higieniczne to praktyczne wsparcie podczas piel\u0119gnacji dzieci, os\u00f3b starszych czy chorych. Nasze podk\u0142ady s\u0105 doskona\u0142ym zabezpieczeniem \u0142\u00f3\u017cek, po\u015bcieli oraz ka\u017cdej powierzchni, kt\u00f3ra ma by\u0107 ochroniona przed zabrudzeniem.Specjalna struktura podk\u0142ad\u00f3w sprawia, \u017ce wilgo\u0107 szybko wch\u0142ania si\u0119 do \u015brodka daj\u0105c poczucie komfortu, a jednocze\u015bnie nie przepuszcza wilgoci poza podk\u0142ad chroni\u0105c przed zabrudzeniem. Aby jeszcze wzmocni\u0107 szybko\u015b\u0107 wch\u0142aniania stosujemy w podk\u0142adach superabsorbent (drobne granulki, kt\u00f3re przy kontakcie z ciecz\u0105 zamieniaj\u0105 si\u0119 w \u017cel).Podk\u0142ady wykorzystuj\u0105 przede wszystkim rodzice ma\u0142ych dzieci, instytucje opieki medycznej oraz osoby starsze z problemem nietrzymania moczu lub osoby le\u017c\u0105ce. Podk\u0142ady ch\u0142onne ciesz\u0105 si\u0119 te\u017c du\u017cym zainteresowaniem w\u015br\u00f3d hodowc\u00f3w zwierz\u0105t domowych jak psy, koty, \u015bwinki morskie czy je\u017ce, poniewa\u017c idealnie sprawdzaj\u0105 si\u0119 np. podczas treningu czysto\u015bci ma\u0142ych domownik\u00f3w lub jako ch\u0142onna warstwa chroni\u0105ca legowisko.<\/p>\n<h2>Incomed Podk\u0142ad Higieniczny Do Przewijania 90X60Cm 120Szt. Incomed<\/h2>\n<p>ozdoby choinkowe dla dzieci, wiersze o wio\u015bnie jana brzechwy, mini zoo mazowieckie, ogr\u00f3d bajek, kolorowe kredki tekst, cytaty z ma\u0142ego ksi\u0119cia, kolorowanka lego ninjago, pu\u0142tusk atrakcje dla dzieci, t\u0119cza kolorowanka, aron, ozdoby \u015bwi\u0105teczne do zrobienia z dzie\u0107mi, jak narysowa\u0107, bo\u017ce narodzenie quiz, filmy rodzinne na halloween, test z lektury miko\u0142ajek do druku<\/p>\n<p>yyyyy<\/p>\n<p>&nbsp;<\/p>\n","protected":false},"excerpt":{"rendered":"<p>Podk\u0142ady higieniczne do przewijania PROTECTIVA SOFT 1150ml rozmiar 90x60cm &#8211; 120szt (4op. x 30szt)Dlaczego warto wybra\u0107 podk\u0142ady higieniczne INCOMED?Podk\u0142ady higieniczne Protectiva Soft to produkt najwy\u017cszej jako\u015bci, dzi\u0119ki kt\u00f3remu mo\u017cna zachowa\u0107 higien\u0119 w ka\u017cdych warunkach. Jest mi\u0119kki w dotyku i super ch\u0142onny. Podk\u0142ad jest jednorazowy, zawiera ekstrakt z zielonej herbaty, kt\u00f3ry wykazuje w\u0142a\u015bciwo\u015bci bakteriob\u00f3jcze i antyseptyczne. [&hellip;]<\/p>\n","protected":false},"featured_media":1255,"comment_status":"closed","ping_status":"open","template":"","meta":[],"product_cat":[371,370],"product_tag":[668,825,719,716,624,816,873],"class_list":["post-1254","product","type-product","status-publish","has-post-thumbnail","hentry","product_cat-incomed","product_cat-podklady-higieniczne","product_tag-atrakcje-dla-dzieci-wroclaw","product_tag-bajka-na-dobranoc-do-czytania","product_tag-dziecko-cytaty-zlote-mysli","product_tag-filmy-animowane-o-swietach","product_tag-krotkie-zagadki","product_tag-place-zabaw-warszawa","product_tag-zagadki-z-odpowiedziami-dla-dzieci"],"_links":{"self":[{"href":"http:\/\/klubmamgdynia.pl\/index.php\/wp-json\/wp\/v2\/product\/1254","targetHints":{"allow":["GET"]}}],"collection":[{"href":"http:\/\/klubmamgdynia.pl\/index.php\/wp-json\/wp\/v2\/product"}],"about":[{"href":"http:\/\/klubmamgdynia.pl\/index.php\/wp-json\/wp\/v2\/types\/product"}],"replies":[{"embeddable":true,"href":"http:\/\/klubmamgdynia.pl\/index.php\/wp-json\/wp\/v2\/comments?post=1254"}],"wp:featuredmedia":[{"embeddable":true,"href":"http:\/\/klubmamgdynia.pl\/index.php\/wp-json\/wp\/v2\/media\/1255"}],"wp:attachment":[{"href":"http:\/\/klubmamgdynia.pl\/index.php\/wp-json\/wp\/v2\/media?parent=1254"}],"wp:term":[{"taxonomy":"product_cat","embeddable":true,"href":"http:\/\/klubmamgdynia.pl\/index.php\/wp-json\/wp\/v2\/product_cat?post=1254"},{"taxonomy":"product_tag","embeddable":true,"href":"http:\/\/klubmamgdynia.pl\/index.php\/wp-json\/wp\/v2\/product_tag?post=1254"}],"curies":[{"name":"wp","href":"https:\/\/api.w.org\/{rel}","templated":true}]}}