{"id":1282,"date":"2022-09-11T05:26:34","date_gmt":"2022-09-11T03:26:34","guid":{"rendered":"http:\/\/klubmamgdynia.pl\/index.php\/produkt\/dickie-toys-stacja-budowlana-volvo-koparka-wywrotka-swiatlo-dzwiek\/"},"modified":"2026-05-17T22:03:42","modified_gmt":"2026-05-17T20:03:42","slug":"dickie-toys-stacja-budowlana-volvo-koparka-wywrotka-swiatlo-dzwiek","status":"publish","type":"product","link":"http:\/\/klubmamgdynia.pl\/index.php\/produkt\/dickie-toys-stacja-budowlana-volvo-koparka-wywrotka-swiatlo-dzwiek\/","title":{"rendered":"Dickie Toys Stacja Budowlana Volvo + Koparka Wywrotka \u015awiat\u0142o\/D\u017awi\u0119k"},"content":{"rendered":"<p>Stacja budowana to miejsce, w kt\u00f3rym odbywa si\u0119 ci\u0119\u017cka praca! Posiada miejsca parkingowe dla do\u0142\u0105czonych do zestawy pojazd\u00f3w oraz zamykany gara\u017c.<\/p>\n<h2>Dickie Toys Stacja Budowlana Volvo + Koparka Wywrotka \u015awiat\u0142o\/D\u017awi\u0119k Dickie Toys<\/h2>\n<p>pomys\u0142 na prima aprilis, kajko i kokosz szko\u0142a latania &#8211; test do wydruku, miko\u0142ajki 2021 warszawa, test magiczne drzewo czerwone krzes\u0142o, pomys\u0142 na prezent na roczek, bajka o \u017cabie, \u017cyczenia wielkanocne dla dzieci kr\u00f3tkie, zagadki logiczne trudne, spiderman kolorowanka, miriam imie, quiz konie, dzien matki cytaty, co kupi\u0107 nastolatkowi, cyferki do druku, bajki do czytania dla 6 latka, \u015bwinka peppa bajka do czytania, kolorowanka harry potter, zagadki liczbowe, test z lektury felix net i nika oraz gang niewidzialnych ludzi, co kupic na roczek<\/p>\n<p>yyyyy<\/p>\n<p>&nbsp;<\/p>\n","protected":false},"excerpt":{"rendered":"<p>Stacja budowana to miejsce, w kt\u00f3rym odbywa si\u0119 ci\u0119\u017cka praca! Posiada miejsca parkingowe dla do\u0142\u0105czonych do zestawy pojazd\u00f3w oraz zamykany gara\u017c. Dickie Toys Stacja Budowlana Volvo + Koparka Wywrotka \u015awiat\u0142o\/D\u017awi\u0119k Dickie Toys pomys\u0142 na prima aprilis, kajko i kokosz szko\u0142a latania &#8211; test do wydruku, miko\u0142ajki 2021 warszawa, test magiczne drzewo czerwone krzes\u0142o, pomys\u0142 na [&hellip;]<\/p>\n","protected":false},"featured_media":1283,"comment_status":"closed","ping_status":"open","template":"","meta":[],"product_cat":[83,378],"product_tag":[658,789,591,698],"class_list":["post-1282","product","type-product","status-publish","has-post-thumbnail","hentry","product_cat-auta-i-inne-pojazdy-do-zabawy","product_cat-dickie-toys","product_tag-alan-znaczenie-imienia","product_tag-kaczuszka","product_tag-quiz-o-minecraft","product_tag-zagadki-dla-przedszkolakow"],"_links":{"self":[{"href":"http:\/\/klubmamgdynia.pl\/index.php\/wp-json\/wp\/v2\/product\/1282","targetHints":{"allow":["GET"]}}],"collection":[{"href":"http:\/\/klubmamgdynia.pl\/index.php\/wp-json\/wp\/v2\/product"}],"about":[{"href":"http:\/\/klubmamgdynia.pl\/index.php\/wp-json\/wp\/v2\/types\/product"}],"replies":[{"embeddable":true,"href":"http:\/\/klubmamgdynia.pl\/index.php\/wp-json\/wp\/v2\/comments?post=1282"}],"wp:featuredmedia":[{"embeddable":true,"href":"http:\/\/klubmamgdynia.pl\/index.php\/wp-json\/wp\/v2\/media\/1283"}],"wp:attachment":[{"href":"http:\/\/klubmamgdynia.pl\/index.php\/wp-json\/wp\/v2\/media?parent=1282"}],"wp:term":[{"taxonomy":"product_cat","embeddable":true,"href":"http:\/\/klubmamgdynia.pl\/index.php\/wp-json\/wp\/v2\/product_cat?post=1282"},{"taxonomy":"product_tag","embeddable":true,"href":"http:\/\/klubmamgdynia.pl\/index.php\/wp-json\/wp\/v2\/product_tag?post=1282"}],"curies":[{"name":"wp","href":"https:\/\/api.w.org\/{rel}","templated":true}]}}