{"id":1314,"date":"2019-04-25T20:50:48","date_gmt":"2019-04-25T18:50:48","guid":{"rendered":"http:\/\/klubmamgdynia.pl\/index.php\/produkt\/baby-shark-mini-pluszak-interaktywny-babcia-pomaranczowa\/"},"modified":"2026-05-01T17:51:04","modified_gmt":"2026-05-01T15:51:04","slug":"baby-shark-mini-pluszak-interaktywny-babcia-pomaranczowa","status":"publish","type":"product","link":"http:\/\/klubmamgdynia.pl\/index.php\/produkt\/baby-shark-mini-pluszak-interaktywny-babcia-pomaranczowa\/","title":{"rendered":"Baby Shark Mini Pluszak Interaktywny Babcia Pomara\u0144czowa"},"content":{"rendered":"<p>BABY SHARK MINIPRZYTULANKA Z D\u0179WI\u0118KIEM BABCIAWasza ulubiona rodzina rekink\u00f3w teraz jest dost\u0119pna w wersji uroczych, \u015bpiewaj\u0105cych miniprzytulanek!Upu\u015b\u0107cie maskotk\u0119 lub \u015bci\u015bnijcie j\u0105, a us\u0142yszycie popularn\u0105 piosenk\u0119 o rekinkach \u2013 \u015bwiatowy hit z ponad 4 miliardami wy\u015bwietle\u0144!Nasze rekinki maj\u0105 niewielkie rozmiary i s\u0105 idealne dla ma\u0142ych r\u0105czek (wiek 2+), dlatego dziecko mo\u017ce je bez problemu zabra\u0107 ze sob\u0105 na spacer!- Wyprodukowane przez WowWee dla Pinkfong, oficjalnego tw\u00f3rcy \u015bwiatowego hitu \u201eBaby Shark\u201d!- Upu\u015b\u0107cie maskotk\u0119 lub \u015bci\u015bnijcie j\u0105, aby us\u0142ysze\u0107 piosenk\u0119 o rekinkach!- Zabawny pluszak o niewielkich rozmiarach.- Wymiary produktu: 9 cm (szeroko\u015b\u0107) x 7 cm (wysoko\u015b\u0107) x 9 cm (d\u0142ugo\u015b\u0107).- Dla dzieci w wieku 2+.<\/p>\n<h2>Baby Shark Mini Pluszak Interaktywny Babcia Pomara\u0144czowa WOWWEE<\/h2>\n<p>cytaty ma\u0142y ksi\u0105\u017ce, p\u0142onie ognisko w lesie, znaczenie imienia paula, rysunki do druku, opis do zdj\u0119cia dziecka na fb, milena imie, psi patrol kolorowanka do druku, oryginalny prezent na roczek dla dziewczynki, maska iron man, park ujazdowski, jaki prezent na roczek dla dziewczynki, test magiczne drzewo czerwone krzes\u0142o, imie nadia, prezent dla 14 latki, kolorowanki na andrzejki do wydruku, quizy dla dzieci 7 lat<\/p>\n<p>yyyyy<\/p>\n<p>&nbsp;<\/p>\n","protected":false},"excerpt":{"rendered":"<p>BABY SHARK MINIPRZYTULANKA Z D\u0179WI\u0118KIEM BABCIAWasza ulubiona rodzina rekink\u00f3w teraz jest dost\u0119pna w wersji uroczych, \u015bpiewaj\u0105cych miniprzytulanek!Upu\u015b\u0107cie maskotk\u0119 lub \u015bci\u015bnijcie j\u0105, a us\u0142yszycie popularn\u0105 piosenk\u0119 o rekinkach \u2013 \u015bwiatowy hit z ponad 4 miliardami wy\u015bwietle\u0144!Nasze rekinki maj\u0105 niewielkie rozmiary i s\u0105 idealne dla ma\u0142ych r\u0105czek (wiek 2+), dlatego dziecko mo\u017ce je bez problemu zabra\u0107 ze [&hellip;]<\/p>\n","protected":false},"featured_media":1315,"comment_status":"closed","ping_status":"open","template":"","meta":[],"product_cat":[382,39],"product_tag":[851,729,630],"class_list":["post-1314","product","type-product","status-publish","has-post-thumbnail","hentry","product_cat-wowwee","product_cat-zabawki-interaktywne","product_tag-jak-narysowac-kota","product_tag-madre-bajki-dla-dzieci-do-czytania","product_tag-podchwytliwe-zagadki-z-odpowiedziami"],"_links":{"self":[{"href":"http:\/\/klubmamgdynia.pl\/index.php\/wp-json\/wp\/v2\/product\/1314","targetHints":{"allow":["GET"]}}],"collection":[{"href":"http:\/\/klubmamgdynia.pl\/index.php\/wp-json\/wp\/v2\/product"}],"about":[{"href":"http:\/\/klubmamgdynia.pl\/index.php\/wp-json\/wp\/v2\/types\/product"}],"replies":[{"embeddable":true,"href":"http:\/\/klubmamgdynia.pl\/index.php\/wp-json\/wp\/v2\/comments?post=1314"}],"wp:featuredmedia":[{"embeddable":true,"href":"http:\/\/klubmamgdynia.pl\/index.php\/wp-json\/wp\/v2\/media\/1315"}],"wp:attachment":[{"href":"http:\/\/klubmamgdynia.pl\/index.php\/wp-json\/wp\/v2\/media?parent=1314"}],"wp:term":[{"taxonomy":"product_cat","embeddable":true,"href":"http:\/\/klubmamgdynia.pl\/index.php\/wp-json\/wp\/v2\/product_cat?post=1314"},{"taxonomy":"product_tag","embeddable":true,"href":"http:\/\/klubmamgdynia.pl\/index.php\/wp-json\/wp\/v2\/product_tag?post=1314"}],"curies":[{"name":"wp","href":"https:\/\/api.w.org\/{rel}","templated":true}]}}