{"id":1334,"date":"2021-06-08T19:25:19","date_gmt":"2021-06-08T17:25:19","guid":{"rendered":"http:\/\/klubmamgdynia.pl\/index.php\/produkt\/hasbro-transformers-weaponizer-slipstream-b6812\/"},"modified":"2026-05-17T23:15:53","modified_gmt":"2026-05-17T21:15:53","slug":"hasbro-transformers-weaponizer-slipstream-b6812","status":"publish","type":"product","link":"http:\/\/klubmamgdynia.pl\/index.php\/produkt\/hasbro-transformers-weaponizer-slipstream-b6812\/","title":{"rendered":"Hasbro Transformers Weaponizer Slipstream B6812"},"content":{"rendered":"<p>Hasbro Transformers Weaponizer Slipstream B6812Minicony to nowi bohaterowie kolejnej serii serialu Transformers: Robots in Disguise. S\u0105 ma\u0142e, ale niezwykle pot\u0119\u017cne. Przed transformacj\u0105, wrogowie nawet nie zwr\u00f3c\u0105 na nie uwagi. Jednak wystarczy jeden ruch i zamieniaj\u0105 si\u0119 w niezawodn\u0105 bro\u0144.\u00a0Minicony \u0142\u0105cz\u0105 si\u0119 z wi\u0119kszymi Transformersami i stanowi\u0105 pot\u0119\u017cny atut w ich r\u0119kach. Produkty z serii Minicony pasuj\u0105 do figurek z serii Deployers.<\/p>\n<h2>Hasbro Transformers Weaponizer Slipstream B6812 Hasbro<\/h2>\n<p>prezent na urodziny dla nastolatk\u00f3w, bajka o smoku, test z opowie\u015bci z narnii lew czarownica i stara szafa, janusz korczak cytaty, wiosenna kolorowanka, literki do pisania do druku, zagadki na my\u015blenie, kolorowanka dla dzieci, test z opowie\u015bci z narnii, walentynka kolorowanka, prezent na pierwsze urodziny, kolorowanki konie z je\u017ad\u017acem, bajki do czytania dla niemowl\u0105t, kr\u00f3tkie zagadki, jagna<\/p>\n<p>yyyyy<\/p>\n<p>&nbsp;<\/p>\n","protected":false},"excerpt":{"rendered":"<p>Hasbro Transformers Weaponizer Slipstream B6812Minicony to nowi bohaterowie kolejnej serii serialu Transformers: Robots in Disguise. S\u0105 ma\u0142e, ale niezwykle pot\u0119\u017cne. Przed transformacj\u0105, wrogowie nawet nie zwr\u00f3c\u0105 na nie uwagi. Jednak wystarczy jeden ruch i zamieniaj\u0105 si\u0119 w niezawodn\u0105 bro\u0144.\u00a0Minicony \u0142\u0105cz\u0105 si\u0119 z wi\u0119kszymi Transformersami i stanowi\u0105 pot\u0119\u017cny atut w ich r\u0119kach. Produkty z serii Minicony [&hellip;]<\/p>\n","protected":false},"featured_media":1335,"comment_status":"closed","ping_status":"open","template":"","meta":[],"product_cat":[95,129],"product_tag":[664,676,651,616],"class_list":["post-1334","product","type-product","status-publish","has-post-thumbnail","hentry","product_cat-figurki-makiety-i-zestawy","product_cat-hasbro","product_tag-atrakcje-dla-dzieci-trojmiasto","product_tag-bursztynek","product_tag-quizy-online","product_tag-test-mikolajek-25-pytan"],"_links":{"self":[{"href":"http:\/\/klubmamgdynia.pl\/index.php\/wp-json\/wp\/v2\/product\/1334","targetHints":{"allow":["GET"]}}],"collection":[{"href":"http:\/\/klubmamgdynia.pl\/index.php\/wp-json\/wp\/v2\/product"}],"about":[{"href":"http:\/\/klubmamgdynia.pl\/index.php\/wp-json\/wp\/v2\/types\/product"}],"replies":[{"embeddable":true,"href":"http:\/\/klubmamgdynia.pl\/index.php\/wp-json\/wp\/v2\/comments?post=1334"}],"wp:featuredmedia":[{"embeddable":true,"href":"http:\/\/klubmamgdynia.pl\/index.php\/wp-json\/wp\/v2\/media\/1335"}],"wp:attachment":[{"href":"http:\/\/klubmamgdynia.pl\/index.php\/wp-json\/wp\/v2\/media?parent=1334"}],"wp:term":[{"taxonomy":"product_cat","embeddable":true,"href":"http:\/\/klubmamgdynia.pl\/index.php\/wp-json\/wp\/v2\/product_cat?post=1334"},{"taxonomy":"product_tag","embeddable":true,"href":"http:\/\/klubmamgdynia.pl\/index.php\/wp-json\/wp\/v2\/product_tag?post=1334"}],"curies":[{"name":"wp","href":"https:\/\/api.w.org\/{rel}","templated":true}]}}