{"id":1344,"date":"2024-01-30T03:51:48","date_gmt":"2024-01-30T02:51:48","guid":{"rendered":"http:\/\/klubmamgdynia.pl\/?post_type=product&#038;p=1344"},"modified":"2026-04-29T07:05:17","modified_gmt":"2026-04-29T05:05:17","slug":"gra-planszowa-ravensburger-spieleverlag-robot-turtles-wersja-niemiecka","status":"publish","type":"product","link":"http:\/\/klubmamgdynia.pl\/index.php\/produkt\/gra-planszowa-ravensburger-spieleverlag-robot-turtles-wersja-niemiecka\/","title":{"rendered":"Gra planszowa Ravensburger Spieleverlag Robot Turtles (wersja niemiecka)"},"content":{"rendered":"<p>Mit &#8222;Robot Turtles&#8221; lernen Vorschulkinder spielend und mit viel Spa\u00df die Grundlage des Programmierens. Es ist ruckzuck verstanden, schnell gespielt und bietet zahllose Lernm\u00f6glichkeiten. Die Kinder geben dabei den Erwachsenen die &#8222;Befehle&#8221;. \u00dcber Richtungskarten m\u00fcssen die Kinder den Erwachsenen mitteilen, wie die eigene Schildkr\u00f6te bewegt werden soll. Es geht nicht um den Wettstreit, sondern darum, Spa\u00df zu haben UND &#8211; pst, nicht den Kindern sagen! &#8211; zu lernen.Spieleanleitung in DE, EN, ES, FR, IT, NL, PT.<\/p>\n<h2>Gra planszowa Ravensburger Spieleverlag Robot Turtles (wersja niemiecka) <\/h2>\n<p>zagadki dla starszych dzieci, dzie\u0144 dziecka dla nastolatk\u00f3w, pi\u0119kne kr\u00f3tkie wiersze, kuku\u0142eczka kuka tekst, zabawa dla 7 latka, wr\u00f3\u017cby andrzejkowe online dla dzieci, s\u0142owa do przyjaciela, ekskluzywny prezent na roczek, zagadki dla przedszkolak\u00f3w<\/p>\n<p>yyyyy<\/p>\n<p>&nbsp;<\/p>\n","protected":false},"excerpt":{"rendered":"<p>Mit &#8222;Robot Turtles&#8221; lernen Vorschulkinder spielend und mit viel Spa\u00df die Grundlage des Programmierens. Es ist ruckzuck verstanden, schnell gespielt und bietet zahllose Lernm\u00f6glichkeiten. Die Kinder geben dabei den Erwachsenen die &#8222;Befehle&#8221;. \u00dcber Richtungskarten m\u00fcssen die Kinder den Erwachsenen mitteilen, wie die eigene Schildkr\u00f6te bewegt werden soll. Es geht nicht um den Wettstreit, sondern darum, [&hellip;]<\/p>\n","protected":false},"featured_media":1345,"comment_status":"closed","ping_status":"open","template":"","meta":[],"product_cat":[235],"product_tag":[795,643,695,771,592],"class_list":["post-1344","product","type-product","status-publish","has-post-thumbnail","hentry","product_cat-gry-planszowe","product_tag-mini-zoo-warszawa","product_tag-prezent-dla-17-latki","product_tag-rzadkie-imiona-zenskie","product_tag-stolice-europy-quiz","product_tag-zagadki-dla-dzieci"],"_links":{"self":[{"href":"http:\/\/klubmamgdynia.pl\/index.php\/wp-json\/wp\/v2\/product\/1344","targetHints":{"allow":["GET"]}}],"collection":[{"href":"http:\/\/klubmamgdynia.pl\/index.php\/wp-json\/wp\/v2\/product"}],"about":[{"href":"http:\/\/klubmamgdynia.pl\/index.php\/wp-json\/wp\/v2\/types\/product"}],"replies":[{"embeddable":true,"href":"http:\/\/klubmamgdynia.pl\/index.php\/wp-json\/wp\/v2\/comments?post=1344"}],"wp:featuredmedia":[{"embeddable":true,"href":"http:\/\/klubmamgdynia.pl\/index.php\/wp-json\/wp\/v2\/media\/1345"}],"wp:attachment":[{"href":"http:\/\/klubmamgdynia.pl\/index.php\/wp-json\/wp\/v2\/media?parent=1344"}],"wp:term":[{"taxonomy":"product_cat","embeddable":true,"href":"http:\/\/klubmamgdynia.pl\/index.php\/wp-json\/wp\/v2\/product_cat?post=1344"},{"taxonomy":"product_tag","embeddable":true,"href":"http:\/\/klubmamgdynia.pl\/index.php\/wp-json\/wp\/v2\/product_tag?post=1344"}],"curies":[{"name":"wp","href":"https:\/\/api.w.org\/{rel}","templated":true}]}}