{"id":1352,"date":"2014-10-05T16:58:39","date_gmt":"2014-10-05T14:58:39","guid":{"rendered":"http:\/\/klubmamgdynia.pl\/index.php\/produkt\/gra-planszowa-portal-games-skytopia\/"},"modified":"2026-04-05T22:19:14","modified_gmt":"2026-04-05T20:19:14","slug":"gra-planszowa-portal-games-skytopia","status":"publish","type":"product","link":"http:\/\/klubmamgdynia.pl\/index.php\/produkt\/gra-planszowa-portal-games-skytopia\/","title":{"rendered":"Gra planszowa Portal Games Skytopia"},"content":{"rendered":"<p>Skytopia to strategiczna gra planszowa Ivana Lashina, autora kultowego ju\u017c Smartphona Inc. Tym razem, zamiast zajmowa\u0107 si\u0119 produkcj\u0105 telefon\u00f3w kom\u00f3rkowych, przeniesiecie si\u0119 do fantastycznego \u015bwiata Skytopii, gdzie raz na sto lat podniebne miasta rywalizuj\u0105 ze sob\u0105 o zaszczytne miano Stolicy Przestworzy. Ka\u017cdy z was stanie na czele jednej z czterech metropolii, wykorzystuj\u0105c pot\u0119\u017cnych Golem\u00f3w do budowy majestatycznych Wie\u017c. Skytopia \u0142\u0105czy w sobie proste zasady rozgrywki z ciekawym wykorzystaniem dice placement. Symbolizuj\u0105ce Golemy ko\u015bci b\u0119dziecie umieszcza\u0107 na kartach Wie\u017c, rywalizuj\u0105c w wy\u015bcigu o ich jak najszybsze zbudowanie i aktywacj\u0119. Umieszczanie kolejnych fragment\u00f3w Wie\u017c na waszych planszach Miasta b\u0119dzie rozbudowywa\u0107 silniczek akcji, dzi\u0119ki czemu wasze dzia\u0142ania z ka\u017cd\u0105 tur\u0105 b\u0119d\u0105 coraz pot\u0119\u017cniejsze! Cosmodrome Games, wydawnictwo znane z takich tytu\u0142\u00f3w jak Aquatica czy Smartphone Inc., po raz kolejny zadba\u0142o o fenomenalne wykonanie graficzne swojej gry!Atuty:Po\u0142\u0105czenie prostych zasad i dynamicznej rozgrywki z dice placement;Wspaniale wykonane komponenty plansz, kart i chronometru prosto od wydawnictwa Cosmodrome Games (Aquatica);Najnowszy projekt Ivana Lashina, autora kultowego Smartphona Inc.;<\/p>\n<h2>Gra planszowa Portal Games Skytopia Portal Games<\/h2>\n<p>gda\u0144sk atrakcje dla m\u0142odzie\u017cy, prezent dla ch\u0142opca na roczek, alan imie, pokemony do druku, listy do \u015bwi\u0119tego miko\u0142aja, kuba imi\u0119, halloween warszawa 2021 dzieci, kwiaty polne nazwy i zdj\u0119cia<\/p>\n<p>yyyyy<\/p>\n<p>&nbsp;<\/p>\n","protected":false},"excerpt":{"rendered":"<p>Skytopia to strategiczna gra planszowa Ivana Lashina, autora kultowego ju\u017c Smartphona Inc. Tym razem, zamiast zajmowa\u0107 si\u0119 produkcj\u0105 telefon\u00f3w kom\u00f3rkowych, przeniesiecie si\u0119 do fantastycznego \u015bwiata Skytopii, gdzie raz na sto lat podniebne miasta rywalizuj\u0105 ze sob\u0105 o zaszczytne miano Stolicy Przestworzy. Ka\u017cdy z was stanie na czele jednej z czterech metropolii, wykorzystuj\u0105c pot\u0119\u017cnych Golem\u00f3w do [&hellip;]<\/p>\n","protected":false},"featured_media":1353,"comment_status":"closed","ping_status":"open","template":"","meta":[],"product_cat":[235,391],"product_tag":[648,617,657,694],"class_list":["post-1352","product","type-product","status-publish","has-post-thumbnail","hentry","product_cat-gry-planszowe","product_cat-portal-games","product_tag-dobrej-nocy-i-sza","product_tag-keyword","product_tag-lol-kolorowanka","product_tag-zagadki-swiateczne-dla-dzieci"],"_links":{"self":[{"href":"http:\/\/klubmamgdynia.pl\/index.php\/wp-json\/wp\/v2\/product\/1352","targetHints":{"allow":["GET"]}}],"collection":[{"href":"http:\/\/klubmamgdynia.pl\/index.php\/wp-json\/wp\/v2\/product"}],"about":[{"href":"http:\/\/klubmamgdynia.pl\/index.php\/wp-json\/wp\/v2\/types\/product"}],"replies":[{"embeddable":true,"href":"http:\/\/klubmamgdynia.pl\/index.php\/wp-json\/wp\/v2\/comments?post=1352"}],"wp:featuredmedia":[{"embeddable":true,"href":"http:\/\/klubmamgdynia.pl\/index.php\/wp-json\/wp\/v2\/media\/1353"}],"wp:attachment":[{"href":"http:\/\/klubmamgdynia.pl\/index.php\/wp-json\/wp\/v2\/media?parent=1352"}],"wp:term":[{"taxonomy":"product_cat","embeddable":true,"href":"http:\/\/klubmamgdynia.pl\/index.php\/wp-json\/wp\/v2\/product_cat?post=1352"},{"taxonomy":"product_tag","embeddable":true,"href":"http:\/\/klubmamgdynia.pl\/index.php\/wp-json\/wp\/v2\/product_tag?post=1352"}],"curies":[{"name":"wp","href":"https:\/\/api.w.org\/{rel}","templated":true}]}}