{"id":1368,"date":"2013-03-06T04:19:34","date_gmt":"2013-03-06T03:19:34","guid":{"rendered":"http:\/\/klubmamgdynia.pl\/index.php\/produkt\/slaycation-paradise-gra-ps5\/"},"modified":"2026-04-08T13:18:01","modified_gmt":"2026-04-08T11:18:01","slug":"slaycation-paradise-gra-ps5","status":"publish","type":"product","link":"http:\/\/klubmamgdynia.pl\/index.php\/produkt\/slaycation-paradise-gra-ps5\/","title":{"rendered":"Slaycation Paradise (Gra PS5)"},"content":{"rendered":"<p>Po\u0142o\u017cony g\u0142\u0119boko w sercu galaktyki, nasz najnowocze\u015bniejszy obiekt w Slaycation Paradise oferuje ekskluzywny dost\u0119p do rekreacyjnych zaj\u0119\u0107 dla wszystkich podr\u00f3\u017cnik\u00f3w, kt\u00f3rzy chc\u0105 uciec od codziennej har\u00f3wki<\/p>\n<h2>Slaycation Paradise (Gra PS5) Merge Games<\/h2>\n<p>quiz opowie\u015bci z narnii lew czarownica i stara szafa, przysz\u0142a zima bia\u0142a, zagadki matematyczne na logik\u0119, maska wilka szablon, babcia z dziadkiem to jest to tekst, milena, zaproszenie na urodziny do druku, basen dla dzieci warszawa, miriam imi\u0119, trudne zagadki i odpowiedzi, ja\u015bmina, sentencje o rodzinie, prank na prima aprilis, quiz stolice europy, wierszyki na smigus dyngus, prezent dla dziewczynki 7 lat<\/p>\n<p>yyyyy<\/p>\n<p>&nbsp;<\/p>\n","protected":false},"excerpt":{"rendered":"<p>Po\u0142o\u017cony g\u0142\u0119boko w sercu galaktyki, nasz najnowocze\u015bniejszy obiekt w Slaycation Paradise oferuje ekskluzywny dost\u0119p do rekreacyjnych zaj\u0119\u0107 dla wszystkich podr\u00f3\u017cnik\u00f3w, kt\u00f3rzy chc\u0105 uciec od codziennej har\u00f3wki Slaycation Paradise (Gra PS5) Merge Games quiz opowie\u015bci z narnii lew czarownica i stara szafa, przysz\u0142a zima bia\u0142a, zagadki matematyczne na logik\u0119, maska wilka szablon, babcia z dziadkiem to [&hellip;]<\/p>\n","protected":false},"featured_media":1369,"comment_status":"closed","ping_status":"open","template":"","meta":[],"product_cat":[217,394],"product_tag":[669,816,684,703],"class_list":["post-1368","product","type-product","status-publish","has-post-thumbnail","hentry","product_cat-gry-playstation-5","product_cat-merge-games","product_tag-kolorowanki","product_tag-place-zabaw-warszawa","product_tag-prezent-dla-dziewczynki-na-roczek","product_tag-prezent-dla-nastolatki"],"_links":{"self":[{"href":"http:\/\/klubmamgdynia.pl\/index.php\/wp-json\/wp\/v2\/product\/1368","targetHints":{"allow":["GET"]}}],"collection":[{"href":"http:\/\/klubmamgdynia.pl\/index.php\/wp-json\/wp\/v2\/product"}],"about":[{"href":"http:\/\/klubmamgdynia.pl\/index.php\/wp-json\/wp\/v2\/types\/product"}],"replies":[{"embeddable":true,"href":"http:\/\/klubmamgdynia.pl\/index.php\/wp-json\/wp\/v2\/comments?post=1368"}],"wp:featuredmedia":[{"embeddable":true,"href":"http:\/\/klubmamgdynia.pl\/index.php\/wp-json\/wp\/v2\/media\/1369"}],"wp:attachment":[{"href":"http:\/\/klubmamgdynia.pl\/index.php\/wp-json\/wp\/v2\/media?parent=1368"}],"wp:term":[{"taxonomy":"product_cat","embeddable":true,"href":"http:\/\/klubmamgdynia.pl\/index.php\/wp-json\/wp\/v2\/product_cat?post=1368"},{"taxonomy":"product_tag","embeddable":true,"href":"http:\/\/klubmamgdynia.pl\/index.php\/wp-json\/wp\/v2\/product_tag?post=1368"}],"curies":[{"name":"wp","href":"https:\/\/api.w.org\/{rel}","templated":true}]}}