{"id":1370,"date":"2014-07-07T03:06:24","date_gmt":"2014-07-07T01:06:24","guid":{"rendered":"http:\/\/klubmamgdynia.pl\/index.php\/produkt\/mercurio-zerpientez-wersja-hiszpanska\/"},"modified":"2026-05-17T22:05:20","modified_gmt":"2026-05-17T20:05:20","slug":"mercurio-zerpientez-wersja-hiszpanska","status":"publish","type":"product","link":"http:\/\/klubmamgdynia.pl\/index.php\/produkt\/mercurio-zerpientez-wersja-hiszpanska\/","title":{"rendered":"Mercurio Zerpientez (wersja hiszpa\u0144ska)"},"content":{"rendered":"<p>Dzieci zas\u0142uguj\u0105 na to co najlepsze, dlatego przedstawiamy Ci Gra Zr\u0119czno\u015bciowa Mercurio Zerpientez 26 Cz\u0119\u015bci, idealny dla tych, kt\u00f3rzy szukaj\u0105 produkt\u00f3w wysokiej jako\u015bci dla dzieci! Zdob\u0105d\u017a Mercurio w najlepszych cenach!Zalecany Wiek: + 3 latJ\u0119zyk: ESPrzewodnik z Instrukcjami: ESBaterie w zestawie: NieZasilana bateriami: NieLiczba sztuk: 26 Cz\u0119\u015bci<\/p>\n<h2>Mercurio Zerpientez (wersja hiszpa\u0144ska) <\/h2>\n<p>prezenty dla nastolatk\u00f3w, opowie\u015bci z narni lew czarownica i stara szafa test, cytat dla mamy, kolorowanki, kolorowanki super zings, motto dla nauczyciela, wystawy dla dzieci warszawa, pomys\u0142y na prezent dla nastolatki, karyna<\/p>\n<p>yyyyy<\/p>\n<p>&nbsp;<\/p>\n","protected":false},"excerpt":{"rendered":"<p>Dzieci zas\u0142uguj\u0105 na to co najlepsze, dlatego przedstawiamy Ci Gra Zr\u0119czno\u015bciowa Mercurio Zerpientez 26 Cz\u0119\u015bci, idealny dla tych, kt\u00f3rzy szukaj\u0105 produkt\u00f3w wysokiej jako\u015bci dla dzieci! Zdob\u0105d\u017a Mercurio w najlepszych cenach!Zalecany Wiek: + 3 latJ\u0119zyk: ESPrzewodnik z Instrukcjami: ESBaterie w zestawie: NieZasilana bateriami: NieLiczba sztuk: 26 Cz\u0119\u015bci Mercurio Zerpientez (wersja hiszpa\u0144ska) prezenty dla nastolatk\u00f3w, opowie\u015bci z [&hellip;]<\/p>\n","protected":false},"featured_media":1371,"comment_status":"closed","ping_status":"open","template":"","meta":[],"product_cat":[130],"product_tag":[863,727,595,710,633],"class_list":["post-1370","product","type-product","status-publish","has-post-thumbnail","hentry","product_cat-gry-dzieciece","product_tag-bajki-dla-dziewczynek","product_tag-godlo-polski-do-druku","product_tag-zagadki-dla-6-latka","product_tag-zagadki-dla-dzieci-10-12-lat","product_tag-zagadki-z-odpowiedziami"],"_links":{"self":[{"href":"http:\/\/klubmamgdynia.pl\/index.php\/wp-json\/wp\/v2\/product\/1370","targetHints":{"allow":["GET"]}}],"collection":[{"href":"http:\/\/klubmamgdynia.pl\/index.php\/wp-json\/wp\/v2\/product"}],"about":[{"href":"http:\/\/klubmamgdynia.pl\/index.php\/wp-json\/wp\/v2\/types\/product"}],"replies":[{"embeddable":true,"href":"http:\/\/klubmamgdynia.pl\/index.php\/wp-json\/wp\/v2\/comments?post=1370"}],"wp:featuredmedia":[{"embeddable":true,"href":"http:\/\/klubmamgdynia.pl\/index.php\/wp-json\/wp\/v2\/media\/1371"}],"wp:attachment":[{"href":"http:\/\/klubmamgdynia.pl\/index.php\/wp-json\/wp\/v2\/media?parent=1370"}],"wp:term":[{"taxonomy":"product_cat","embeddable":true,"href":"http:\/\/klubmamgdynia.pl\/index.php\/wp-json\/wp\/v2\/product_cat?post=1370"},{"taxonomy":"product_tag","embeddable":true,"href":"http:\/\/klubmamgdynia.pl\/index.php\/wp-json\/wp\/v2\/product_tag?post=1370"}],"curies":[{"name":"wp","href":"https:\/\/api.w.org\/{rel}","templated":true}]}}