{"id":1408,"date":"2018-02-22T06:35:53","date_gmt":"2018-02-22T05:35:53","guid":{"rendered":"http:\/\/klubmamgdynia.pl\/index.php\/produkt\/the-elder-scrolls-online-elsweyr-xbox-one-key\/"},"modified":"2026-04-29T00:01:39","modified_gmt":"2026-04-28T22:01:39","slug":"the-elder-scrolls-online-elsweyr-xbox-one-key","status":"publish","type":"product","link":"http:\/\/klubmamgdynia.pl\/index.php\/produkt\/the-elder-scrolls-online-elsweyr-xbox-one-key\/","title":{"rendered":"The Elder Scrolls Online &#8211; Elsweyr (Xbox One Key)"},"content":{"rendered":"<p>Dragons return to Tamriel in The Elder Scrolls Online: Elsweyr, part of the Season of the Dragon year-long adventure! Explore the savannahs and canyons of Elsweyr, defend the home of the Khajiit from an ancient evil, and command the undead with the Necromancer class.VENTURE TO ELSWEYRExplore the Khajiit homeland; a land ravaged by warfare.DEFEND AGAINST DRAGONSScaled terror attacks from the skies! Seek new allies and weapons to take them down.A YEAR-LONG EPIC TALEESO reaches new storytelling heights with a war against Dragons told across a Chapter and three DLC game packs.WIELD THE POWER OF NECROMANCYMaster control over life and death with a character class that channels the undead.Includes access toThe Elder Scrolls Online Base Game, Morrowind Chapter, Summerset Chapter, andElsweyr Chapter.<\/p>\n<h2>The Elder Scrolls Online &#8211; Elsweyr (Xbox One Key) Xbox<\/h2>\n<p>zagadki dla dzieci logiczne, opowiadanie o miko\u0142aju dla przedszkolak\u00f3w, quizy znaki drogowe, farma dyni poznan, prezent dla dziewczynki 7 lat, cytat o rodzinie, kolorowanki, misie z film\u00f3w animowanych, zabawki dla rocznej dziewczynki, maski karnawa\u0142owe do druku, mini zoo warszawa, trudne zagadki na inteligencj\u0119, lol kolorowanki do druku, quiz o bo\u017cym narodzeniu, minecraft quiz, kajko i kokosz test z lektury, zagadki halloween dla dzieci<\/p>\n<p>yyyyy<\/p>\n<p>&nbsp;<\/p>\n","protected":false},"excerpt":{"rendered":"<p>Dragons return to Tamriel in The Elder Scrolls Online: Elsweyr, part of the Season of the Dragon year-long adventure! Explore the savannahs and canyons of Elsweyr, defend the home of the Khajiit from an ancient evil, and command the undead with the Necromancer class.VENTURE TO ELSWEYRExplore the Khajiit homeland; a land ravaged by warfare.DEFEND AGAINST [&hellip;]<\/p>\n","protected":false},"featured_media":1409,"comment_status":"closed","ping_status":"open","template":"","meta":[],"product_cat":[381,405],"product_tag":[754,755,826,799],"class_list":["post-1408","product","type-product","status-publish","has-post-thumbnail","hentry","product_cat-gry-do-pobrania-na-xbox-one","product_cat-xbox","product_tag-dyplomy-do-wydrukowania-a4","product_tag-henryk","product_tag-prezent-dla-15-latka","product_tag-zagadka-logiczna"],"_links":{"self":[{"href":"http:\/\/klubmamgdynia.pl\/index.php\/wp-json\/wp\/v2\/product\/1408","targetHints":{"allow":["GET"]}}],"collection":[{"href":"http:\/\/klubmamgdynia.pl\/index.php\/wp-json\/wp\/v2\/product"}],"about":[{"href":"http:\/\/klubmamgdynia.pl\/index.php\/wp-json\/wp\/v2\/types\/product"}],"replies":[{"embeddable":true,"href":"http:\/\/klubmamgdynia.pl\/index.php\/wp-json\/wp\/v2\/comments?post=1408"}],"wp:featuredmedia":[{"embeddable":true,"href":"http:\/\/klubmamgdynia.pl\/index.php\/wp-json\/wp\/v2\/media\/1409"}],"wp:attachment":[{"href":"http:\/\/klubmamgdynia.pl\/index.php\/wp-json\/wp\/v2\/media?parent=1408"}],"wp:term":[{"taxonomy":"product_cat","embeddable":true,"href":"http:\/\/klubmamgdynia.pl\/index.php\/wp-json\/wp\/v2\/product_cat?post=1408"},{"taxonomy":"product_tag","embeddable":true,"href":"http:\/\/klubmamgdynia.pl\/index.php\/wp-json\/wp\/v2\/product_tag?post=1408"}],"curies":[{"name":"wp","href":"https:\/\/api.w.org\/{rel}","templated":true}]}}