{"id":1434,"date":"2025-01-12T00:29:54","date_gmt":"2025-01-11T23:29:54","guid":{"rendered":"http:\/\/klubmamgdynia.pl\/?post_type=product&#038;p=1434"},"modified":"2026-04-03T23:03:12","modified_gmt":"2026-04-03T21:03:12","slug":"little-dutch-balansujaca-gaski","status":"publish","type":"product","link":"http:\/\/klubmamgdynia.pl\/index.php\/produkt\/little-dutch-balansujaca-gaski\/","title":{"rendered":"Little Dutch Balansuj\u0105ca G\u0105ski"},"content":{"rendered":"<p>Gra balansuj\u0105ce g\u0105skiGra balansuj\u0105ce g\u0105ski od Little Dutch z kolekcji Little Goose. Gra zr\u0119czno\u015bciowa oraz uk\u0142adanka, kt\u00f3ra uczy uwa\u017cnej obserwacji, ostro\u017cno\u015bci, koordynacji wzrokowo-ruchowej oraz sprytu. Gracz musi tak u\u0142o\u017cy\u0107 element, aby nie spad\u0142 on z balansuj\u0105cej podstawy. Fantastyczna gra dla ca\u0142ej rodziny.Produkty Little Dutch cechuje spokojna, pastelowa kolorystyka.Wiek: rekomendowana od 3-go roku \u017cyciaWymiary: 16 x 16,5 x 2,5 cmMateria\u0142: sosnowe drewno, MDF, bezpieczna farba na bazie wodyWykonane z drewna z certyfikatem FSC\u00aeZgodno\u015b\u0107 z norm\u0105: EN-71-1-2-3<\/p>\n<h2>Little Dutch Balansuj\u0105ca G\u0105ski Little Dutch<\/h2>\n<p>zaproszenia urodzinowe do druku, eksperymenty dla dzieci wulkan, zagadki halloween dla dzieci, nietypowe atrakcje dla dzieci, zagadki logiczne, szablon krokus kolorowanka, zyczenia walentynkowe dla dzieci, laurka dla mamy rysunek, bursztynek bursztynek, quizy znaki drogowe, co oznacza jordan, karyna, t\u0119cza kolorowanka, trudne zagadki, wierszyki na \u015bmigus dyngus, atrakcje we wroc\u0142awiu dla dzieci<\/p>\n<p>yyyyy<\/p>\n<p>&nbsp;<\/p>\n","protected":false},"excerpt":{"rendered":"<p>Gra balansuj\u0105ce g\u0105skiGra balansuj\u0105ce g\u0105ski od Little Dutch z kolekcji Little Goose. Gra zr\u0119czno\u015bciowa oraz uk\u0142adanka, kt\u00f3ra uczy uwa\u017cnej obserwacji, ostro\u017cno\u015bci, koordynacji wzrokowo-ruchowej oraz sprytu. Gracz musi tak u\u0142o\u017cy\u0107 element, aby nie spad\u0142 on z balansuj\u0105cej podstawy. Fantastyczna gra dla ca\u0142ej rodziny.Produkty Little Dutch cechuje spokojna, pastelowa kolorystyka.Wiek: rekomendowana od 3-go roku \u017cyciaWymiary: 16 x [&hellip;]<\/p>\n","protected":false},"featured_media":1435,"comment_status":"closed","ping_status":"open","template":"","meta":[],"product_cat":[130,167],"product_tag":[769,708,800],"class_list":["post-1434","product","type-product","status-publish","has-post-thumbnail","hentry","product_cat-gry-dzieciece","product_cat-little-dutch","product_tag-psi-patrol-do-czytania","product_tag-zabawy-ruchowe-dla-dzieci","product_tag-zagadki-smieszne"],"_links":{"self":[{"href":"http:\/\/klubmamgdynia.pl\/index.php\/wp-json\/wp\/v2\/product\/1434","targetHints":{"allow":["GET"]}}],"collection":[{"href":"http:\/\/klubmamgdynia.pl\/index.php\/wp-json\/wp\/v2\/product"}],"about":[{"href":"http:\/\/klubmamgdynia.pl\/index.php\/wp-json\/wp\/v2\/types\/product"}],"replies":[{"embeddable":true,"href":"http:\/\/klubmamgdynia.pl\/index.php\/wp-json\/wp\/v2\/comments?post=1434"}],"wp:featuredmedia":[{"embeddable":true,"href":"http:\/\/klubmamgdynia.pl\/index.php\/wp-json\/wp\/v2\/media\/1435"}],"wp:attachment":[{"href":"http:\/\/klubmamgdynia.pl\/index.php\/wp-json\/wp\/v2\/media?parent=1434"}],"wp:term":[{"taxonomy":"product_cat","embeddable":true,"href":"http:\/\/klubmamgdynia.pl\/index.php\/wp-json\/wp\/v2\/product_cat?post=1434"},{"taxonomy":"product_tag","embeddable":true,"href":"http:\/\/klubmamgdynia.pl\/index.php\/wp-json\/wp\/v2\/product_tag?post=1434"}],"curies":[{"name":"wp","href":"https:\/\/api.w.org\/{rel}","templated":true}]}}