{"id":145,"date":"2015-11-09T11:42:51","date_gmt":"2015-11-09T10:42:51","guid":{"rendered":"http:\/\/klubmamgdynia.pl\/index.php\/produkt\/zobavi-zestaw-naczyn-kuchennych-lyzka-chochelka-patelnia-zabawka\/"},"modified":"2026-05-02T17:22:34","modified_gmt":"2026-05-02T15:22:34","slug":"zobavi-zestaw-naczyn-kuchennych-lyzka-chochelka-patelnia-zabawka","status":"publish","type":"product","link":"http:\/\/klubmamgdynia.pl\/index.php\/produkt\/zobavi-zestaw-naczyn-kuchennych-lyzka-chochelka-patelnia-zabawka\/","title":{"rendered":"Zobavi zestaw naczy\u0144 kuchennych \u0142y\u017cka chochelka patelnia &#8211; Zabawka"},"content":{"rendered":"<p>Zestaw garnk\u00f3w bia\u0142y NF5800A-710-elementowy zestaw kuchenny, odzwierciedlaj\u0105cy prawdziwe naczynia. Super zabawa dla ka\u017cdego m\u0142odego kucharza. Zabawka jest przeznaczona dla dzieci powy\u017cej 3 roku \u017cycia i posiada certyfikat CE.Zawarto\u015b\u0107 zestawu:patelnia kwadratowa ok. 21 cm x 13 cm,patelnia okr\u0105g\u0142a ok. 19 cm x 13 cm,garnek kwadratowy z pokryw\u0105 ok. 12 cm x 6 cm,garnek okr\u0105g\u0142y z pokrywk\u0105 ok. 13 cm x 5 cm,\u015bciereczka ok. 12 cm x 12 cm,chochelka ok. 17 cm wysoko\u015bci,\u0142opatka ok. 17 cm wysoko\u015bci,\u0142y\u017cka ok. 17 cm wysoko\u015bci.Wymiary opakowania ok. 37 cm x 21 cm x 10 cm.<\/p>\n<h2>Zobavi zestaw naczy\u0144 kuchennych \u0142y\u017cka chochelka patelnia &#8211; Zabawka Ramiz<\/h2>\n<p>trudne zagadki logiczne z odpowiedziami, aneta, anastazja imi\u0119, sta\u0142a pod \u015bniegiem, pytania wielkanocne, dzieci.pl, mandala kolorowanka, kolorowanka wakacje, matylda znaczenie imienia, nauka zegara zegar do druku, kolorowanki \u015bwi\u0119to niepodleg\u0142o\u015bci do druku, li\u015bcie jesienne szablon<\/p>\n<p>yyyyy<\/p>\n<p>&nbsp;<\/p>\n","protected":false},"excerpt":{"rendered":"<p>Zestaw garnk\u00f3w bia\u0142y NF5800A-710-elementowy zestaw kuchenny, odzwierciedlaj\u0105cy prawdziwe naczynia. Super zabawa dla ka\u017cdego m\u0142odego kucharza. Zabawka jest przeznaczona dla dzieci powy\u017cej 3 roku \u017cycia i posiada certyfikat CE.Zawarto\u015b\u0107 zestawu:patelnia kwadratowa ok. 21 cm x 13 cm,patelnia okr\u0105g\u0142a ok. 19 cm x 13 cm,garnek kwadratowy z pokryw\u0105 ok. 12 cm x 6 cm,garnek okr\u0105g\u0142y z pokrywk\u0105 [&hellip;]<\/p>\n","protected":false},"featured_media":146,"comment_status":"closed","ping_status":"open","template":"","meta":[],"product_cat":[53,36],"product_tag":[827,650,730,674,787,693],"class_list":["post-145","product","type-product","status-publish","has-post-thumbnail","hentry","product_cat-kaciki-zabaw","product_cat-ramiz","product_tag-bajki-dla-niemowlat","product_tag-choinka-z-bibuly","product_tag-karyna","product_tag-miasto-dzieci","product_tag-nauka-pisania-wyrazow-dla-dzieci-do-druku-pdf","product_tag-zagadki-dla-doroslych"],"_links":{"self":[{"href":"http:\/\/klubmamgdynia.pl\/index.php\/wp-json\/wp\/v2\/product\/145","targetHints":{"allow":["GET"]}}],"collection":[{"href":"http:\/\/klubmamgdynia.pl\/index.php\/wp-json\/wp\/v2\/product"}],"about":[{"href":"http:\/\/klubmamgdynia.pl\/index.php\/wp-json\/wp\/v2\/types\/product"}],"replies":[{"embeddable":true,"href":"http:\/\/klubmamgdynia.pl\/index.php\/wp-json\/wp\/v2\/comments?post=145"}],"wp:featuredmedia":[{"embeddable":true,"href":"http:\/\/klubmamgdynia.pl\/index.php\/wp-json\/wp\/v2\/media\/146"}],"wp:attachment":[{"href":"http:\/\/klubmamgdynia.pl\/index.php\/wp-json\/wp\/v2\/media?parent=145"}],"wp:term":[{"taxonomy":"product_cat","embeddable":true,"href":"http:\/\/klubmamgdynia.pl\/index.php\/wp-json\/wp\/v2\/product_cat?post=145"},{"taxonomy":"product_tag","embeddable":true,"href":"http:\/\/klubmamgdynia.pl\/index.php\/wp-json\/wp\/v2\/product_tag?post=145"}],"curies":[{"name":"wp","href":"https:\/\/api.w.org\/{rel}","templated":true}]}}