{"id":1452,"date":"2011-07-30T02:43:29","date_gmt":"2011-07-30T00:43:29","guid":{"rendered":"http:\/\/klubmamgdynia.pl\/index.php\/produkt\/nobokids-waga-szalkowa-malpka-nauka-liczenia\/"},"modified":"2026-04-28T14:09:49","modified_gmt":"2026-04-28T12:09:49","slug":"nobokids-waga-szalkowa-malpka-nauka-liczenia","status":"publish","type":"product","link":"http:\/\/klubmamgdynia.pl\/index.php\/produkt\/nobokids-waga-szalkowa-malpka-nauka-liczenia\/","title":{"rendered":"NoboKids Waga Szalkowa Ma\u0142pka Nauka Liczenia"},"content":{"rendered":"<p>Ma\u0142pka z r\u00f3wnowa\u017cni\u0105 zach\u0119ci do poznawania \u015bwiata, liczb i dzia\u0142a\u0144 matematycznych, ka\u017cdego malucha. R\u00f3wnowa\u017cnia sprawi, \u017ce nauka matematyki stanie si\u0119 prawdziw\u0105 przyjemno\u015bci\u0105, a maluch zapragnie pog\u0142\u0119bia\u0107 swoj\u0105 wiedz\u0119 o \u015bwiecie. Doskonale pobudza wyobra\u017ani\u0119, zach\u0119ca do kreatywnego i nieszablonowego my\u015blenia, a tak\u017ce wspaniale rozwija zdolno\u015bci manualne u najm\u0142odszych.Zawarto\u015b\u0107 zestawu:waga szalkowa z ma\u0142pk\u010510 cyferek od 1-1030 dwustronnych kart do gry19 figurek ma\u0142pek3 poziomy trudno\u015bci kart do gry:1 poziom &#8211; zielone karty &#8211; rozpoznawanie liczb2 poziom &#8211; fioletowe karty &#8211; liczenie3 poziom &#8211; niebieskie karty &#8211; dodawanieCechy produktu:Odpowiedni wiek: 5 lat+Ilo\u015b\u0107 graczy: 1-4Czas gry: 15 minWymiary wagi: 33 (szer.) x 10 (g\u0142.) x 16,5 (wys.)Wymiary opakowania: 26,5 (szer.) x 7,5 (g\u0142.) x 26,5 (wys.) cmJak gra\u0107:Wybierz poziom trudno\u015bci gry i przetasuj odpowiednie karty. Ustaw pomi\u0119dzy graczami r\u00f3wnowa\u017cni\u0119. Gr\u0119 rozpoczyna najm\u0142odszy gracz.Poziom pierwszy:Gracz wybiera kart\u0119 ze stosu. Na karcie znajduj\u0119 si\u0119 liczba oraz odpowiadaj\u0105ca jej ilo\u015b\u0107 ma\u0142pek.Gracz musi wybra\u0107 odpowiedni\u0105 cyfr\u0119 i umie\u015bci\u0107 j\u0105 po jednej stronie szali. Nast\u0119pnie po drugiej stronie umie\u015bci\u0107 odpowiedni\u0105 liczb\u0105 ma\u0142pek.Gr\u0119 wygrywa ten gracz, kt\u00f3ry jako pierwszy zbierze pi\u0119\u0107 kart.Poziom drugi: Gracz wybiera kart\u0119 ze stosu. Na karcie znajduj\u0105 si\u0119 r\u00f3\u017cne ilo\u015b\u0107 ma\u0142pek. Nale\u017cy je policzy\u0107 i odpowiedni\u0105 ilo\u015b\u0107 ma\u0142pek u\u0142o\u017cy\u0107 po jednej stronie szali.Nast\u0119pnie nale\u017cy wybra\u0107 odpowiedni\u0105 cyfr\u0119, okre\u015blaj\u0105c\u0105 ilo\u015b\u0107 ma\u0142pek na poprzedniej karcie. Odpowiedni\u0105 cyfr\u0119 z ilo\u015bci\u0105 ma\u0142pek u\u0142o\u017cy\u0107 po drugiej stronie szali.Gr\u0119 wygrywa ten gracz, kt\u00f3ry jako pierwszy zbierze pi\u0119\u0107 kart.Poziom trzeci:Gracz wybiera kart\u0119 ze stosu. Na karcie znajduj\u0119 si\u0119 dowolne r\u00f3wnania.Na karcie mo\u017ce by\u0107 r\u00f3wnanie w postaci: liczba + liczba, liczba + ma\u0142pka lub ma\u0142pka + ma\u0142pkaPo jednej stronie szali nale\u017cy umie\u015bci\u0107 r\u00f3wnanie z karty (np. r\u00f3wnanie 2 + 3, umieszczamy cyfry 2 i 3; je\u015bli r\u00f3wnanie to 2 + 3 ma\u0142pki, umieszczamy cyfr\u0119 2 i 3 ma\u0142pki)Nast\u0119pnie nale\u017cy wykona\u0107 r\u00f3wnanie i po drugiej stronie umie\u015bci\u0107 jego wynik (je\u015bli wynik r\u00f3wnania to 5, po drugiej stronie r\u00f3wnania umieszczamy liczb\u0119 5 lub 5 ma\u0142pek)Gr\u0119 wygrywa ten gracz, kt\u00f3ry jako pierwszy zbierze pi\u0119\u0107 kart.nr kat. CH-198510Informacja od producenta: Nie nadaje si\u0119 dla dzieci w wieku poni\u017cej 36 miesi\u0119cy. Zawiera ma\u0142e cz\u0119\u015bci, kt\u00f3re \u0142atwo po\u0142kn\u0105\u0107 lub kt\u00f3re mog\u0105 si\u0119 dosta\u0107 do dr\u00f3g oddechowych. Niebezpiecze\u0144stwo uduszenia.<\/p>\n<h2>NoboKids Waga Szalkowa Ma\u0142pka Nauka Liczenia Nobo Kids<\/h2>\n<p>prezent dla 14 letniej dziewczyny, ach \u015bpij kochanie tekst, spiderman do druku, choinko pi\u0119kna jak las tekst, imi\u0119 nela, prezenty dla m\u0142odzie\u017cy, wierszyki na \u015bmigusa dyngusa, znaczenie imienia paula, pola imi\u0119, natalia, ry\u017c z owocami, babcia z dziadkiem to jest to tekst, kubu\u015b puchatek cytaty, kolorowanki na andrzejki do wydruku, rado\u015b\u0107 dziecka cytaty, jak narysowa\u0107 cz\u0142owieka, rodzina cytaty, z\u0142ote my\u015bli kr\u00f3tkie, kolorowanka do wydruku<\/p>\n<p>yyyyy<\/p>\n<p>&nbsp;<\/p>\n","protected":false},"excerpt":{"rendered":"<p>Ma\u0142pka z r\u00f3wnowa\u017cni\u0105 zach\u0119ci do poznawania \u015bwiata, liczb i dzia\u0142a\u0144 matematycznych, ka\u017cdego malucha. R\u00f3wnowa\u017cnia sprawi, \u017ce nauka matematyki stanie si\u0119 prawdziw\u0105 przyjemno\u015bci\u0105, a maluch zapragnie pog\u0142\u0119bia\u0107 swoj\u0105 wiedz\u0119 o \u015bwiecie. Doskonale pobudza wyobra\u017ani\u0119, zach\u0119ca do kreatywnego i nieszablonowego my\u015blenia, a tak\u017ce wspaniale rozwija zdolno\u015bci manualne u najm\u0142odszych.Zawarto\u015b\u0107 zestawu:waga szalkowa z ma\u0142pk\u010510 cyferek od 1-1030 dwustronnych [&hellip;]<\/p>\n","protected":false},"featured_media":1453,"comment_status":"closed","ping_status":"open","template":"","meta":[],"product_cat":[130,91],"product_tag":[825,685,638,814,746],"class_list":["post-1452","product","type-product","status-publish","has-post-thumbnail","hentry","product_cat-gry-dzieciece","product_cat-nobo-kids","product_tag-bajka-na-dobranoc-do-czytania","product_tag-cytaty-o-rodzinie","product_tag-miastodzieci","product_tag-prezenty-dla-nastolatek","product_tag-zagadki-typu-co-to-jest"],"_links":{"self":[{"href":"http:\/\/klubmamgdynia.pl\/index.php\/wp-json\/wp\/v2\/product\/1452","targetHints":{"allow":["GET"]}}],"collection":[{"href":"http:\/\/klubmamgdynia.pl\/index.php\/wp-json\/wp\/v2\/product"}],"about":[{"href":"http:\/\/klubmamgdynia.pl\/index.php\/wp-json\/wp\/v2\/types\/product"}],"replies":[{"embeddable":true,"href":"http:\/\/klubmamgdynia.pl\/index.php\/wp-json\/wp\/v2\/comments?post=1452"}],"wp:featuredmedia":[{"embeddable":true,"href":"http:\/\/klubmamgdynia.pl\/index.php\/wp-json\/wp\/v2\/media\/1453"}],"wp:attachment":[{"href":"http:\/\/klubmamgdynia.pl\/index.php\/wp-json\/wp\/v2\/media?parent=1452"}],"wp:term":[{"taxonomy":"product_cat","embeddable":true,"href":"http:\/\/klubmamgdynia.pl\/index.php\/wp-json\/wp\/v2\/product_cat?post=1452"},{"taxonomy":"product_tag","embeddable":true,"href":"http:\/\/klubmamgdynia.pl\/index.php\/wp-json\/wp\/v2\/product_tag?post=1452"}],"curies":[{"name":"wp","href":"https:\/\/api.w.org\/{rel}","templated":true}]}}