{"id":1474,"date":"2017-04-19T08:16:25","date_gmt":"2017-04-19T06:16:25","guid":{"rendered":"http:\/\/klubmamgdynia.pl\/index.php\/produkt\/canpol-babies-bidon-niekapek-z-rurka-silikonowa-350ml-butterfly-56-515_pin\/"},"modified":"2026-04-04T14:58:38","modified_gmt":"2026-04-04T12:58:38","slug":"canpol-babies-bidon-niekapek-z-rurka-silikonowa-350ml-butterfly-56-515_pin","status":"publish","type":"product","link":"http:\/\/klubmamgdynia.pl\/index.php\/produkt\/canpol-babies-bidon-niekapek-z-rurka-silikonowa-350ml-butterfly-56-515_pin\/","title":{"rendered":"CANPOL BABIES BIDON NIEKAPEK Z RURK\u0104 SILIKONOW\u0104 350ML BUTTERFLY (56\/515_PIN)"},"content":{"rendered":"<p>Canpol Bidon niekapek Butterfly 350mlKubek jest bajecznie kolorowy i niezwykle praktyczny. Wyposa\u017cony w ustnik niekapek zapobiegaj\u0105cy niechcianemu rozlewaniu p\u0142ynu. Ustnik jest mi\u0119kki, silikonowy, a przez to nie podra\u017cnia delikatnych dzi\u0105se\u0142 i z\u0105bk\u00f3w dziecka, do tego zako\u0144czony rurk\u0105 u\u0142atwiaj\u0105c\u0105 wygodne picie. Posiada r\u00f3wnie\u017c przykrywk\u0119 chroni\u0105c\u0105 ustnik przed zabrudzeniem i wygodny uchwyt pozwalaj\u0105cy przymocowa\u0107 bidon do paska. Posiada zatem wszystko, co dobry bidon mie\u0107 powinien. Dzi\u0119ki temu jest idealnym towarzyszem zabaw, spacer\u00f3w i dalszych podr\u00f3\u017cy.Mo\u017cliwo\u015b\u0107 dokupienia wymiennej rurki 56\/005Bidon zosta\u0142 wykonany z mi\u0119kkiego, bezpiecznego, odpornego na uszkodzenia tworzywa.Nie zawiera bisfenolu A.Do u\u017cytku w zmywarceDo u\u017cytku w mikrofaliWiek: 12m+<\/p>\n<h2>CANPOL BABIES BIDON NIEKAPEK Z RURK\u0104 SILIKONOW\u0104 350ML BUTTERFLY (56\/515_PIN) Canpol babies<\/h2>\n<p>ch\u0142opcy z placu broni &#8211; test z odpowiedziami, wystawy dla dzieci warszawa, dobranoc pch\u0142y na noc, imie gaja, jesienne zagadki, kornelia, uk\u0142ad s\u0142oneczny dla dzieci, bajka krecik, test magiczne drzewo czerwone krzes\u0142o, zagadki o zwierz\u0119tach wiejskich, j\u0119zyk polski dla dzieci z ukrainy, prezent dla nastolatek, korczak cytaty, agroturystyka dla dzieci ze zwierz\u0119tami, kinderbal przepisy, \u015bmieszne zagadki dla dzieci<\/p>\n<p>yyyyy<\/p>\n<p>&nbsp;<\/p>\n","protected":false},"excerpt":{"rendered":"<p>Canpol Bidon niekapek Butterfly 350mlKubek jest bajecznie kolorowy i niezwykle praktyczny. Wyposa\u017cony w ustnik niekapek zapobiegaj\u0105cy niechcianemu rozlewaniu p\u0142ynu. Ustnik jest mi\u0119kki, silikonowy, a przez to nie podra\u017cnia delikatnych dzi\u0105se\u0142 i z\u0105bk\u00f3w dziecka, do tego zako\u0144czony rurk\u0105 u\u0142atwiaj\u0105c\u0105 wygodne picie. Posiada r\u00f3wnie\u017c przykrywk\u0119 chroni\u0105c\u0105 ustnik przed zabrudzeniem i wygodny uchwyt pozwalaj\u0105cy przymocowa\u0107 bidon do paska. [&hellip;]<\/p>\n","protected":false},"featured_media":1475,"comment_status":"closed","ping_status":"open","template":"","meta":[],"product_cat":[68,215],"product_tag":[871,719,855,721,820],"class_list":["post-1474","product","type-product","status-publish","has-post-thumbnail","hentry","product_cat-canpol-babies","product_cat-naczynia-i-sztucce-dla-dzieci","product_tag-bajka-o-smoku-wawelskim","product_tag-dziecko-cytaty-zlote-mysli","product_tag-nietypowe-imiona-zenskie","product_tag-zagadki-matematyczne","product_tag-ziemia-wyspa-zielona-tekst"],"_links":{"self":[{"href":"http:\/\/klubmamgdynia.pl\/index.php\/wp-json\/wp\/v2\/product\/1474","targetHints":{"allow":["GET"]}}],"collection":[{"href":"http:\/\/klubmamgdynia.pl\/index.php\/wp-json\/wp\/v2\/product"}],"about":[{"href":"http:\/\/klubmamgdynia.pl\/index.php\/wp-json\/wp\/v2\/types\/product"}],"replies":[{"embeddable":true,"href":"http:\/\/klubmamgdynia.pl\/index.php\/wp-json\/wp\/v2\/comments?post=1474"}],"wp:featuredmedia":[{"embeddable":true,"href":"http:\/\/klubmamgdynia.pl\/index.php\/wp-json\/wp\/v2\/media\/1475"}],"wp:attachment":[{"href":"http:\/\/klubmamgdynia.pl\/index.php\/wp-json\/wp\/v2\/media?parent=1474"}],"wp:term":[{"taxonomy":"product_cat","embeddable":true,"href":"http:\/\/klubmamgdynia.pl\/index.php\/wp-json\/wp\/v2\/product_cat?post=1474"},{"taxonomy":"product_tag","embeddable":true,"href":"http:\/\/klubmamgdynia.pl\/index.php\/wp-json\/wp\/v2\/product_tag?post=1474"}],"curies":[{"name":"wp","href":"https:\/\/api.w.org\/{rel}","templated":true}]}}