{"id":1478,"date":"2010-10-24T05:09:39","date_gmt":"2010-10-24T03:09:39","guid":{"rendered":"http:\/\/klubmamgdynia.pl\/index.php\/produkt\/marioinex-klocki-mini-waffle-konstruktor-expert-501el\/"},"modified":"2026-04-05T20:33:00","modified_gmt":"2026-04-05T18:33:00","slug":"marioinex-klocki-mini-waffle-konstruktor-expert-501el","status":"publish","type":"product","link":"http:\/\/klubmamgdynia.pl\/index.php\/produkt\/marioinex-klocki-mini-waffle-konstruktor-expert-501el\/","title":{"rendered":"Marioinex Klocki Mini Waffle Konstruktor Expert 501El."},"content":{"rendered":"<p>KLOCKI KONSTRUKCYJNE MINI WAFLE &#8211; 501 ELEMENT\u00d3W Zestaw Mini Waffle Konstruktor Expert 501 sztuk posiada zupe\u0142nie nowe elementy, kt\u00f3re sprawi\u0105, \u017ce klocki nabior\u0105 \u015bwie\u017cego, technicznego charakteru. Mini Waffle to nowatorski, mi\u0119kki, przypominaj\u0105cy w dotyku gum\u0119 materia\u0142 o znanym nam kszta\u0142cie. Pomniejszony rozmiar daje znacznie wi\u0119ksz\u0105 mobilno\u015b\u0107 oraz ca\u0142kiem nowe mo\u017cliwo\u015bci. Dzi\u0119ki nowej technologii produkcji, kt\u00f3r\u0105 zastosowano klocki s\u0105 elastyczne, daj\u0105 si\u0119 wygina\u0107 oraz s\u0105 bezpieczne w zabawie. Dzieci mog\u0105 tworzy\u0107 nowe budowle o znacznie mniejszym formacie ni\u017c dotychczasowe klocki Wafle, dzi\u0119ki temu nasze pociechy nie musz\u0105 si\u0119 martwi\u0107 o zagospodarowanie wi\u0119kszej przestrzeni. MiniWafle w bardzo \u0142atwy spos\u00f3b mo\u017cna ze sob\u0105 \u0142\u0105czy\u0107 i budowa\u0107 niesamowite konstrukcj\u0119. Wszystko zale\u017cy od wyobra\u017ani Malucha. ZAWARTO\u015a\u0106 ZESTAWU: &#8211; 501 element\u00f3w &#8211; Ksi\u0105\u017ceczka z pomys\u0142ami &#8211; Worek na klocki Wymiar przyk\u0142adowego klocka ok.: 3,5 x 3,5 x 0,5 cm Wymiary opakowania ok.: 25,5 x 20 x 17,5 cm Sugerowany wiek: 3 lata+ UWAGA! W opakowaniu znajduj\u0119 si\u0119 mix kolor\u00f3w klock\u00f3w. OSTRZE\u017bENIE! Zabawka nieodpowiednia dla dzieci poni\u017cej 36 miesi\u0119cy. Zawiera ma\u0142e elementy, \u0142atwe do po\u0142kni\u0119cia. Ten produkt spe\u0142nia europejskie standardy. Usu\u0144 elementy opakowania przed podaniem zabawki dziecku. Zachowaj etykiet\u0119, poniewa\u017c zawiera wa\u017cne informacje. Kolorystyka element\u00f3w mo\u017ce r\u00f3\u017cni\u0107 si\u0119 od prezentowanych na opakowaniu.<\/p>\n<h2>Marioinex Klocki Mini Waffle Konstruktor Expert 501El. Marioinex<\/h2>\n<p>filmy animowane o \u015bwi\u0119tach, jedzie poci\u0105g z daleka tekst, zaj\u0105czek z jajka ugotowanego, mia imie, litera r do druku, zabawki na roczek, carmen imi\u0119, zima z\u0142a tekst, impreza halloween 2021 dla dzieci, jeremi<\/p>\n<p>yyyyy<\/p>\n<p>&nbsp;<\/p>\n","protected":false},"excerpt":{"rendered":"<p>KLOCKI KONSTRUKCYJNE MINI WAFLE &#8211; 501 ELEMENT\u00d3W Zestaw Mini Waffle Konstruktor Expert 501 sztuk posiada zupe\u0142nie nowe elementy, kt\u00f3re sprawi\u0105, \u017ce klocki nabior\u0105 \u015bwie\u017cego, technicznego charakteru. Mini Waffle to nowatorski, mi\u0119kki, przypominaj\u0105cy w dotyku gum\u0119 materia\u0142 o znanym nam kszta\u0142cie. Pomniejszony rozmiar daje znacznie wi\u0119ksz\u0105 mobilno\u015b\u0107 oraz ca\u0142kiem nowe mo\u017cliwo\u015bci. Dzi\u0119ki nowej technologii produkcji, kt\u00f3r\u0105 [&hellip;]<\/p>\n","protected":false},"featured_media":1479,"comment_status":"closed","ping_status":"open","template":"","meta":[],"product_cat":[113,328],"product_tag":[750,614,633,701],"class_list":["post-1478","product","type-product","status-publish","has-post-thumbnail","hentry","product_cat-klocki","product_cat-marioinex","product_tag-imie-kostek","product_tag-pia","product_tag-zagadki-z-odpowiedziami","product_tag-zgadywanki-dla-dzieci"],"_links":{"self":[{"href":"http:\/\/klubmamgdynia.pl\/index.php\/wp-json\/wp\/v2\/product\/1478","targetHints":{"allow":["GET"]}}],"collection":[{"href":"http:\/\/klubmamgdynia.pl\/index.php\/wp-json\/wp\/v2\/product"}],"about":[{"href":"http:\/\/klubmamgdynia.pl\/index.php\/wp-json\/wp\/v2\/types\/product"}],"replies":[{"embeddable":true,"href":"http:\/\/klubmamgdynia.pl\/index.php\/wp-json\/wp\/v2\/comments?post=1478"}],"wp:featuredmedia":[{"embeddable":true,"href":"http:\/\/klubmamgdynia.pl\/index.php\/wp-json\/wp\/v2\/media\/1479"}],"wp:attachment":[{"href":"http:\/\/klubmamgdynia.pl\/index.php\/wp-json\/wp\/v2\/media?parent=1478"}],"wp:term":[{"taxonomy":"product_cat","embeddable":true,"href":"http:\/\/klubmamgdynia.pl\/index.php\/wp-json\/wp\/v2\/product_cat?post=1478"},{"taxonomy":"product_tag","embeddable":true,"href":"http:\/\/klubmamgdynia.pl\/index.php\/wp-json\/wp\/v2\/product_tag?post=1478"}],"curies":[{"name":"wp","href":"https:\/\/api.w.org\/{rel}","templated":true}]}}