{"id":1492,"date":"2025-10-05T14:12:24","date_gmt":"2025-10-05T12:12:24","guid":{"rendered":"http:\/\/klubmamgdynia.pl\/?post_type=product&#038;p=1492"},"modified":"2026-04-23T15:59:58","modified_gmt":"2026-04-23T13:59:58","slug":"final-fantasy-xiii-classic-gra-xbox-360","status":"publish","type":"product","link":"http:\/\/klubmamgdynia.pl\/index.php\/produkt\/final-fantasy-xiii-classic-gra-xbox-360\/","title":{"rendered":"Final Fantasy XIII Classic (Gra Xbox 360)"},"content":{"rendered":"<p>XBOX360<\/p>\n<h2>Final Fantasy XIII Classic (Gra Xbox 360) Square Enix<\/h2>\n<p>znaki drogowe test online, kuchcikowo przepisy dla dzieci, ciekawe miejsca w warszawie dla m\u0142odzie\u017cy, ma\u0142y ksi\u0105\u017c\u0119 &#8211; test z odpowiedziami, atrakcje dla dzieci tr\u00f3jmiasto, \u0142amig\u0142\u00f3wki logiczne, dobranoc zimowo, zagadki na logiczne my\u015blenie, znaki drogowe do druku, szablon krokus kolorowanka, znaczenie imiona justyna, ma\u0142y ksi\u0105\u017ce test, kr\u00f3tkie bajki do czytania na dobranoc<\/p>\n<p>yyyyy<\/p>\n<p>&nbsp;<\/p>\n","protected":false},"excerpt":{"rendered":"<p>XBOX360 Final Fantasy XIII Classic (Gra Xbox 360) Square Enix znaki drogowe test online, kuchcikowo przepisy dla dzieci, ciekawe miejsca w warszawie dla m\u0142odzie\u017cy, ma\u0142y ksi\u0105\u017c\u0119 &#8211; test z odpowiedziami, atrakcje dla dzieci tr\u00f3jmiasto, \u0142amig\u0142\u00f3wki logiczne, dobranoc zimowo, zagadki na logiczne my\u015blenie, znaki drogowe do druku, szablon krokus kolorowanka, znaczenie imiona justyna, ma\u0142y ksi\u0105\u017ce test, [&hellip;]<\/p>\n","protected":false},"featured_media":1493,"comment_status":"closed","ping_status":"open","template":"","meta":[],"product_cat":[403,355],"product_tag":[839,696,621,606,791],"class_list":["post-1492","product","type-product","status-publish","has-post-thumbnail","hentry","product_cat-gry-xbox-360","product_cat-square-enix","product_tag-bajki-na-dobranoc-do-czytania","product_tag-film-rodzinny-o-swietach","product_tag-prezenty-roczek","product_tag-stala-pod-sniegiem","product_tag-zagadki-na-myslenie"],"_links":{"self":[{"href":"http:\/\/klubmamgdynia.pl\/index.php\/wp-json\/wp\/v2\/product\/1492","targetHints":{"allow":["GET"]}}],"collection":[{"href":"http:\/\/klubmamgdynia.pl\/index.php\/wp-json\/wp\/v2\/product"}],"about":[{"href":"http:\/\/klubmamgdynia.pl\/index.php\/wp-json\/wp\/v2\/types\/product"}],"replies":[{"embeddable":true,"href":"http:\/\/klubmamgdynia.pl\/index.php\/wp-json\/wp\/v2\/comments?post=1492"}],"wp:featuredmedia":[{"embeddable":true,"href":"http:\/\/klubmamgdynia.pl\/index.php\/wp-json\/wp\/v2\/media\/1493"}],"wp:attachment":[{"href":"http:\/\/klubmamgdynia.pl\/index.php\/wp-json\/wp\/v2\/media?parent=1492"}],"wp:term":[{"taxonomy":"product_cat","embeddable":true,"href":"http:\/\/klubmamgdynia.pl\/index.php\/wp-json\/wp\/v2\/product_cat?post=1492"},{"taxonomy":"product_tag","embeddable":true,"href":"http:\/\/klubmamgdynia.pl\/index.php\/wp-json\/wp\/v2\/product_tag?post=1492"}],"curies":[{"name":"wp","href":"https:\/\/api.w.org\/{rel}","templated":true}]}}