{"id":1502,"date":"2025-08-08T05:24:52","date_gmt":"2025-08-08T03:24:52","guid":{"rendered":"http:\/\/klubmamgdynia.pl\/?post_type=product&#038;p=1502"},"modified":"2026-04-04T19:53:52","modified_gmt":"2026-04-04T17:53:52","slug":"xcom-2-gra-xbox-one","status":"publish","type":"product","link":"http:\/\/klubmamgdynia.pl\/index.php\/produkt\/xcom-2-gra-xbox-one\/","title":{"rendered":"XCOM 2 (Gra Xbox One)"},"content":{"rendered":"<p>XCOM 2 przenosi graczy 20 lat w przysz\u0142o\u015b\u0107, w kt\u00f3rej ludzko\u015b\u0107 przegra\u0142a wojn\u0119 z obcymi, kt\u00f3rzy ustanowili nowy porz\u0105dek \u015bwiata. Tajna organizacja paramilitarna, znana jako XCOM, zosta\u0142a zapomniana, a teraz musi uderzy\u0107 ponownie, by odzyska\u0107 kontrol\u0119 nad Ziemi\u0105 i uwolni\u0107 ludzi spod jarzma kosmit\u00f3w.W XCOM 2 role si\u0119 odwr\u00f3ci\u0142y i to XCOM sta\u0142 si\u0119 naje\u017ad\u017ac\u0105. Borykaj\u0105 si\u0119 z problemem \u015bci\u015ble ograniczonych surowc\u00f3w i przez ca\u0142y czas musz\u0105 unika\u0107 zagro\u017cenia ze strony kosmit\u00f3w, dzi\u0119ki swojej nowej mobilnej bazie. Gracze b\u0119d\u0105 musieli po\u0142\u0105czy\u0107 si\u0142\u0119 ognia i skryte dzia\u0142ania, by pom\u00f3c XCOM rekrutowa\u0107 \u017co\u0142nierzy i tworzy\u0107 siatk\u0119 ruchu oporu, staraj\u0105c si\u0119 r\u00f3wnocze\u015bnie ujawni\u0107 z\u0142e zamiary kosmit\u00f3w i uratowa\u0107 ludzko\u015b\u0107. XCOM 2 wprowadzi nowe rozwi\u0105zania w rozgrywce, takie jak generowane poziomy, dzi\u0119ki czemu ka\u017cda rozgrywka b\u0119dzie unikalnym do\u015bwiadczeniem dla gracza, a tak\u017ce du\u017co g\u0142\u0119bsze wsparcie dla mod\u00f3w. Co wi\u0119cej, XCOM 2 zaoferuje jeszcze wi\u0119kszy wachlarz zawarto\u015bci, w tym pi\u0119\u0107 uaktualnionych klas \u017co\u0142nierzy, wi\u0119cej mo\u017cliwo\u015bci modyfikowania swoich jednostek, wi\u0119cej typ\u00f3w kosmit\u00f3w i wrog\u00f3w, ulepszona walka taktyczna i wiele innych.Kluczowe cechy gry:XCOM w odwrocie \u2013 Przejmij kontrol\u0119 nad Avengerem, statkiem dostawczym obcych, kt\u00f3ry zosta\u0142 przerobiony na mobiln\u0105 kwater\u0119 dow\u00f3dcz\u0105 XCOM. Przeprowadzaj ataki na ca\u0142ym \u015bwiecie, buduj poparcie i ujawnij z\u0142owieszczy plan kosmit\u00f3w.Rekrutuj \u017co\u0142nierzy ruchu oporu \u2013 Pi\u0119\u0107 klas \u017co\u0142nierzy, ka\u017cda ze swoim w\u0142asnym drzewkiem umiej\u0119tno\u015bci, w tym nowe umiej\u0119tno\u015bci klasowe, pozwoli ci na stworzenie armii idealnej do twojego planu.Taktyczna walka partyzancka \u2013 Nowy system rozgrywki pozwala na wi\u0119ksz\u0105 swobod\u0119 w walce. Stan \u015bwiata wp\u0142ywa na otoczenie, w kt\u00f3rym tocz\u0105 si\u0119 bitwy w trakcie ka\u017cdej z misji. Ukrywaj si\u0119, by przygotowa\u0107 zasadzk\u0119 na patrole wroga. Szabruj pokonanych przeciwnik\u00f3w, by zdoby\u0107 cenny sprz\u0119t i artefakty. Ratuj VIP\u00f3w i rannych towarzyszy broni, eskortuj\u0105c ich do punkt\u00f3w ewakuacyjnych.Nowy gatunek przeciwnika \u2013 Szeroki wachlarz wrog\u00f3w, poczynaj\u0105c od nowych pot\u0119\u017cnych gatunk\u00f3w obcych, a\u017c po ADVENT \u2013 egzekutor\u00f3w re\u017cimu kosmit\u00f3w, stanowi\u0107 b\u0119dzie prawdziwe wyzwanie.Odkrywaj, tw\u00f3rz i ulepszaj \u2013 Konfiguruj i buduj nowe pomieszczenia na pok\u0142adzie Avengera, by zapewni\u0107 XCOM nowe mo\u017cliwo\u015bci na polu bitwy. Wykorzystaj zdolno\u015bci swoich Naukowc\u00f3w i In\u017cynier\u00f3w, by odkrywa\u0107, tworzy\u0107 i ulepsza\u0107 bronie i pancerze, dzi\u0119ki czemu dostosujesz je do swojego stylu rozgrywki.Ka\u017cda misja to niepowtarzalne wyzwanie \u2013 Wyrusz na misje tocz\u0105ce si\u0119 w ka\u017cdym zak\u0105tku \u015bwiata, od dzikich teren\u00f3w, a\u017c po samo centrum gigantycznych miast obcych, w najdalsze rejony ich zabudowa\u0144. Istnieje niesko\u0144czona liczba kombinacji map, misji i zada\u0144.Tw\u00f3rz mody \u2013 Narz\u0119dzia stworzone z my\u015bl\u0105 o spo\u0142eczno\u015bci pozwol\u0105 ci stworzy\u0107 w\u0142asne kampanie, obcych, klasy i r\u00f3\u017cne elementy strategiczne, kt\u00f3rymi b\u0119dziesz m\u00f3g\u0142 podzieli\u0107 si\u0119 w Warsztacie Steam.Wkrocz do rozgrywek wieloosobowych \u2013 Mieszaj i tw\u00f3rz oddzia\u0142y obcych i ludzi, by walczy\u0107 na losowo generowanych mapach.<\/p>\n<h2>XCOM 2 (Gra Xbox One) Cenega<\/h2>\n<p>zosia samosia, mia i ja kolorowanka, rezolutna dziewczynka z wiersza tuwima, zagadki dla dzieci 7 lat, prezent dla 1 latka, pomys\u0142 na prezent dla nastolatk\u00f3w, urodziny dziecka pomys\u0142y, atrakcje do 30 km od wroc\u0142awia, misie z film\u00f3w animowanych, jak zrobi\u0107 wulkan, kolorowanki wakacyjne, kiekrz, roszpunka kolorowanka, dzie\u0144 misia 2021, rodzina cytaty, zaproszenie na urodziny dziecka tekst do druku, stare wiersze dla dzieci, ry\u017c z owocami, esmeralda, kolorowanki pieski, ma\u0142y ksi\u0105\u017c\u0119 cytaty o przyja\u017ani<\/p>\n<p>yyyyy<\/p>\n<p>&nbsp;<\/p>\n","protected":false},"excerpt":{"rendered":"<p>XCOM 2 przenosi graczy 20 lat w przysz\u0142o\u015b\u0107, w kt\u00f3rej ludzko\u015b\u0107 przegra\u0142a wojn\u0119 z obcymi, kt\u00f3rzy ustanowili nowy porz\u0105dek \u015bwiata. Tajna organizacja paramilitarna, znana jako XCOM, zosta\u0142a zapomniana, a teraz musi uderzy\u0107 ponownie, by odzyska\u0107 kontrol\u0119 nad Ziemi\u0105 i uwolni\u0107 ludzi spod jarzma kosmit\u00f3w.W XCOM 2 role si\u0119 odwr\u00f3ci\u0142y i to XCOM sta\u0142 si\u0119 naje\u017ad\u017ac\u0105. [&hellip;]<\/p>\n","protected":false},"featured_media":1503,"comment_status":"closed","ping_status":"open","template":"","meta":[],"product_cat":[218,421],"product_tag":[798,606,800,805],"class_list":["post-1502","product","type-product","status-publish","has-post-thumbnail","hentry","product_cat-cenega","product_cat-gry-xbox-one","product_tag-prezenty-dla-nastolatki","product_tag-stala-pod-sniegiem","product_tag-zagadki-smieszne","product_tag-znaczenie-imienia-alan"],"_links":{"self":[{"href":"http:\/\/klubmamgdynia.pl\/index.php\/wp-json\/wp\/v2\/product\/1502","targetHints":{"allow":["GET"]}}],"collection":[{"href":"http:\/\/klubmamgdynia.pl\/index.php\/wp-json\/wp\/v2\/product"}],"about":[{"href":"http:\/\/klubmamgdynia.pl\/index.php\/wp-json\/wp\/v2\/types\/product"}],"replies":[{"embeddable":true,"href":"http:\/\/klubmamgdynia.pl\/index.php\/wp-json\/wp\/v2\/comments?post=1502"}],"wp:featuredmedia":[{"embeddable":true,"href":"http:\/\/klubmamgdynia.pl\/index.php\/wp-json\/wp\/v2\/media\/1503"}],"wp:attachment":[{"href":"http:\/\/klubmamgdynia.pl\/index.php\/wp-json\/wp\/v2\/media?parent=1502"}],"wp:term":[{"taxonomy":"product_cat","embeddable":true,"href":"http:\/\/klubmamgdynia.pl\/index.php\/wp-json\/wp\/v2\/product_cat?post=1502"},{"taxonomy":"product_tag","embeddable":true,"href":"http:\/\/klubmamgdynia.pl\/index.php\/wp-json\/wp\/v2\/product_tag?post=1502"}],"curies":[{"name":"wp","href":"https:\/\/api.w.org\/{rel}","templated":true}]}}